CRAN Package Check Results for Package dagirlite

Last updated on 2022-06-27 17:51:55 CEST.

Flavor Version Tinstall Tcheck Ttotal Status Flags
r-devel-linux-x86_64-debian-clang 0.1.0 1.86 28.91 30.77 OK
r-devel-linux-x86_64-debian-gcc 0.1.0 1.96 23.15 25.11 OK
r-devel-linux-x86_64-fedora-clang 0.1.0 48.69 NOTE
r-devel-linux-x86_64-fedora-gcc 0.1.0 47.48 NOTE
r-devel-windows-x86_64 0.1.0 29.00 56.00 85.00 OK
r-patched-linux-x86_64 0.1.0 2.38 28.05 30.43 OK
r-release-linux-x86_64 0.1.0 2.31 28.13 30.44 OK
r-release-macos-arm64 0.1.0 16.00 NOTE
r-release-macos-x86_64 0.1.0 25.00 NOTE
r-release-windows-x86_64 0.1.0 26.00 54.00 80.00 OK
r-oldrel-macos-arm64 0.1.0 16.00 NOTE
r-oldrel-macos-x86_64 0.1.0 24.00 NOTE
r-oldrel-windows-ix86+x86_64 0.1.0 7.00 45.00 52.00 OK

Check Details

Version: 0.1.0
Check: dependencies in R code
Result: NOTE
    Namespace in Imports field not imported from: ‘knitr’
     All declared Imports should be used.
Flavors: r-devel-linux-x86_64-fedora-clang, r-devel-linux-x86_64-fedora-gcc, r-release-macos-arm64, r-release-macos-x86_64, r-oldrel-macos-arm64, r-oldrel-macos-x86_64

Version: 0.1.0
Check: data for non-ASCII characters
Result: NOTE
     Note: found 212 marked Latin-1 strings
     Note: found 12719 marked UTF-8 strings
Flavors: r-devel-linux-x86_64-fedora-clang, r-devel-linux-x86_64-fedora-gcc, r-release-macos-arm64, r-release-macos-x86_64, r-oldrel-macos-arm64, r-oldrel-macos-x86_64