CRAN Package Check Results for Package dagirlite

Last updated on 2022-11-29 08:56:23 CET.

Flavor Version Tinstall Tcheck Ttotal Status Flags
r-devel-linux-x86_64-debian-clang 0.1.0 2.32 30.15 32.47 OK
r-devel-linux-x86_64-debian-gcc 0.1.0 1.88 24.13 26.01 OK
r-devel-linux-x86_64-fedora-clang 0.1.0 51.09 NOTE
r-devel-windows-x86_64 0.1.0 21.00 66.00 87.00 OK
r-patched-linux-x86_64 0.1.0 2.64 28.73 31.37 OK
r-release-linux-x86_64 0.1.0 2.27 28.29 30.56 OK
r-release-macos-arm64 0.1.0 16.00 NOTE
r-release-macos-x86_64 0.1.0 25.00 NOTE
r-release-windows-x86_64 0.1.0 33.00 60.00 93.00 OK
r-oldrel-macos-arm64 0.1.0 16.00 NOTE
r-oldrel-macos-x86_64 0.1.0 24.00 NOTE
r-oldrel-windows-ix86+x86_64 0.1.0 7.00 55.00 62.00 OK

Check Details

Version: 0.1.0
Check: dependencies in R code
Result: NOTE
    Namespace in Imports field not imported from: ‘knitr’
     All declared Imports should be used.
Flavors: r-devel-linux-x86_64-fedora-clang, r-release-macos-arm64, r-release-macos-x86_64, r-oldrel-macos-arm64, r-oldrel-macos-x86_64

Version: 0.1.0
Check: data for non-ASCII characters
Result: NOTE
     Note: found 212 marked Latin-1 strings
     Note: found 12719 marked UTF-8 strings
Flavors: r-devel-linux-x86_64-fedora-clang, r-release-macos-arm64, r-release-macos-x86_64, r-oldrel-macos-arm64, r-oldrel-macos-x86_64