CRAN Package Check Results for Package dagitty

Last updated on 2019-11-21 06:47:52 CET.

Flavor Version Tinstall Tcheck Ttotal Status Flags
r-devel-linux-x86_64-debian-clang 0.2-2 6.62 59.70 66.32 OK
r-devel-linux-x86_64-debian-gcc 0.2-2 4.81 48.14 52.95 OK
r-devel-linux-x86_64-fedora-clang 0.2-2 51.83 ERROR
r-devel-linux-x86_64-fedora-gcc 0.2-2 51.78 ERROR
r-devel-windows-ix86+x86_64 0.2-2 16.00 78.00 94.00 OK
r-devel-windows-ix86+x86_64-gcc8 0.2-2 16.00 63.00 79.00 OK
r-patched-linux-x86_64 0.2-2 5.71 58.97 64.68 OK
r-patched-solaris-x86 0.2-2 76.80 OK
r-release-linux-x86_64 0.2-2 5.34 58.99 64.33 OK
r-release-windows-ix86+x86_64 0.2-2 17.00 90.00 107.00 OK
r-release-osx-x86_64 0.2-2 OK
r-oldrel-windows-ix86+x86_64 0.2-2 9.00 65.00 74.00 OK
r-oldrel-osx-x86_64 0.2-2 OK

Check Details

Version: 0.2-2
Check: examples
Result: ERROR
    Running examples in ‘dagitty-Ex.R’ failed
    The error most likely occurred in:
    
    > ### Name: AncestralRelations
    > ### Title: Ancestral Relations
    > ### Aliases: AncestralRelations adjacentNodes ancestors children
    > ### descendants markovBlanket neighbours parents spouses
    >
    > ### ** Examples
    >
    > g <- dagitty("graph{ a <-> x -> b ; c -- x <- d }")
    
    
    #
    # Fatal error in , line 0
    # Failed to create ICU collator, are ICU data files missing?
    #
    #
    #
    #FailureMessage Object: 0x7ffd97b5c1a0
    ==== C stack trace ===============================
    
     /lib64/libnode.so.64(v8::base::debug::StackTrace::StackTrace()+0x1a) [0x7f8cf8def45a]
     /lib64/libnode.so.64(+0x92e8b1) [0x7f8cf83778b1]
     /lib64/libnode.so.64(V8_Fatal(char const*, int, char const*, ...)+0x177) [0x7f8cf8deaf57]
     /lib64/libnode.so.64(v8::internal::Collator::InitializeCollator(v8::internal::Isolate*, v8::internal::Handle<v8::internal::JSObject>, v8::internal::Handle<v8::internal::String>, v8::internal::Handle<v8::internal::JSObject>, v8::internal::Handle<v8::internal::JSObject>)+0x473) [0x7f8cf8acc413]
     /lib64/libnode.so.64(v8::internal::Runtime_CreateCollator(int, v8::internal::Object**, v8::internal::Isolate*)+0x192) [0x7f8cf8bf14a2]
     [0x1f46f25c0d8]
    
     *** caught illegal operation ***
    address 0x7f8cf81b59a5, cause 'illegal operand'
    
    Traceback:
     1: context_eval(join(src), private$context)
     2: get_str_output(context_eval(join(src), private$context))
     3: ct$eval(paste("global.", name, "=", value))
     4: .jsassign(xv, .jsp("GraphParser.parseGuess(global.", xv, ").toString()"))
     5: doTryCatch(return(expr), name, parentenv, handler)
     6: tryCatchOne(expr, names, parentenv, handlers[[1L]])
     7: tryCatchList(expr, classes, parentenv, handlers)
     8: tryCatch({ .jsassign(xv, as.character(x)) .jsassign(xv, .jsp("GraphParser.parseGuess(global.", xv, ").toString()")) r <- structure(.jsget(xv), class = "dagitty")}, error = function(e) { stop(e)}, finally = { .deleteJSVar(xv)})
     9: dagitty("graph{ a <-> x -> b ; c -- x <- d }")
    An irrecoverable exception occurred. R is aborting now ...
Flavor: r-devel-linux-x86_64-fedora-clang

Version: 0.2-2
Check: tests
Result: ERROR
     Running ‘testthat.R’
    Running the tests in ‘tests/testthat.R’ failed.
    Complete output:
     > library(testthat)
     > library(dagitty)
     >
     > test_check("dagitty")
    
    
     #
     # Fatal error in , line 0
     # Failed to create ICU collator, are ICU data files missing?
     #
     #
     #
     #FailureMessage Object: 0x7ffe98c90440
     ==== C stack trace ===============================
    
     /lib64/libnode.so.64(v8::base::debug::StackTrace::StackTrace()+0x1a) [0x7fcf2da3245a]
     /lib64/libnode.so.64(+0x92e8b1) [0x7fcf2cfba8b1]
     /lib64/libnode.so.64(V8_Fatal(char const*, int, char const*, ...)+0x177) [0x7fcf2da2df57]
     /lib64/libnode.so.64(v8::internal::Collator::InitializeCollator(v8::internal::Isolate*, v8::internal::Handle<v8::internal::JSObject>, v8::internal::Handle<v8::internal::String>, v8::internal::Handle<v8::internal::JSObject>, v8::internal::Handle<v8::internal::JSObject>)+0x473) [0x7fcf2d70f413]
     /lib64/libnode.so.64(v8::internal::Runtime_CreateCollator(int, v8::internal::Object**, v8::internal::Isolate*)+0x192) [0x7fcf2d8344a2]
     [0x6cbf8bdc0d8]
    
     *** caught illegal operation ***
     address 0x7fcf2cdf89a5, cause 'illegal operand'
    
     Traceback:
     1: context_eval(join(src), private$context)
     2: get_str_output(context_eval(join(src), private$context))
     3: ct$eval(paste("global.", name, "=", value))
     4: .jsassign(xv, .jsp("GraphParser.parseGuess(global.", xv, ").toString()"))
     5: doTryCatch(return(expr), name, parentenv, handler)
     6: tryCatchOne(expr, names, parentenv, handlers[[1L]])
     7: tryCatchList(expr, classes, parentenv, handlers)
     8: tryCatch({ .jsassign(xv, as.character(x)) .jsassign(xv, .jsp("GraphParser.parseGuess(global.", xv, ").toString()")) r <- structure(.jsget(xv), class = "dagitty")}, error = function(e) { stop(e)}, finally = { .deleteJSVar(xv)})
     9: dagitty(x)
     10: as.dagitty.character(x)
     11: as.dagitty(x)
     12: backDoorGraph("pdag{ {i j} -> x -> {a -- b -- c -- a } a -> z b -> y x[e] y[o] }")
     13: is(value, "JS_EVAL")
     14: .jsassign(xv, as.character(x))
     15: .jsassigngraph(xv, x)
     16: tryCatchList(expr, classes, parentenv, handlers)
     17: tryCatch({ .jsassigngraph(xv, x) for (w in v) { .jsassign(vv, as.character(w)) .jsassign(vv, .jsp("global.", xv, ".getVertex(global.", vv, ")")) .jsassign(vv, .jsp("global.", xv, ".", type, "Of([global.", vv, "])")) r <- union(r, .jsget(paste0("_.pluck(global.", vv, ",'id')"))) }}, finally = { .deleteJSVar(xv) .deleteJSVar(vv)})
     18: .kins(x, v, "children")
     19: children(backDoorGraph("pdag{ {i j} -> x -> {a -- b -- c -- a } a -> z b -> y x[e] y[o] }"), "x")
     20: eval_bare(expr, quo_get_env(quo))
     21: quasi_label(enquo(object), label, arg = "object")
     22: expect_equal(length(children(backDoorGraph("pdag{ {i j} -> x -> {a -- b -- c -- a } a -> z b -> y x[e] y[o] }"), "x")), 0)
     23: eval(code, test_env)
     24: eval(code, test_env)
     25: withCallingHandlers({ eval(code, test_env) if (!handled && !is.null(test)) { skip_empty() }}, expectation = handle_expectation, skip = handle_skip, warning = handle_warning, message = handle_message, error = handle_error)
     26: doTryCatch(return(expr), name, parentenv, handler)
     27: tryCatchOne(expr, names, parentenv, handlers[[1L]])
     28: tryCatchList(expr, names[-nh], parentenv, handlers[-nh])
     29: doTryCatch(return(expr), name, parentenv, handler)
     30: tryCatchOne(tryCatchList(expr, names[-nh], parentenv, handlers[-nh]), names[nh], parentenv, handlers[[nh]])
     31: tryCatchList(expr, classes, parentenv, handlers)
     32: tryCatch(withCallingHandlers({ eval(code, test_env) if (!handled && !is.null(test)) { skip_empty() }}, expectation = handle_expectation, skip = handle_skip, warning = handle_warning, message = handle_message, error = handle_error), error = handle_fatal, skip = function(e) { })
     33: test_code(desc, code, env = parent.frame())
     34: test_that("CGs", { expect_equal(length(children(backDoorGraph("pdag{ {i j} -> x -> {a -- b -- c -- a } a -> z b -> y x[e] y[o] }"), "x")), 0)})
     35: eval(code, test_env)
     36: eval(code, test_env)
     37: withCallingHandlers({ eval(code, test_env) if (!handled && !is.null(test)) { skip_empty() }}, expectation = handle_expectation, skip = handle_skip, warning = handle_warning, message = handle_message, error = handle_error)
     38: doTryCatch(return(expr), name, parentenv, handler)
     39: tryCatchOne(expr, names, parentenv, handlers[[1L]])
     40: tryCatchList(expr, names[-nh], parentenv, handlers[-nh])
     41: doTryCatch(return(expr), name, parentenv, handler)
     42: tryCatchOne(tryCatchList(expr, names[-nh], parentenv, handlers[-nh]), names[nh], parentenv, handlers[[nh]])
     43: tryCatchList(expr, classes, parentenv, handlers)
     44: tryCatch(withCallingHandlers({ eval(code, test_env) if (!handled && !is.null(test)) { skip_empty() }}, expectation = handle_expectation, skip = handle_skip, warning = handle_warning, message = handle_message, error = handle_error), error = handle_fatal, skip = function(e) { })
     45: test_code(NULL, exprs, env)
     46: source_file(path, new.env(parent = env), chdir = TRUE, wrap = wrap)
     47: force(code)
     48: doWithOneRestart(return(expr), restart)
     49: withOneRestart(expr, restarts[[1L]])
     50: withRestarts(testthat_abort_reporter = function() NULL, force(code))
     51: with_reporter(reporter = reporter, start_end_reporter = start_end_reporter, { reporter$start_file(basename(path)) lister$start_file(basename(path)) source_file(path, new.env(parent = env), chdir = TRUE, wrap = wrap) reporter$.end_context() reporter$end_file() })
     52: FUN(X[[i]], ...)
     53: lapply(paths, test_file, env = env, reporter = current_reporter, start_end_reporter = FALSE, load_helpers = FALSE, wrap = wrap)
     54: force(code)
     55: doWithOneRestart(return(expr), restart)
     56: withOneRestart(expr, restarts[[1L]])
     57: withRestarts(testthat_abort_reporter = function() NULL, force(code))
     58: with_reporter(reporter = current_reporter, results <- lapply(paths, test_file, env = env, reporter = current_reporter, start_end_reporter = FALSE, load_helpers = FALSE, wrap = wrap))
     59: test_files(paths, reporter = reporter, env = env, stop_on_failure = stop_on_failure, stop_on_warning = stop_on_warning, wrap = wrap)
     60: test_dir(path = test_path, reporter = reporter, env = env, filter = filter, ..., stop_on_failure = stop_on_failure, stop_on_warning = stop_on_warning, wrap = wrap)
     61: test_package_dir(package = package, test_path = test_path, filter = filter, reporter = reporter, ..., stop_on_failure = stop_on_failure, stop_on_warning = stop_on_warning, wrap = wrap)
     62: test_check("dagitty")
     An irrecoverable exception occurred. R is aborting now ...
Flavor: r-devel-linux-x86_64-fedora-clang

Version: 0.2-2
Check: re-building of vignette outputs
Result: WARN
    Error(s) in re-building vignettes:
    --- re-building ‘dagitty4semusers.Rmd’ using rmarkdown
    
    
    #
    # Fatal error in , line 0
    # Failed to create ICU collator, are ICU data files missing?
    #
    #
    #
    #FailureMessage Object: 0x7ffdbc1531a0
    ==== C stack trace ===============================
    
     /lib64/libnode.so.64(v8::base::debug::StackTrace::StackTrace()+0x1a) [0x7f3c349d645a]
     /lib64/libnode.so.64(+0x92e8b1) [0x7f3c33f5e8b1]
     /lib64/libnode.so.64(V8_Fatal(char const*, int, char const*, ...)+0x177) [0x7f3c349d1f57]
     /lib64/libnode.so.64(v8::internal::Collator::InitializeCollator(v8::internal::Isolate*, v8::internal::Handle<v8::internal::JSObject>, v8::internal::Handle<v8::internal::String>, v8::internal::Handle<v8::internal::JSObject>, v8::internal::Handle<v8::internal::JSObject>)+0x473) [0x7f3c346b3413]
     /lib64/libnode.so.64(v8::internal::Runtime_CreateCollator(int, v8::internal::Object**, v8::internal::Isolate*)+0x192) [0x7f3c347d84a2]
     [0x313f9a7dc0d8]
    
     *** caught illegal operation ***
    address 0x7f3c33d9c9a5, cause 'illegal operand'
    
    Traceback:
     1: context_eval(join(src), private$context)
     2: get_str_output(context_eval(join(src), private$context))
     3: ct$eval(paste("global.", name, "=", value))
     4: .jsassign(xv, .jsp("GraphParser.parseGuess(global.", xv, ").toString()"))
     5: doTryCatch(return(expr), name, parentenv, handler)
     6: tryCatchOne(expr, names, parentenv, handlers[[1L]])
     7: tryCatchList(expr, classes, parentenv, handlers)
     8: tryCatch({ .jsassign(xv, as.character(x)) .jsassign(xv, .jsp("GraphParser.parseGuess(global.", xv, ").toString()")) r <- structure(.jsget(xv), class = "dagitty")}, error = function(e) { stop(e)}, finally = { .deleteJSVar(xv)})
     9: dagitty("dag {\n\tW1 -> Z1 -> X -> Y\n\tZ1 <- V -> Z2\n\tW2 -> Z2 -> Y\n\tX <-> W1 <-> W2 <-> Y\n}")
    10: eval(expr, envir, enclos)
    11: eval(expr, envir, enclos)
    12: withVisible(eval(expr, envir, enclos))
    13: withCallingHandlers(withVisible(eval(expr, envir, enclos)), warning = wHandler, error = eHandler, message = mHandler)
    14: handle(ev <- withCallingHandlers(withVisible(eval(expr, envir, enclos)), warning = wHandler, error = eHandler, message = mHandler))
    15: timing_fn(handle(ev <- withCallingHandlers(withVisible(eval(expr, envir, enclos)), warning = wHandler, error = eHandler, message = mHandler)))
    16: evaluate_call(expr, parsed$src[[i]], envir = envir, enclos = enclos, debug = debug, last = i == length(out), use_try = stop_on_error != 2L, keep_warning = keep_warning, keep_message = keep_message, output_handler = output_handler, include_timing = include_timing)
    17: evaluate::evaluate(...)
    18: evaluate(code, envir = env, new_device = FALSE, keep_warning = !isFALSE(options$warning), keep_message = !isFALSE(options$message), stop_on_error = if (options$error && options$include) 0L else 2L, output_handler = knit_handlers(options$render, options))
    19: in_dir(input_dir(), evaluate(code, envir = env, new_device = FALSE, keep_warning = !isFALSE(options$warning), keep_message = !isFALSE(options$message), stop_on_error = if (options$error && options$include) 0L else 2L, output_handler = knit_handlers(options$render, options)))
    20: block_exec(params)
    21: call_block(x)
    22: process_group.block(group)
    23: process_group(group)
    24: withCallingHandlers(if (tangle) process_tangle(group) else process_group(group), error = function(e) { setwd(wd) cat(res, sep = "\n", file = output %n% "") message("Quitting from lines ", paste(current_lines(i), collapse = "-"), " (", knit_concord$get("infile"), ") ") })
    25: process_file(text, output)
    26: knitr::knit(knit_input, knit_output, envir = envir, quiet = quiet, encoding = encoding)
    27: rmarkdown::render(file, encoding = encoding, quiet = quiet, envir = globalenv(), ...)
    28: vweave_rmarkdown(...)
    29: engine$weave(file, quiet = quiet, encoding = enc)
    30: doTryCatch(return(expr), name, parentenv, handler)
    31: tryCatchOne(expr, names, parentenv, handlers[[1L]])
    32: tryCatchList(expr, classes, parentenv, handlers)
    33: tryCatch({ engine$weave(file, quiet = quiet, encoding = enc) setwd(startdir) output <- find_vignette_product(name, by = "weave", engine = engine) if (!have.makefile && vignette_is_tex(output)) { texi2pdf(file = output, clean = FALSE, quiet = quiet) output <- find_vignette_product(name, by = "texi2pdf", engine = engine) } outputs <- c(outputs, output)}, error = function(e) { thisOK <<- FALSE fails <<- c(fails, file) message(gettextf("Error: processing vignette '%s' failed with diagnostics:\n%s", file, conditionMessage(e)))})
    34: tools:::buildVignettes(dir = "/data/gannet/ripley/R/packages/tests-clang/dagitty.Rcheck/vign_test/dagitty", ser_elibs = "/tmp/RtmpFhEgSX/file520d7aa05b.rds")
    An irrecoverable exception occurred. R is aborting now ...
Flavor: r-devel-linux-x86_64-fedora-clang

Version: 0.2-2
Check: examples
Result: ERROR
    Running examples in ‘dagitty-Ex.R’ failed
    The error most likely occurred in:
    
    > ### Name: AncestralRelations
    > ### Title: Ancestral Relations
    > ### Aliases: AncestralRelations adjacentNodes ancestors children
    > ### descendants markovBlanket neighbours parents spouses
    >
    > ### ** Examples
    >
    > g <- dagitty("graph{ a <-> x -> b ; c -- x <- d }")
    
    
    #
    # Fatal error in , line 0
    # Failed to create ICU collator, are ICU data files missing?
    #
    #
    #
    #FailureMessage Object: 0x7ffc4ff94e30
    ==== C stack trace ===============================
    
     /lib64/libnode.so.64(v8::base::debug::StackTrace::StackTrace()+0x1a) [0x7f9ee136345a]
     /lib64/libnode.so.64(+0x92e8b1) [0x7f9ee08eb8b1]
     /lib64/libnode.so.64(V8_Fatal(char const*, int, char const*, ...)+0x177) [0x7f9ee135ef57]
     /lib64/libnode.so.64(v8::internal::Collator::InitializeCollator(v8::internal::Isolate*, v8::internal::Handle<v8::internal::JSObject>, v8::internal::Handle<v8::internal::String>, v8::internal::Handle<v8::internal::JSObject>, v8::internal::Handle<v8::internal::JSObject>)+0x473) [0x7f9ee1040413]
     /lib64/libnode.so.64(v8::internal::Runtime_CreateCollator(int, v8::internal::Object**, v8::internal::Isolate*)+0x192) [0x7f9ee11654a2]
     [0xa44ab45c0d8]
    
     *** caught illegal operation ***
    address 0x7f9ee07299a5, cause 'illegal operand'
    
    Traceback:
     1: context_eval(join(src), private$context)
     2: get_str_output(context_eval(join(src), private$context))
     3: ct$eval(paste("global.", name, "=", value))
     4: .jsassign(xv, .jsp("GraphParser.parseGuess(global.", xv, ").toString()"))
     5: doTryCatch(return(expr), name, parentenv, handler)
     6: tryCatchOne(expr, names, parentenv, handlers[[1L]])
     7: tryCatchList(expr, classes, parentenv, handlers)
     8: tryCatch({ .jsassign(xv, as.character(x)) .jsassign(xv, .jsp("GraphParser.parseGuess(global.", xv, ").toString()")) r <- structure(.jsget(xv), class = "dagitty")}, error = function(e) { stop(e)}, finally = { .deleteJSVar(xv)})
     9: dagitty("graph{ a <-> x -> b ; c -- x <- d }")
    An irrecoverable exception occurred. R is aborting now ...
Flavor: r-devel-linux-x86_64-fedora-gcc

Version: 0.2-2
Check: tests
Result: ERROR
     Running ‘testthat.R’
    Running the tests in ‘tests/testthat.R’ failed.
    Complete output:
     > library(testthat)
     > library(dagitty)
     >
     > test_check("dagitty")
    
    
     #
     # Fatal error in , line 0
     # Failed to create ICU collator, are ICU data files missing?
     #
     #
     #
     #FailureMessage Object: 0x7ffe080cdcc0
     ==== C stack trace ===============================
    
     /lib64/libnode.so.64(v8::base::debug::StackTrace::StackTrace()+0x1a) [0x7f6642ad645a]
     /lib64/libnode.so.64(+0x92e8b1) [0x7f664205e8b1]
     /lib64/libnode.so.64(V8_Fatal(char const*, int, char const*, ...)+0x177) [0x7f6642ad1f57]
     /lib64/libnode.so.64(v8::internal::Collator::InitializeCollator(v8::internal::Isolate*, v8::internal::Handle<v8::internal::JSObject>, v8::internal::Handle<v8::internal::String>, v8::internal::Handle<v8::internal::JSObject>, v8::internal::Handle<v8::internal::JSObject>)+0x473) [0x7f66427b3413]
     /lib64/libnode.so.64(v8::internal::Runtime_CreateCollator(int, v8::internal::Object**, v8::internal::Isolate*)+0x192) [0x7f66428d84a2]
     [0x9c77c9dc0d8]
    
     *** caught illegal operation ***
     address 0x7f6641e9c9a5, cause 'illegal operand'
    
     Traceback:
     1: context_eval(join(src), private$context)
     2: get_str_output(context_eval(join(src), private$context))
     3: ct$eval(paste("global.", name, "=", value))
     4: .jsassign(xv, .jsp("GraphParser.parseGuess(global.", xv, ").toString()"))
     5: doTryCatch(return(expr), name, parentenv, handler)
     6: tryCatchOne(expr, names, parentenv, handlers[[1L]])
     7: tryCatchList(expr, classes, parentenv, handlers)
     8: tryCatch({ .jsassign(xv, as.character(x)) .jsassign(xv, .jsp("GraphParser.parseGuess(global.", xv, ").toString()")) r <- structure(.jsget(xv), class = "dagitty")}, error = function(e) { stop(e)}, finally = { .deleteJSVar(xv)})
     9: dagitty(x)
     10: as.dagitty.character(x)
     11: as.dagitty(x)
     12: backDoorGraph("pdag{ {i j} -> x -> {a -- b -- c -- a } a -> z b -> y x[e] y[o] }")
     13: is(value, "JS_EVAL")
     14: .jsassign(xv, as.character(x))
     15: .jsassigngraph(xv, x)
     16: tryCatchList(expr, classes, parentenv, handlers)
     17: tryCatch({ .jsassigngraph(xv, x) for (w in v) { .jsassign(vv, as.character(w)) .jsassign(vv, .jsp("global.", xv, ".getVertex(global.", vv, ")")) .jsassign(vv, .jsp("global.", xv, ".", type, "Of([global.", vv, "])")) r <- union(r, .jsget(paste0("_.pluck(global.", vv, ",'id')"))) }}, finally = { .deleteJSVar(xv) .deleteJSVar(vv)})
     18: .kins(x, v, "children")
     19: children(backDoorGraph("pdag{ {i j} -> x -> {a -- b -- c -- a } a -> z b -> y x[e] y[o] }"), "x")
     20: eval_bare(expr, quo_get_env(quo))
     21: quasi_label(enquo(object), label, arg = "object")
     22: expect_equal(length(children(backDoorGraph("pdag{ {i j} -> x -> {a -- b -- c -- a } a -> z b -> y x[e] y[o] }"), "x")), 0)
     23: eval(code, test_env)
     24: eval(code, test_env)
     25: withCallingHandlers({ eval(code, test_env) if (!handled && !is.null(test)) { skip_empty() }}, expectation = handle_expectation, skip = handle_skip, warning = handle_warning, message = handle_message, error = handle_error)
     26: doTryCatch(return(expr), name, parentenv, handler)
     27: tryCatchOne(expr, names, parentenv, handlers[[1L]])
     28: tryCatchList(expr, names[-nh], parentenv, handlers[-nh])
     29: doTryCatch(return(expr), name, parentenv, handler)
     30: tryCatchOne(tryCatchList(expr, names[-nh], parentenv, handlers[-nh]), names[nh], parentenv, handlers[[nh]])
     31: tryCatchList(expr, classes, parentenv, handlers)
     32: tryCatch(withCallingHandlers({ eval(code, test_env) if (!handled && !is.null(test)) { skip_empty() }}, expectation = handle_expectation, skip = handle_skip, warning = handle_warning, message = handle_message, error = handle_error), error = handle_fatal, skip = function(e) { })
     33: test_code(desc, code, env = parent.frame())
     34: test_that("CGs", { expect_equal(length(children(backDoorGraph("pdag{ {i j} -> x -> {a -- b -- c -- a } a -> z b -> y x[e] y[o] }"), "x")), 0)})
     35: eval(code, test_env)
     36: eval(code, test_env)
     37: withCallingHandlers({ eval(code, test_env) if (!handled && !is.null(test)) { skip_empty() }}, expectation = handle_expectation, skip = handle_skip, warning = handle_warning, message = handle_message, error = handle_error)
     38: doTryCatch(return(expr), name, parentenv, handler)
     39: tryCatchOne(expr, names, parentenv, handlers[[1L]])
     40: tryCatchList(expr, names[-nh], parentenv, handlers[-nh])
     41: doTryCatch(return(expr), name, parentenv, handler)
     42: tryCatchOne(tryCatchList(expr, names[-nh], parentenv, handlers[-nh]), names[nh], parentenv, handlers[[nh]])
     43: tryCatchList(expr, classes, parentenv, handlers)
     44: tryCatch(withCallingHandlers({ eval(code, test_env) if (!handled && !is.null(test)) { skip_empty() }}, expectation = handle_expectation, skip = handle_skip, warning = handle_warning, message = handle_message, error = handle_error), error = handle_fatal, skip = function(e) { })
     45: test_code(NULL, exprs, env)
     46: source_file(path, new.env(parent = env), chdir = TRUE, wrap = wrap)
     47: force(code)
     48: doWithOneRestart(return(expr), restart)
     49: withOneRestart(expr, restarts[[1L]])
     50: withRestarts(testthat_abort_reporter = function() NULL, force(code))
     51: with_reporter(reporter = reporter, start_end_reporter = start_end_reporter, { reporter$start_file(basename(path)) lister$start_file(basename(path)) source_file(path, new.env(parent = env), chdir = TRUE, wrap = wrap) reporter$.end_context() reporter$end_file() })
     52: FUN(X[[i]], ...)
     53: lapply(paths, test_file, env = env, reporter = current_reporter, start_end_reporter = FALSE, load_helpers = FALSE, wrap = wrap)
     54: force(code)
     55: doWithOneRestart(return(expr), restart)
     56: withOneRestart(expr, restarts[[1L]])
     57: withRestarts(testthat_abort_reporter = function() NULL, force(code))
     58: with_reporter(reporter = current_reporter, results <- lapply(paths, test_file, env = env, reporter = current_reporter, start_end_reporter = FALSE, load_helpers = FALSE, wrap = wrap))
     59: test_files(paths, reporter = reporter, env = env, stop_on_failure = stop_on_failure, stop_on_warning = stop_on_warning, wrap = wrap)
     60: test_dir(path = test_path, reporter = reporter, env = env, filter = filter, ..., stop_on_failure = stop_on_failure, stop_on_warning = stop_on_warning, wrap = wrap)
     61: test_package_dir(package = package, test_path = test_path, filter = filter, reporter = reporter, ..., stop_on_failure = stop_on_failure, stop_on_warning = stop_on_warning, wrap = wrap)
     62: test_check("dagitty")
     An irrecoverable exception occurred. R is aborting now ...
Flavor: r-devel-linux-x86_64-fedora-gcc

Version: 0.2-2
Check: re-building of vignette outputs
Result: WARN
    Error(s) in re-building vignettes:
    --- re-building ‘dagitty4semusers.Rmd’ using rmarkdown
    
    
    #
    # Fatal error in , line 0
    # Failed to create ICU collator, are ICU data files missing?
    #
    #
    #
    #FailureMessage Object: 0x7ffdb899b160
    ==== C stack trace ===============================
    
     /lib64/libnode.so.64(v8::base::debug::StackTrace::StackTrace()+0x1a) [0x7f28045b945a]
     /lib64/libnode.so.64(+0x92e8b1) [0x7f2803b418b1]
     /lib64/libnode.so.64(V8_Fatal(char const*, int, char const*, ...)+0x177) [0x7f28045b4f57]
     /lib64/libnode.so.64(v8::internal::Collator::InitializeCollator(v8::internal::Isolate*, v8::internal::Handle<v8::internal::JSObject>, v8::internal::Handle<v8::internal::String>, v8::internal::Handle<v8::internal::JSObject>, v8::internal::Handle<v8::internal::JSObject>)+0x473) [0x7f2804296413]
     /lib64/libnode.so.64(v8::internal::Runtime_CreateCollator(int, v8::internal::Object**, v8::internal::Isolate*)+0x192) [0x7f28043bb4a2]
     [0x1deb1a1dc0d8]
    
     *** caught illegal operation ***
    address 0x7f280397f9a5, cause 'illegal operand'
    
    Traceback:
     1: context_eval(join(src), private$context)
     2: get_str_output(context_eval(join(src), private$context))
     3: ct$eval(paste("global.", name, "=", value))
     4: .jsassign(xv, .jsp("GraphParser.parseGuess(global.", xv, ").toString()"))
     5: doTryCatch(return(expr), name, parentenv, handler)
     6: tryCatchOne(expr, names, parentenv, handlers[[1L]])
     7: tryCatchList(expr, classes, parentenv, handlers)
     8: tryCatch({ .jsassign(xv, as.character(x)) .jsassign(xv, .jsp("GraphParser.parseGuess(global.", xv, ").toString()")) r <- structure(.jsget(xv), class = "dagitty")}, error = function(e) { stop(e)}, finally = { .deleteJSVar(xv)})
     9: dagitty("dag {\n\tW1 -> Z1 -> X -> Y\n\tZ1 <- V -> Z2\n\tW2 -> Z2 -> Y\n\tX <-> W1 <-> W2 <-> Y\n}")
    10: eval(expr, envir, enclos)
    11: eval(expr, envir, enclos)
    12: withVisible(eval(expr, envir, enclos))
    13: withCallingHandlers(withVisible(eval(expr, envir, enclos)), warning = wHandler, error = eHandler, message = mHandler)
    14: handle(ev <- withCallingHandlers(withVisible(eval(expr, envir, enclos)), warning = wHandler, error = eHandler, message = mHandler))
    15: timing_fn(handle(ev <- withCallingHandlers(withVisible(eval(expr, envir, enclos)), warning = wHandler, error = eHandler, message = mHandler)))
    16: evaluate_call(expr, parsed$src[[i]], envir = envir, enclos = enclos, debug = debug, last = i == length(out), use_try = stop_on_error != 2L, keep_warning = keep_warning, keep_message = keep_message, output_handler = output_handler, include_timing = include_timing)
    17: evaluate::evaluate(...)
    18: evaluate(code, envir = env, new_device = FALSE, keep_warning = !isFALSE(options$warning), keep_message = !isFALSE(options$message), stop_on_error = if (options$error && options$include) 0L else 2L, output_handler = knit_handlers(options$render, options))
    19: in_dir(input_dir(), evaluate(code, envir = env, new_device = FALSE, keep_warning = !isFALSE(options$warning), keep_message = !isFALSE(options$message), stop_on_error = if (options$error && options$include) 0L else 2L, output_handler = knit_handlers(options$render, options)))
    20: block_exec(params)
    21: call_block(x)
    22: process_group.block(group)
    23: process_group(group)
    24: withCallingHandlers(if (tangle) process_tangle(group) else process_group(group), error = function(e) { setwd(wd) cat(res, sep = "\n", file = output %n% "") message("Quitting from lines ", paste(current_lines(i), collapse = "-"), " (", knit_concord$get("infile"), ") ") })
    25: process_file(text, output)
    26: knitr::knit(knit_input, knit_output, envir = envir, quiet = quiet, encoding = encoding)
    27: rmarkdown::render(file, encoding = encoding, quiet = quiet, envir = globalenv(), ...)
    28: vweave_rmarkdown(...)
    29: engine$weave(file, quiet = quiet, encoding = enc)
    30: doTryCatch(return(expr), name, parentenv, handler)
    31: tryCatchOne(expr, names, parentenv, handlers[[1L]])
    32: tryCatchList(expr, classes, parentenv, handlers)
    33: tryCatch({ engine$weave(file, quiet = quiet, encoding = enc) setwd(startdir) output <- find_vignette_product(name, by = "weave", engine = engine) if (!have.makefile && vignette_is_tex(output)) { texi2pdf(file = output, clean = FALSE, quiet = quiet) output <- find_vignette_product(name, by = "texi2pdf", engine = engine) } outputs <- c(outputs, output)}, error = function(e) { thisOK <<- FALSE fails <<- c(fails, file) message(gettextf("Error: processing vignette '%s' failed with diagnostics:\n%s", file, conditionMessage(e)))})
    34: tools:::buildVignettes(dir = "/data/gannet/ripley/R/packages/tests-devel/dagitty.Rcheck/vign_test/dagitty", ser_elibs = "/tmp/Rtmp0eW6EG/file358311e624c8.rds")
    An irrecoverable exception occurred. R is aborting now ...
Flavor: r-devel-linux-x86_64-fedora-gcc