CRAN Package Check Results for Package daiR

Last updated on 2022-09-30 16:51:02 CEST.

Flavor Version Tinstall Tcheck Ttotal Status Flags
r-devel-linux-x86_64-debian-clang 0.9.0 4.99 73.47 78.46 OK
r-devel-linux-x86_64-debian-gcc 0.9.0 3.03 54.69 57.72 OK
r-devel-linux-x86_64-fedora-clang 0.9.0 103.52 NOTE
r-devel-linux-x86_64-fedora-gcc 0.9.0 102.07 NOTE
r-devel-windows-x86_64 0.9.0 26.00 120.00 146.00 OK
r-patched-linux-x86_64 0.9.0 5.11 69.87 74.98 OK
r-release-linux-x86_64 0.9.0 4.42 68.42 72.84 OK
r-release-macos-arm64 0.9.0 28.00 NOTE
r-release-macos-x86_64 0.9.0 43.00 NOTE
r-release-windows-x86_64 0.9.0 30.00 118.00 148.00 OK
r-oldrel-macos-arm64 0.9.0 41.00 NOTE
r-oldrel-macos-x86_64 0.9.0 45.00 NOTE
r-oldrel-windows-ix86+x86_64 0.9.0 9.00 104.00 113.00 OK

Check Details

Version: 0.9.0
Check: dependencies in R code
Result: NOTE
    Namespaces in Imports field not imported from:
     ‘curl’ ‘fs’ ‘googleCloudStorageR’
     All declared Imports should be used.
Flavors: r-devel-linux-x86_64-fedora-clang, r-devel-linux-x86_64-fedora-gcc, r-release-macos-arm64, r-release-macos-x86_64, r-oldrel-macos-arm64, r-oldrel-macos-x86_64