CRAN Package Check Results for Package dail

Last updated on 2022-12-09 10:00:19 CET.

Flavor Version Tinstall Tcheck Ttotal Status Flags
r-devel-linux-x86_64-debian-clang 1.4 2.23 70.05 72.28 OK
r-devel-linux-x86_64-debian-gcc 1.4 1.75 52.59 54.34 OK
r-devel-linux-x86_64-fedora-clang 1.4 97.37 OK
r-devel-linux-x86_64-fedora-gcc 1.4 93.57 OK
r-devel-windows-x86_64 1.4 9.00 120.00 129.00 OK
r-patched-linux-x86_64 1.4 2.18 68.38 70.56 OK
r-release-linux-x86_64 1.4 1.89 69.25 71.14 OK
r-release-macos-arm64 1.4 60.00 OK
r-release-macos-x86_64 1.4 81.00 OK
r-release-windows-x86_64 1.4 10.00 119.00 129.00 OK
r-oldrel-macos-arm64 1.4 54.00 OK
r-oldrel-macos-x86_64 1.4 86.00 OK
r-oldrel-windows-ix86+x86_64 1.4 7.00 53.00 60.00 ERROR

Check Details

Version: 1.4
Check: tests
Result: ERROR
     Running 'testthat.R' [4s]
    Running the tests in 'tests/testthat.R' failed.
    Complete output:
     > # This file is part of the standard setup for testthat.
     > # It is recommended that you do not modify it.
     > #
     > # Where should you do additional test configuration?
     > # Learn more about the roles of various files in:
     > # * https://r-pkgs.org/tests.html
     > # * https://testthat.r-lib.org/reference/test_package.html#special-files
     >
     > library(testthat)
     > library(dail)
     >
     > test_check("dail")
     trying URL 'https://dadosabertos-download.cgu.gov.br/FalaBR/Arquivos_FalaBR_Filtrado/Arquivos_csv_2015.zip'
     trying URL 'https://dadosabertos-download.cgu.gov.br/FalaBR/Arquivos_FalaBR_Filtrado/Arquivos_csv_2015.zip'
     [ FAIL 2 | WARN 2 | SKIP 0 | PASS 0 ]
    
     == Failed tests ================================================================
     -- Error ('test-appeals.R:59'): (code run outside of `test_that()`) ------------
     Error in `download.file(links[x], paste(dir.temp, stringr::str_sub(links[x],
     start = -21), sep = "/"))`: cannot open URL 'https://dadosabertos-download.cgu.gov.br/FalaBR/Arquivos_FalaBR_Filtrado/Arquivos_csv_2015.zip'
     Backtrace:
     x
     1. \-dail::appeals(...) at test-appeals.R:59:2
     2. \-dail (local) download_lai()
     3. \-utils::download.file(...)
     -- Error ('test-requests.R:59'): (code run outside of `test_that()`) -----------
     Error in `download.file(links[x], paste(dir.temp, stringr::str_sub(links[x],
     start = -21), sep = "/"))`: cannot open URL 'https://dadosabertos-download.cgu.gov.br/FalaBR/Arquivos_FalaBR_Filtrado/Arquivos_csv_2015.zip'
     Backtrace:
     x
     1. \-dail::requests(...) at test-requests.R:59:2
     2. \-dail (local) download_lai()
     3. \-utils::download.file(...)
    
     [ FAIL 2 | WARN 2 | SKIP 0 | PASS 0 ]
     Error: Test failures
     Execution halted
Flavor: r-oldrel-windows-ix86+x86_64