CRAN Package Check Results for Package dalmatian

Last updated on 2020-07-07 11:50:32 CEST.

Flavor Version Tinstall Tcheck Ttotal Status Flags
r-devel-linux-x86_64-debian-clang 0.3.0 3.73 74.39 78.12 OK
r-devel-linux-x86_64-debian-gcc 0.3.0 2.86 57.47 60.33 OK
r-devel-linux-x86_64-fedora-clang 0.3.0 101.09 OK
r-devel-linux-x86_64-fedora-gcc 0.3.0 93.47 OK
r-devel-windows-ix86+x86_64 0.3.0 8.00 90.00 98.00 OK
r-patched-linux-x86_64 0.3.0 4.32 73.24 77.56 OK
r-patched-solaris-x86 0.3.0 137.00 NOTE
r-release-linux-x86_64 0.3.0 3.90 73.61 77.51 OK
r-release-osx-x86_64 0.3.0 OK
r-release-windows-ix86+x86_64 0.3.0 10.00 79.00 89.00 OK
r-oldrel-osx-x86_64 0.3.0 OK
r-oldrel-windows-ix86+x86_64 0.3.0 14.00 123.00 137.00 OK

Check Details

Version: 0.3.0
Check: installed package size
Result: NOTE
     installed size is 5.2Mb
     sub-directories of 1Mb or more:
     Pied_Flycatchers_1 2.5Mb
     Pied_Flycatchers_2 1.3Mb
     doc 1.2Mb
Flavor: r-patched-solaris-x86