CRAN Package Check Results for Package damAOI

Last updated on 2024-06-14 03:57:15 CEST.

Flavor Version Tinstall Tcheck Ttotal Status Flags
r-devel-linux-x86_64-debian-clang 0.0 29.60 525.03 554.63 OK
r-devel-linux-x86_64-debian-gcc 0.0 0.62 1.79 2.41 ERROR
r-devel-linux-x86_64-fedora-clang 0.0 665.49 OK
r-devel-linux-x86_64-fedora-gcc 0.0 649.56 OK
r-devel-windows-x86_64 0.0 23.00 298.00 321.00 OK
r-patched-linux-x86_64 0.0 26.94 502.88 529.82 OK
r-release-linux-x86_64 0.0 25.81 501.69 527.50 OK
r-release-macos-arm64 0.0 142.00 OK
r-release-macos-x86_64 0.0 250.00 OK
r-release-windows-x86_64 0.0 24.00 303.00 327.00 OK
r-oldrel-macos-arm64 0.0 163.00 OK
r-oldrel-macos-x86_64 0.0 480.00 OK
r-oldrel-windows-x86_64 0.0 33.00 422.00 455.00 OK

Check Details

Version: 0.0
Check: package dependencies
Result: ERROR Packages required but not available: 'dplyr', 'tibble', 'tidyr' Packages suggested but not available for checking: 'ggplot2', 'testthat' See section ‘The DESCRIPTION file’ in the ‘Writing R Extensions’ manual. Flavor: r-devel-linux-x86_64-debian-gcc