Last updated on 2023-03-27 20:52:11 CEST.
Flavor | Version | Tinstall | Tcheck | Ttotal | Status | Flags |
---|---|---|---|---|---|---|
r-devel-linux-x86_64-debian-clang | 0.3.0 | 6.88 | 56.34 | 63.22 | OK | |
r-devel-linux-x86_64-debian-gcc | 0.3.0 | 7.21 | 44.29 | 51.50 | OK | |
r-devel-linux-x86_64-fedora-clang | 0.3.0 | 82.72 | NOTE | |||
r-devel-linux-x86_64-fedora-gcc | 0.3.0 | 89.85 | NOTE | |||
r-devel-windows-x86_64 | 0.3.0 | 17.00 | 84.00 | 101.00 | OK | |
r-patched-linux-x86_64 | 0.3.0 | 6.96 | 55.75 | 62.71 | OK | |
r-release-linux-x86_64 | 0.3.0 | 7.36 | 58.11 | 65.47 | OK | |
r-release-macos-arm64 | 0.3.0 | 36.00 | NOTE | |||
r-release-macos-x86_64 | 0.3.0 | 65.00 | NOTE | |||
r-release-windows-x86_64 | 0.3.0 | 14.00 | 91.00 | 105.00 | OK | |
r-oldrel-macos-arm64 | 0.3.0 | 47.00 | NOTE | |||
r-oldrel-macos-x86_64 | 0.3.0 | 55.00 | NOTE | |||
r-oldrel-windows-ix86+x86_64 | 0.3.0 | 17.00 | 83.00 | 100.00 | NOTE |
Version: 0.3.0
Check: data for non-ASCII characters
Result: NOTE
Note: found 5 marked UTF-8 strings
Flavors: r-devel-linux-x86_64-fedora-clang, r-devel-linux-x86_64-fedora-gcc, r-release-macos-arm64, r-release-macos-x86_64, r-oldrel-macos-arm64, r-oldrel-macos-x86_64
Version: 0.3.0
Check: R code for possible problems
Result: NOTE
Initiating curl with CURL_SSL_BACKEND: openssl
Flavor: r-oldrel-windows-ix86+x86_64