Last updated on 2023-03-29 04:51:08 CEST.
Flavor | Version | Tinstall | Tcheck | Ttotal | Status | Flags |
---|---|---|---|---|---|---|
r-devel-linux-x86_64-debian-clang | 0.0.15 | 5.97 | 25.20 | 31.17 | OK | |
r-devel-linux-x86_64-debian-gcc | 0.0.15 | 5.07 | 19.96 | 25.03 | OK | |
r-devel-linux-x86_64-fedora-clang | 0.0.15 | 45.06 | OK | |||
r-devel-linux-x86_64-fedora-gcc | 0.0.15 | 38.44 | OK | |||
r-devel-windows-x86_64 | 0.0.15 | 28.00 | 0.00 | 28.00 | OK | |
r-patched-linux-x86_64 | 0.0.15 | 4.98 | 24.73 | 29.71 | OK | |
r-release-linux-x86_64 | 0.0.15 | 4.56 | 25.65 | 30.21 | OK | |
r-release-macos-arm64 | 0.0.15 | 19.00 | OK | |||
r-release-macos-x86_64 | 0.0.15 | 25.00 | OK | |||
r-release-windows-x86_64 | 0.0.15 | 29.00 | 68.00 | 97.00 | OK | |
r-oldrel-macos-arm64 | 0.0.15 | 22.00 | OK | |||
r-oldrel-macos-x86_64 | 0.0.15 | 26.00 | OK | |||
r-oldrel-windows-ix86+x86_64 | 0.0.15 | 17.00 | 67.00 | 84.00 | NOTE |
Version: 0.0.15
Check: dependencies in R code
Result: NOTE
Initiating curl with CURL_SSL_BACKEND: openssl
Flavor: r-oldrel-windows-ix86+x86_64