Last updated on 2023-03-29 20:54:30 CEST.
Flavor | Version | Tinstall | Tcheck | Ttotal | Status | Flags |
---|---|---|---|---|---|---|
r-devel-linux-x86_64-debian-clang | 2.7.2 | 92.15 | 736.39 | 828.54 | NOTE | |
r-devel-linux-x86_64-debian-gcc | 2.7.2 | 76.25 | 538.64 | 614.89 | NOTE | |
r-devel-linux-x86_64-fedora-clang | 2.7.2 | 1026.17 | NOTE | |||
r-devel-linux-x86_64-fedora-gcc | 2.7.2 | 1011.57 | NOTE | |||
r-devel-windows-x86_64 | 2.7.2 | 159.00 | 701.00 | 860.00 | OK | |
r-patched-linux-x86_64 | 2.7.2 | 80.86 | 696.37 | 777.23 | NOTE | |
r-release-linux-x86_64 | 2.7.2 | 61.39 | 684.83 | 746.22 | NOTE | |
r-release-macos-arm64 | 2.7.2 | 201.00 | OK | |||
r-release-macos-x86_64 | 2.7.2 | 301.00 | OK | |||
r-release-windows-x86_64 | 2.7.2 | 163.00 | 782.00 | 945.00 | OK | |
r-oldrel-macos-arm64 | 2.7.2 | 178.00 | OK | |||
r-oldrel-macos-x86_64 | 2.7.2 | 294.00 | OK | |||
r-oldrel-windows-ix86+x86_64 | 2.7.2 | 169.00 | 810.00 | 979.00 | OK |
Version: 2.7.2
Check: package dependencies
Result: NOTE
Package suggested but not available for checking: ‘pca3d’
Flavors: r-devel-linux-x86_64-debian-clang, r-devel-linux-x86_64-debian-gcc, r-devel-linux-x86_64-fedora-clang, r-devel-linux-x86_64-fedora-gcc, r-patched-linux-x86_64, r-release-linux-x86_64