CRAN Package Check Results for Package dashCoreComponents

Last updated on 2022-12-03 20:51:26 CET.

Flavor Version Tinstall Tcheck Ttotal Status Flags
r-devel-linux-x86_64-debian-clang 1.10.0 3.15 32.02 35.17 NOTE
r-devel-linux-x86_64-debian-gcc 1.10.0 3.12 24.94 28.06 NOTE
r-devel-linux-x86_64-fedora-clang 1.10.0 55.61 NOTE
r-devel-linux-x86_64-fedora-gcc 1.10.0 52.92 NOTE
r-devel-windows-x86_64 1.10.0 263.00 98.00 361.00 NOTE
r-patched-linux-x86_64 1.10.0 3.56 29.96 33.52 NOTE
r-release-linux-x86_64 1.10.0 3.22 30.06 33.28 NOTE
r-release-macos-arm64 1.10.0 18.00 NOTE
r-release-macos-x86_64 1.10.0 26.00 NOTE
r-release-windows-x86_64 1.10.0 181.00 77.00 258.00 NOTE
r-oldrel-macos-arm64 1.10.0 18.00 NOTE
r-oldrel-macos-x86_64 1.10.0 34.00 NOTE
r-oldrel-windows-ix86+x86_64 1.10.0 9.00 56.00 65.00 NOTE

Check Details

Version: 1.10.0
Check: package dependencies
Result: NOTE
    Package suggested but not available for checking: 'dash'
Flavors: r-devel-linux-x86_64-debian-clang, r-devel-linux-x86_64-debian-gcc, r-devel-linux-x86_64-fedora-clang, r-devel-linux-x86_64-fedora-gcc, r-patched-linux-x86_64, r-release-linux-x86_64

Version: 1.10.0
Check: LazyData
Result: NOTE
     'LazyData' is specified without a 'data' directory
Flavors: r-devel-linux-x86_64-debian-clang, r-devel-linux-x86_64-debian-gcc, r-devel-linux-x86_64-fedora-clang, r-devel-linux-x86_64-fedora-gcc, r-devel-windows-x86_64, r-patched-linux-x86_64, r-release-linux-x86_64, r-release-macos-arm64, r-release-macos-x86_64, r-release-windows-x86_64, r-oldrel-macos-arm64, r-oldrel-macos-x86_64, r-oldrel-windows-ix86+x86_64

Version: 1.10.0
Check: installed package size
Result: NOTE
     installed size is 11.0Mb
     sub-directories of 1Mb or more:
     deps 10.6Mb
Flavors: r-devel-linux-x86_64-fedora-clang, r-devel-windows-x86_64, r-release-macos-arm64, r-release-macos-x86_64, r-release-windows-x86_64, r-oldrel-macos-arm64, r-oldrel-macos-x86_64, r-oldrel-windows-ix86+x86_64