CRAN Package Check Results for Package dashHtmlComponents

Last updated on 2023-02-08 04:06:58 CET.

Flavor Version Tinstall Tcheck Ttotal Status Flags
r-devel-linux-x86_64-debian-clang 1.0.3 8.14 67.19 75.33 NOTE
r-devel-linux-x86_64-debian-gcc 1.0.3 5.67 51.12 56.79 NOTE
r-devel-linux-x86_64-fedora-clang 1.0.3 95.66 NOTE
r-devel-linux-x86_64-fedora-gcc 1.0.3 103.00 NOTE
r-devel-windows-x86_64 1.0.3 515.00 152.00 667.00 NOTE
r-patched-linux-x86_64 1.0.3 11.41 59.29 70.70 NOTE
r-release-linux-x86_64 1.0.3 5.62 58.42 64.04 NOTE
r-release-macos-arm64 1.0.3 25.00 NOTE
r-release-macos-x86_64 1.0.3 40.00 NOTE
r-release-windows-x86_64 1.0.3 533.00 140.00 673.00 NOTE
r-oldrel-macos-arm64 1.0.3 28.00 NOTE
r-oldrel-macos-x86_64 1.0.3 59.00 NOTE
r-oldrel-windows-ix86+x86_64 1.0.3 14.00 96.00 110.00 NOTE

Check Details

Version: 1.0.3
Check: package dependencies
Result: NOTE
    Package suggested but not available for checking: ‘dash’
Flavors: r-devel-linux-x86_64-debian-clang, r-devel-linux-x86_64-debian-gcc, r-devel-linux-x86_64-fedora-clang, r-devel-linux-x86_64-fedora-gcc, r-patched-linux-x86_64, r-release-linux-x86_64

Version: 1.0.3
Check: LazyData
Result: NOTE
     'LazyData' is specified without a 'data' directory
Flavors: r-devel-linux-x86_64-debian-clang, r-devel-linux-x86_64-debian-gcc, r-devel-linux-x86_64-fedora-clang, r-devel-linux-x86_64-fedora-gcc, r-devel-windows-x86_64, r-patched-linux-x86_64, r-release-linux-x86_64, r-release-macos-arm64, r-release-macos-x86_64, r-release-windows-x86_64, r-oldrel-macos-arm64, r-oldrel-macos-x86_64, r-oldrel-windows-ix86+x86_64