CRAN Package Check Results for Package dashHtmlComponents

Last updated on 2020-11-27 00:48:47 CET.

Flavor Version Tinstall Tcheck Ttotal Status Flags
r-devel-linux-x86_64-debian-clang 1.0.3 8.38 51.90 60.28 OK
r-devel-linux-x86_64-debian-gcc 1.0.3 6.23 41.21 47.44 OK
r-devel-linux-x86_64-fedora-clang 1.0.3 76.46 OK
r-devel-linux-x86_64-fedora-gcc 1.0.3 68.96 OK
r-devel-windows-ix86+x86_64 1.0.3 13.00 70.00 83.00 OK
r-patched-linux-x86_64 1.0.3 8.19 52.11 60.30 OK
r-patched-solaris-x86 1.0.3 88.10 OK
r-release-linux-x86_64 1.0.3 8.33 52.17 60.50 OK
r-release-macos-x86_64 1.0.3 OK
r-release-windows-ix86+x86_64 1.0.3 13.00 57.00 70.00 OK
r-oldrel-macos-x86_64 1.0.3 NOTE
r-oldrel-windows-ix86+x86_64 1.0.3 12.00 71.00 83.00 OK

Check Details

Version: 1.0.3
Check: package dependencies
Result: NOTE
    Packages suggested but not available for checking:
     'dash', 'dashCoreComponents'
Flavor: r-oldrel-macos-x86_64