CRAN Package Check Results for Package data.table

Last updated on 2019-06-19 18:52:31 CEST.

Flavor Version Tinstall Tcheck Ttotal Status Flags
r-devel-linux-x86_64-debian-clang 1.12.2 30.39 420.98 451.37 NOTE
r-devel-linux-x86_64-debian-gcc 1.12.2 21.57 596.11 617.68 NOTE
r-devel-linux-x86_64-fedora-clang 1.12.2 374.82 NOTE
r-devel-linux-x86_64-fedora-gcc 1.12.2 415.36 NOTE
r-devel-windows-ix86+x86_64 1.12.2 117.00 424.00 541.00 OK
r-patched-linux-x86_64 1.12.2 28.11 511.91 540.02 OK
r-patched-solaris-x86 1.12.2 353.00 OK
r-release-linux-x86_64 1.12.2 28.81 519.93 548.74 OK
r-release-windows-ix86+x86_64 1.12.2 95.00 460.00 555.00 OK
r-release-osx-x86_64 1.12.2 OK
r-oldrel-windows-ix86+x86_64 1.12.2 82.00 328.00 410.00 OK
r-oldrel-osx-x86_64 1.12.2 OK

Additional issues

LTO noLD rchk

Check Details

Version: 1.12.2
Check: for non-standard things in the check directory
Result: NOTE
    Found the following files/directories:
     'new.pdf'
Flavors: r-devel-linux-x86_64-debian-clang, r-devel-linux-x86_64-debian-gcc, r-devel-linux-x86_64-fedora-clang, r-devel-linux-x86_64-fedora-gcc