CRAN Package Check Results for Package data.table

Last updated on 2019-08-18 06:46:57 CEST.

Flavor Version Tinstall Tcheck Ttotal Status Flags
r-devel-linux-x86_64-debian-clang 1.12.2 29.64 428.45 458.09 NOTE
r-devel-linux-x86_64-debian-gcc 1.12.2 20.60 594.89 615.49 NOTE
r-devel-linux-x86_64-fedora-clang 1.12.2 375.29 NOTE
r-devel-linux-x86_64-fedora-gcc 1.12.2 432.91 NOTE
r-devel-windows-ix86+x86_64 1.12.2 124.00 452.00 576.00 OK
r-patched-linux-x86_64 1.12.2 29.28 540.90 570.18 OK
r-patched-solaris-x86 1.12.2 320.30 OK
r-release-linux-x86_64 1.12.2 28.65 538.63 567.28 OK
r-release-windows-ix86+x86_64 1.12.2 111.00 427.00 538.00 OK
r-release-osx-x86_64 1.12.2 OK
r-oldrel-windows-ix86+x86_64 1.12.2 143.00 423.00 566.00 OK
r-oldrel-osx-x86_64 1.12.2 OK

Additional issues

LTO noLD rchk

Check Details

Version: 1.12.2
Check: for non-standard things in the check directory
Result: NOTE
    Found the following files/directories:
     'new.pdf'
Flavors: r-devel-linux-x86_64-debian-clang, r-devel-linux-x86_64-debian-gcc, r-devel-linux-x86_64-fedora-clang, r-devel-linux-x86_64-fedora-gcc