CRAN Package Check Results for Package data.table

Last updated on 2023-06-09 04:52:58 CEST.

Flavor Version Tinstall Tcheck Ttotal Status Flags
r-devel-linux-x86_64-debian-clang 1.14.8 44.98 166.71 211.69 OK --no-tests
r-devel-linux-x86_64-debian-gcc 1.14.8 32.05 119.02 151.07 OK --no-tests
r-devel-linux-x86_64-fedora-clang 1.14.8 408.41 OK
r-devel-linux-x86_64-fedora-gcc 1.14.8 396.76 OK
r-devel-windows-x86_64 1.14.8 52.00 707.00 759.00 OK
r-patched-linux-x86_64 1.14.8 41.10 146.76 187.86 OK --no-tests
r-release-linux-x86_64 1.14.8 38.76 151.66 190.42 OK --no-tests
r-release-macos-arm64 1.14.8 142.00 NOTE
r-release-macos-x86_64 1.14.8 219.00 NOTE
r-release-windows-x86_64 1.14.8 50.00 0.00 50.00 FAIL
r-oldrel-macos-arm64 1.14.8 110.00 NOTE
r-oldrel-macos-x86_64 1.14.8 172.00 NOTE
r-oldrel-windows-x86_64 1.14.8 61.00 0.00 61.00 FAIL

Check Details

Version: 1.14.8
Check: package dependencies
Result: NOTE
    Package suggested but not available for checking: ‘curl’
Flavor: r-release-macos-arm64

Version: 1.14.8
Check: installed package size
Result: NOTE
     installed size is 5.4Mb
     sub-directories of 1Mb or more:
     libs 1.4Mb
     tests 1.5Mb
Flavors: r-release-macos-arm64, r-release-macos-x86_64, r-oldrel-macos-arm64, r-oldrel-macos-x86_64

Version: 1.14.8
Check: tests
Result: FAIL
    Check process probably crashed or hung up for 20 minutes ... killed
    Most likely this happened in the example checks (?),
    if not, ignore the following last lines of example output:
    >
    > ### Name: update_dev_pkg
    > ### Title: Perform update of development version of a package
    > ### Aliases: update_dev_pkg
    > ### Keywords: data
    >
    > ### ** Examples
    >
    > ## Don't show:
    > # using if(FALSE) because \dontrun could still be run by --run-dontrun; #5421
    > ## End(Don't show)
    > if (FALSE) data.table::update_dev_pkg()
    >
    >
    >
    > ### * <FOOTER>
    > ###
    > cleanEx()
    > options(digits = 7L)
    > base::cat("Time elapsed: ", proc.time() - base::get("ptime", pos = 'CheckExEnv'),"\n")
    Time elapsed: 8.08 0.23 9.31 NA NA
    > grDevices::dev.off()
    null device
     1
    > ###
    > ### Local variables: ***
    > ### mode: outline-minor ***
    > ### outline-regexp: "\\(> \\)?### [*]+" ***
    > ### End: ***
    > quit('no')
    ======== End of example output (where/before crash/hang up occured ?) ========
Flavor: r-release-windows-x86_64

Version: 1.14.8
Check: HTML version of manual
Result: FAIL
    Check process probably crashed or hung up for 20 minutes ... killed
    Most likely this happened in the example checks (?),
    if not, ignore the following last lines of example output:
    >
    > ### Name: update_dev_pkg
    > ### Title: Perform update of development version of a package
    > ### Aliases: update_dev_pkg
    > ### Keywords: data
    >
    > ### ** Examples
    >
    > ## Don't show:
    > # using if(FALSE) because \dontrun could still be run by --run-dontrun; #5421
    > ## End(Don't show)
    > if (FALSE) data.table::update_dev_pkg()
    >
    >
    >
    > ### * <FOOTER>
    > ###
    > cleanEx()
    > options(digits = 7L)
    > base::cat("Time elapsed: ", proc.time() - base::get("ptime", pos = 'CheckExEnv'),"\n")
    Time elapsed: 7.95 0.15 9.11 NA NA
    > grDevices::dev.off()
    null device
     1
    > ###
    > ### Local variables: ***
    > ### mode: outline-minor ***
    > ### outline-regexp: "\\(> \\)?### [*]+" ***
    > ### End: ***
    > quit('no')
    ======== End of example output (where/before crash/hang up occured ?) ========
Flavor: r-oldrel-windows-x86_64