CRAN Package Check Results for Package data.table

Last updated on 2022-06-28 21:51:19 CEST.

Flavor Version Tinstall Tcheck Ttotal Status Flags
r-devel-linux-x86_64-debian-clang 1.14.2 41.66 147.90 189.56 OK --no-tests
r-devel-linux-x86_64-debian-gcc 1.14.2 35.05 107.67 142.72 WARN --no-tests
r-devel-linux-x86_64-fedora-clang 1.14.2 464.18 OK
r-devel-linux-x86_64-fedora-gcc 1.14.2 462.20 OK
r-devel-windows-x86_64 1.14.2 293.00 0.00 293.00 FAIL
r-patched-linux-x86_64 1.14.2 40.53 133.09 173.62 OK --no-tests
r-release-linux-x86_64 1.14.2 36.64 133.73 170.37 OK --no-tests
r-release-macos-arm64 1.14.2 103.00 OK
r-release-macos-x86_64 1.14.2 162.00 OK
r-release-windows-x86_64 1.14.2 301.00 0.00 301.00 FAIL
r-oldrel-macos-arm64 1.14.2 116.00 OK
r-oldrel-macos-x86_64 1.14.2 199.00 OK
r-oldrel-windows-ix86+x86_64 1.14.2 116.00 556.00 672.00 OK

Check Details

Version: 1.14.2
Flags: --no-tests
Check: whether package can be installed
Result: WARN
    Found the following significant warnings:
     fread.c:1278:38: warning: the comparison will always evaluate as ‘false’ for the pointer operand in ‘nastr + 8’ must not be NULL [-Waddress]
Flavor: r-devel-linux-x86_64-debian-gcc

Version: 1.14.2
Check: tests
Result: FAIL
    Check process probably crashed or hung up for 20 minutes ... killed
    Most likely this happened in the example checks (?),
    if not, ignore the following last lines of example output:
    > ### * update.dev.pkg
    >
    > flush(stderr()); flush(stdout())
    >
    > ### Name: update.dev.pkg
    > ### Title: Perform update of development version of a package
    > ### Aliases: update update.dev.pkg
    > ### Keywords: data
    >
    > ### ** Examples
    >
    > # data.table::update.dev.pkg()
    >
    >
    >
    > ### * <FOOTER>
    > ###
    > cleanEx()
    > options(digits = 7L)
    > base::cat("Time elapsed: ", proc.time() - base::get("ptime", pos = 'CheckExEnv'),"\n")
    Time elapsed: 7.5 0.19 8.71 NA NA
    > grDevices::dev.off()
    null device
     1
    > ###
    > ### Local variables: ***
    > ### mode: outline-minor ***
    > ### outline-regexp: "\\(> \\)?### [*]+" ***
    > ### End: ***
    > quit('no')
    ======== End of example output (where/before crash/hang up occured ?) ========
Flavor: r-devel-windows-x86_64

Version: 1.14.2
Check: tests
Result: FAIL
    Check process probably crashed or hung up for 20 minutes ... killed
    Most likely this happened in the example checks (?),
    if not, ignore the following last lines of example output:
    > ### * update.dev.pkg
    >
    > flush(stderr()); flush(stdout())
    >
    > ### Name: update.dev.pkg
    > ### Title: Perform update of development version of a package
    > ### Aliases: update update.dev.pkg
    > ### Keywords: data
    >
    > ### ** Examples
    >
    > # data.table::update.dev.pkg()
    >
    >
    >
    > ### * <FOOTER>
    > ###
    > cleanEx()
    > options(digits = 7L)
    > base::cat("Time elapsed: ", proc.time() - base::get("ptime", pos = 'CheckExEnv'),"\n")
    Time elapsed: 7.7 0.16 8.88 NA NA
    > grDevices::dev.off()
    null device
     1
    > ###
    > ### Local variables: ***
    > ### mode: outline-minor ***
    > ### outline-regexp: "\\(> \\)?### [*]+" ***
    > ### End: ***
    > quit('no')
    ======== End of example output (where/before crash/hang up occured ?) ========
Flavor: r-release-windows-x86_64