CRAN Package Check Results for Package data.table

Last updated on 2021-07-27 18:51:11 CEST.

Flavor Version Tinstall Tcheck Ttotal Status Flags
r-devel-linux-x86_64-debian-clang 1.14.0 41.47 146.15 187.62 OK --no-tests
r-devel-linux-x86_64-debian-gcc 1.14.0 25.41 103.12 128.53 OK --no-tests
r-devel-linux-x86_64-fedora-clang 1.14.0 433.80 NOTE
r-devel-linux-x86_64-fedora-gcc 1.14.0 401.36 OK
r-devel-windows-x86_64 1.14.0 70.00 395.00 465.00 OK
r-devel-windows-x86_64-gcc10-UCRT 1.14.0 OK --no-tests
r-patched-linux-x86_64 1.14.0 38.02 130.15 168.17 OK --no-tests
r-patched-solaris-x86 1.14.0 566.70 OK
r-release-linux-x86_64 1.14.0 35.72 131.00 166.72 OK --no-tests
r-release-macos-arm64 1.14.0 WARN
r-release-macos-x86_64 1.14.0 OK
r-release-windows-ix86+x86_64 1.14.0 108.00 638.00 746.00 OK
r-oldrel-macos-x86_64 1.14.0 OK
r-oldrel-windows-ix86+x86_64 1.14.0 97.00 589.00 686.00 OK

Check Details

Version: 1.14.0
Check: installed package size
Result: NOTE
     installed size is 5.0Mb
     sub-directories of 1Mb or more:
     libs 1.7Mb
Flavor: r-devel-linux-x86_64-fedora-clang

Version: 1.14.0
Check: re-building of vignette outputs
Result: WARN
    Error(s) in re-building vignettes:
    --- re-building ‘datatable-benchmarking.Rmd’ using rmarkdown
    Warning in engine$weave(file, quiet = quiet, encoding = enc) :
     Pandoc (>= 1.12.3) not available. Falling back to R Markdown v1.
    --- finished re-building ‘datatable-benchmarking.Rmd’
    
    --- re-building ‘datatable-faq.Rmd’ using rmarkdown
    Warning in engine$weave(file, quiet = quiet, encoding = enc) :
     Pandoc (>= 1.12.3) not available. Falling back to R Markdown v1.
    --- finished re-building ‘datatable-faq.Rmd’
    
    --- re-building ‘datatable-importing.Rmd’ using rmarkdown
    Warning in engine$weave(file, quiet = quiet, encoding = enc) :
     Pandoc (>= 1.12.3) not available. Falling back to R Markdown v1.
    --- finished re-building ‘datatable-importing.Rmd’
    
    --- re-building ‘datatable-intro.Rmd’ using rmarkdown
    Warning in engine$weave(file, quiet = quiet, encoding = enc) :
     Pandoc (>= 1.12.3) not available. Falling back to R Markdown v1.
    Loading required package: data.table
    --- finished re-building ‘datatable-intro.Rmd’
    
    --- re-building ‘datatable-keys-fast-subset.Rmd’ using rmarkdown
    Warning in engine$weave(file, quiet = quiet, encoding = enc) :
     Pandoc (>= 1.12.3) not available. Falling back to R Markdown v1.
    Loading required package: data.table
    --- finished re-building ‘datatable-keys-fast-subset.Rmd’
    
    --- re-building ‘datatable-reference-semantics.Rmd’ using rmarkdown
    Warning in engine$weave(file, quiet = quiet, encoding = enc) :
     Pandoc (>= 1.12.3) not available. Falling back to R Markdown v1.
    Loading required package: data.table
    --- finished re-building ‘datatable-reference-semantics.Rmd’
    
    --- re-building ‘datatable-reshape.Rmd’ using rmarkdown
    Warning in engine$weave(file, quiet = quiet, encoding = enc) :
     Pandoc (>= 1.12.3) not available. Falling back to R Markdown v1.
    Loading required package: data.table
    --- finished re-building ‘datatable-reshape.Rmd’
    
    --- re-building ‘datatable-sd-usage.Rmd’ using rmarkdown
    Warning in engine$weave(file, quiet = quiet, encoding = enc) :
     Pandoc (>= 1.12.3) not available. Falling back to R Markdown v1.
    Loading required package: data.table
    Warning in doTryCatch(return(expr), name, parentenv, handler) :
     no font could be found for family "Arial"
    Warning in doTryCatch(return(expr), name, parentenv, handler) :
     no font could be found for family "Arial"
    Warning in doTryCatch(return(expr), name, parentenv, handler) :
     no font could be found for family "Arial"
    Warning in doTryCatch(return(expr), name, parentenv, handler) :
     no font could be found for family "Arial"
    Warning in doTryCatch(return(expr), name, parentenv, handler) :
     no font could be found for family "Arial"
    Warning in doTryCatch(return(expr), name, parentenv, handler) :
     no font could be found for family "Arial"
    Warning in doTryCatch(return(expr), name, parentenv, handler) :
     no font could be found for family "Arial"
    Warning in doTryCatch(return(expr), name, parentenv, handler) :
     no font could be found for family "Arial"
    Warning in doTryCatch(return(expr), name, parentenv, handler) :
     no font could be found for family "Arial"
    Warning in doTryCatch(return(expr), name, parentenv, handler) :
     no font could be found for family "Arial"
    Warning in doTryCatch(return(expr), name, parentenv, handler) :
     no font could be found for family "Arial"
    Warning in doTryCatch(return(expr), name, parentenv, handler) :
     no font could be found for family "Arial"
    Warning in doTryCatch(return(expr), name, parentenv, handler) :
     no font could be found for family "Arial"
    Warning in doTryCatch(return(expr), name, parentenv, handler) :
     no font could be found for family "Arial"
    Warning in doTryCatch(return(expr), name, parentenv, handler) :
     no font could be found for family "Arial"
    Warning in doTryCatch(return(expr), name, parentenv, handler) :
     no font could be found for family "Arial"
    Warning in doTryCatch(return(expr), name, parentenv, handler) :
     no font could be found for family "Arial"
    Warning in doTryCatch(return(expr), name, parentenv, handler) :
     no font could be found for family "Arial"
    Warning in doTryCatch(return(expr), name, parentenv, handler) :
     no font could be found for family "Arial"
    Warning in doTryCatch(return(expr), name, parentenv, handler) :
     no font could be found for family "Arial"
    Warning in doTryCatch(return(expr), name, parentenv, handler) :
     no font could be found for family "Arial"
    Warning in doTryCatch(return(expr), name, parentenv, handler) :
     no font could be found for family "Arial"
    Warning in doTryCatch(return(expr), name, parentenv, handler) :
     no font could be found for family "Arial"
    Warning in doTryCatch(return(expr), name, parentenv, handler) :
     no font could be found for family "Arial"
    Warning in doTryCatch(return(expr), name, parentenv, handler) :
     no font could be found for family "Arial"
    Warning in doTryCatch(return(expr), name, parentenv, handler) :
     no font could be found for family "Arial"
    Warning in doTryCatch(return(expr), name, parentenv, handler) :
     no font could be found for family "Arial"
    Warning in doTryCatch(return(expr), name, parentenv, handler) :
     no font could be found for family "Arial"
    Warning in doTryCatch(return(expr), name, parentenv, handler) :
     no font could be found for family "Arial"
    Warning in doTryCatch(return(expr), name, parentenv, handler) :
     no font could be found for family "Arial"
    Warning in doTryCatch(return(expr), name, parentenv, handler) :
     no font could be found for family "Arial"
    Warning in doTryCatch(return(expr), name, parentenv, handler) :
     no font could be found for family "Arial"
    Warning in doTryCatch(return(expr), name, parentenv, handler) :
     no font could be found for family "Arial"
    --- finished re-building ‘datatable-sd-usage.Rmd’
    
    Error in loadVignetteBuilder(pkgdir) : vignette builder 'knitr' not found
    Calls: <Anonymous> -> loadVignetteBuilder
    Execution halted
    rm -rf *.tex *.bbl *.blg *.aux *.out *.toc *.log *.spl *tikzDictionary *.md figure/
    rm -rf *.tex *.bbl *.blg *.aux *.out *.toc *.log *.spl *tikzDictionary *.md figure/
    SUMMARY: processing the following file failed:
     ‘datatable-secondary-indices-and-auto-indexing.Rmd’
    
    Error: Vignette re-building failed.
    Execution halted
Flavor: r-release-macos-arm64