CRAN Package Check Results for Package data.table

Last updated on 2017-08-22 23:47:11.

Flavor Version Tinstall Tcheck Ttotal Status Flags
r-devel-linux-x86_64-debian-clang 1.10.4 17.81 158.44 176.24 ERROR
r-devel-linux-x86_64-debian-gcc 1.10.4 20.65 159.19 179.84 ERROR
r-devel-linux-x86_64-fedora-clang 1.10.4 421.50 ERROR
r-devel-linux-x86_64-fedora-gcc 1.10.4 338.24 ERROR
r-devel-windows-ix86+x86_64 1.10.4 79.00 396.00 475.00 ERROR
r-patched-linux-x86_64 1.10.4 19.85 161.45 181.29 ERROR
r-patched-solaris-x86 1.10.4 447.60 ERROR
r-release-linux-x86_64 1.10.4 20.24 157.17 177.41 ERROR
r-release-windows-ix86+x86_64 1.10.4 71.00 515.00 586.00 ERROR
r-release-osx-x86_64 1.10.4 ERROR
r-oldrel-windows-ix86+x86_64 1.10.4 68.00 358.00 426.00 ERROR
r-oldrel-osx-x86_64 1.10.4 OK

Additional issues

rchk

Check Details

Version: 1.10.4
Check: tests
Result: ERROR
     Running ‘autoprint.R’ [0s/0s]
     Comparing ‘autoprint.Rout’ to ‘autoprint.Rout.save’ ... OK
     Running ‘knitr.R’ [1s/1s]
     Comparing ‘knitr.Rout’ to ‘knitr.Rout.save’ ... OK
     Running ‘main.R’ [159s/103s]
    Running the tests in ‘tests/main.R’ failed.
    Complete output:
     > require(data.table)
     Loading required package: data.table
     > test.data.table() # runs the main test suite of 5,000+ tests in /inst/tests/tests.Rraw
     Running /home/hornik/tmp/R.check/r-devel-clang/Work/build/Packages/data.table/tests/tests.Rraw
     Loading required package: bit64
     Loading required package: bit
     Attaching package bit
     package:bit (c) 2008-2012 Jens Oehlschlaegel (GPL-2)
     creators: bit bitwhich
     coercion: as.logical as.integer as.bit as.bitwhich which
     operator: ! & | xor != ==
     querying: print length any all min max range sum summary
     bit access: length<- [ [<- [[ [[<-
     for more help type ?bit
    
     Attaching package: 'bit'
    
     The following object is masked from 'package:data.table':
    
     setattr
    
     The following object is masked from 'package:base':
    
     xor
    
     Attaching package bit64
     package:bit64 (c) 2011-2012 Jens Oehlschlaegel
     creators: integer64 seq :
     coercion: as.integer64 as.vector as.logical as.integer as.double as.character as.bin
     logical operator: ! & | xor != == < <= >= >
     arithmetic operator: + - * / %/% %% ^
     math: sign abs sqrt log log2 log10
     math: floor ceiling trunc round
     querying: is.integer64 is.vector [is.atomic} [length] format print str
     values: is.na is.nan is.finite is.infinite
     aggregation: any all min max range sum prod
     cumulation: diff cummin cummax cumsum cumprod
     access: length<- [ [<- [[ [[<-
     combine: c rep cbind rbind as.data.frame
     WARNING don't use as subscripts
     WARNING semantics differ from integer
     for more help type ?bit64
    
     Attaching package: 'bit64'
    
     The following object is masked from 'package:bit':
    
     still.identical
    
     The following objects are masked from 'package:base':
    
     %in%, :, is.double, match, order, rank
    
     Loading required package: knitr
     Loading required package: nanotime
     Loading required package: chron
     Loading required package: ggplot2
     Loading required package: plyr
     Loading required package: reshape
    
     Attaching package: 'reshape'
    
     The following objects are masked from 'package:plyr':
    
     rename, round_any
    
     The following object is masked from 'package:data.table':
    
     melt
    
     Loading required package: reshape2
    
     Attaching package: 'reshape2'
    
     The following objects are masked from 'package:reshape':
    
     colsplit, melt, recast
    
     The following objects are masked from 'package:data.table':
    
     dcast, melt
    
     Loading required package: testthat
     Loading required package: hexbin
     Loading required package: fastmatch
     Loading required package: nlme
     Loading required package: GenomicRanges
     Loading required package: stats4
     Loading required package: BiocGenerics
     Loading required package: parallel
    
     Attaching package: 'BiocGenerics'
    
     The following objects are masked from 'package:parallel':
    
     clusterApply, clusterApplyLB, clusterCall, clusterEvalQ,
     clusterExport, clusterMap, parApply, parCapply, parLapply,
     parLapplyLB, parRapply, parSapply, parSapplyLB
    
     The following objects are masked from 'package:bit64':
    
     match, order, rank
    
     The following objects are masked from 'package:stats':
    
     IQR, mad, sd, var, xtabs
    
     The following objects are masked from 'package:base':
    
     Filter, Find, Map, Position, Reduce, anyDuplicated, append,
     as.data.frame, cbind, colMeans, colSums, colnames, do.call,
     duplicated, eval, evalq, get, grep, grepl, intersect, is.unsorted,
     lapply, lengths, mapply, match, mget, order, paste, pmax, pmax.int,
     pmin, pmin.int, rank, rbind, rowMeans, rowSums, rownames, sapply,
     setdiff, sort, table, tapply, union, unique, unsplit, which,
     which.max, which.min
    
     Loading required package: S4Vectors
    
     Attaching package: 'S4Vectors'
    
     The following objects are masked from 'package:reshape':
    
     expand, rename
    
     The following object is masked from 'package:plyr':
    
     rename
    
     The following objects are masked from 'package:data.table':
    
     first, second
    
     The following object is masked from 'package:base':
    
     expand.grid
    
     Loading required package: IRanges
    
     Attaching package: 'IRanges'
    
     The following object is masked from 'package:nlme':
    
     collapse
    
     The following object is masked from 'package:plyr':
    
     desc
    
     The following object is masked from 'package:data.table':
    
     shift
    
     Loading required package: GenomeInfoDb
     Loading required package: xts
     Loading required package: zoo
    
     Attaching package: 'zoo'
    
     The following objects are masked from 'package:base':
    
     as.Date, as.Date.numeric
    
    
     Attaching package: 'xts'
    
     The following object is masked from 'package:S4Vectors':
    
     first
    
     The following objects are masked from 'package:data.table':
    
     first, last
    
     Loading required package: gdata
     gdata: read.xls support for 'XLS' (Excel 97-2004) files ENABLED.
    
     gdata: read.xls support for 'XLSX' (Excel 2007+) files ENABLED.
    
     Attaching package: 'gdata'
    
     The following objects are masked from 'package:xts':
    
     first, last
    
     The following object is masked from 'package:GenomicRanges':
    
     trim
    
     The following object is masked from 'package:IRanges':
    
     trim
    
     The following objects are masked from 'package:S4Vectors':
    
     first, first<-
    
     The following object is masked from 'package:BiocGenerics':
    
     combine
    
     The following object is masked from 'package:stats4':
    
     nobs
    
     The following objects are masked from 'package:data.table':
    
     first, last
    
     The following object is masked from 'package:stats':
    
     nobs
    
     The following object is masked from 'package:utils':
    
     object.size
    
     The following object is masked from 'package:base':
    
     startsWith
    
     Loading required package: caret
     Loading required package: lattice
     Loading required package: curl
     Loading required package: plm
     Loading required package: Formula
    
     Attaching package: 'plm'
    
     The following object is masked from 'package:data.table':
    
     between
    
     Loading required package: rmarkdown
    
     Attaching package: 'reshape2'
    
     The following objects are masked _by_ 'package:data.table':
    
     dcast, melt
    
    
     Attaching package: 'reshape'
    
     The following objects are masked _by_ 'package:S4Vectors':
    
     expand, rename
    
     The following objects are masked _by_ 'package:plyr':
    
     rename, round_any
    
     The following object is masked _by_ 'package:data.table':
    
     melt
    
     The following objects are masked _by_ 'package:reshape2':
    
     colsplit, melt, recast
    
     Don't know how to automatically pick scale for object of type ITime. Defaulting to continuous.
     Don't know how to automatically pick scale for object of type ITime. Defaulting to continuous.
     Test 1675.1 ran without errors but failed check that x equals y:
     > x = as.integer(B[A, `:=`(bar, i.bar), on = "foo"]$bar)
     [1] 1 2 3 1 2 3
     > y = c(1:3, 1:2, NA)
     [1] 1 2 3 1 2 NA
     'is.NA' value mismatch: 1 in current 0 in target
    
    
     Running test id 1696 Test 1751 ran without errors but failed check that x equals y:
     > x = capture.output(fwrite(DT, verbose = FALSE))[-1]
     First 6 of 12 :[1] "4.6623917247682e-210" "4.74137339850716e-210" "4.74137339850783e-210"
     [4] "1.11255199825605e-308" "0" ""
     > y = tt
     First 6 of 12 :[1] "2016-09-28T15:30:00.000000070Z" "2016-09-29T23:59:00.000000001Z"
     [3] "2016-09-29T23:59:00.000000999Z" "1970-01-01T00:01:01.000001000Z"
     [5] "1970-01-01T00:00:00.000000000Z" "1969-12-31T23:59:59.999999999Z"
     12 string mismatches
    
     Error in eval(exprs[i], envir) :
     2 errors out of 5946 (lastID=1751, endian==little, sizeof(long double)==16, sizeof(pointer)==8) in inst/tests/tests.Rraw on Mon Aug 21 19:34:53 2017. Search tests.Rraw for test numbers: 1675.1, 1751.
     Calls: test.data.table -> sys.source -> eval -> eval
     Execution halted
Flavor: r-devel-linux-x86_64-debian-clang

Version: 1.10.4
Check: tests
Result: ERROR
     Running ‘autoprint.R’ [0s/0s]
     Comparing ‘autoprint.Rout’ to ‘autoprint.Rout.save’ ... OK
     Running ‘knitr.R’ [1s/1s]
     Comparing ‘knitr.Rout’ to ‘knitr.Rout.save’ ... OK
     Running ‘main.R’ [107s/104s]
    Running the tests in ‘tests/main.R’ failed.
    Complete output:
     > require(data.table)
     Loading required package: data.table
     > test.data.table() # runs the main test suite of 5,000+ tests in /inst/tests/tests.Rraw
     Running /home/hornik/tmp/R.check/r-devel-gcc/Work/build/Packages/data.table/tests/tests.Rraw
     Loading required package: bit64
     Loading required package: bit
     Attaching package bit
     package:bit (c) 2008-2012 Jens Oehlschlaegel (GPL-2)
     creators: bit bitwhich
     coercion: as.logical as.integer as.bit as.bitwhich which
     operator: ! & | xor != ==
     querying: print length any all min max range sum summary
     bit access: length<- [ [<- [[ [[<-
     for more help type ?bit
    
     Attaching package: 'bit'
    
     The following object is masked from 'package:data.table':
    
     setattr
    
     The following object is masked from 'package:base':
    
     xor
    
     Attaching package bit64
     package:bit64 (c) 2011-2012 Jens Oehlschlaegel
     creators: integer64 seq :
     coercion: as.integer64 as.vector as.logical as.integer as.double as.character as.bin
     logical operator: ! & | xor != == < <= >= >
     arithmetic operator: + - * / %/% %% ^
     math: sign abs sqrt log log2 log10
     math: floor ceiling trunc round
     querying: is.integer64 is.vector [is.atomic} [length] format print str
     values: is.na is.nan is.finite is.infinite
     aggregation: any all min max range sum prod
     cumulation: diff cummin cummax cumsum cumprod
     access: length<- [ [<- [[ [[<-
     combine: c rep cbind rbind as.data.frame
     WARNING don't use as subscripts
     WARNING semantics differ from integer
     for more help type ?bit64
    
     Attaching package: 'bit64'
    
     The following object is masked from 'package:bit':
    
     still.identical
    
     The following objects are masked from 'package:base':
    
     %in%, :, is.double, match, order, rank
    
     Loading required package: knitr
     Loading required package: nanotime
     Loading required package: chron
     Loading required package: ggplot2
     Loading required package: plyr
     Loading required package: reshape
    
     Attaching package: 'reshape'
    
     The following objects are masked from 'package:plyr':
    
     rename, round_any
    
     The following object is masked from 'package:data.table':
    
     melt
    
     Loading required package: reshape2
    
     Attaching package: 'reshape2'
    
     The following objects are masked from 'package:reshape':
    
     colsplit, melt, recast
    
     The following objects are masked from 'package:data.table':
    
     dcast, melt
    
     Loading required package: testthat
     Loading required package: hexbin
     Loading required package: fastmatch
     Loading required package: nlme
     Loading required package: GenomicRanges
     Loading required package: stats4
     Loading required package: BiocGenerics
     Loading required package: parallel
    
     Attaching package: 'BiocGenerics'
    
     The following objects are masked from 'package:parallel':
    
     clusterApply, clusterApplyLB, clusterCall, clusterEvalQ,
     clusterExport, clusterMap, parApply, parCapply, parLapply,
     parLapplyLB, parRapply, parSapply, parSapplyLB
    
     The following objects are masked from 'package:bit64':
    
     match, order, rank
    
     The following objects are masked from 'package:stats':
    
     IQR, mad, sd, var, xtabs
    
     The following objects are masked from 'package:base':
    
     Filter, Find, Map, Position, Reduce, anyDuplicated, append,
     as.data.frame, cbind, colMeans, colSums, colnames, do.call,
     duplicated, eval, evalq, get, grep, grepl, intersect, is.unsorted,
     lapply, lengths, mapply, match, mget, order, paste, pmax, pmax.int,
     pmin, pmin.int, rank, rbind, rowMeans, rowSums, rownames, sapply,
     setdiff, sort, table, tapply, union, unique, unsplit, which,
     which.max, which.min
    
     Loading required package: S4Vectors
    
     Attaching package: 'S4Vectors'
    
     The following objects are masked from 'package:reshape':
    
     expand, rename
    
     The following object is masked from 'package:plyr':
    
     rename
    
     The following objects are masked from 'package:data.table':
    
     first, second
    
     The following object is masked from 'package:base':
    
     expand.grid
    
     Loading required package: IRanges
    
     Attaching package: 'IRanges'
    
     The following object is masked from 'package:nlme':
    
     collapse
    
     The following object is masked from 'package:plyr':
    
     desc
    
     The following object is masked from 'package:data.table':
    
     shift
    
     Loading required package: GenomeInfoDb
     Loading required package: xts
     Loading required package: zoo
    
     Attaching package: 'zoo'
    
     The following objects are masked from 'package:base':
    
     as.Date, as.Date.numeric
    
    
     Attaching package: 'xts'
    
     The following object is masked from 'package:S4Vectors':
    
     first
    
     The following objects are masked from 'package:data.table':
    
     first, last
    
     Loading required package: gdata
     gdata: read.xls support for 'XLS' (Excel 97-2004) files ENABLED.
    
     gdata: read.xls support for 'XLSX' (Excel 2007+) files ENABLED.
    
     Attaching package: 'gdata'
    
     The following objects are masked from 'package:xts':
    
     first, last
    
     The following object is masked from 'package:GenomicRanges':
    
     trim
    
     The following object is masked from 'package:IRanges':
    
     trim
    
     The following objects are masked from 'package:S4Vectors':
    
     first, first<-
    
     The following object is masked from 'package:BiocGenerics':
    
     combine
    
     The following object is masked from 'package:stats4':
    
     nobs
    
     The following objects are masked from 'package:data.table':
    
     first, last
    
     The following object is masked from 'package:stats':
    
     nobs
    
     The following object is masked from 'package:utils':
    
     object.size
    
     The following object is masked from 'package:base':
    
     startsWith
    
     Loading required package: caret
     Loading required package: lattice
     Loading required package: curl
     Loading required package: plm
     Loading required package: Formula
    
     Attaching package: 'plm'
    
     The following object is masked from 'package:data.table':
    
     between
    
     Loading required package: rmarkdown
    
     Attaching package: 'reshape2'
    
     The following objects are masked _by_ 'package:data.table':
    
     dcast, melt
    
    
     Attaching package: 'reshape'
    
     The following objects are masked _by_ 'package:S4Vectors':
    
     expand, rename
    
     The following objects are masked _by_ 'package:plyr':
    
     rename, round_any
    
     The following object is masked _by_ 'package:data.table':
    
     melt
    
     The following objects are masked _by_ 'package:reshape2':
    
     colsplit, melt, recast
    
     Don't know how to automatically pick scale for object of type ITime. Defaulting to continuous.
     Don't know how to automatically pick scale for object of type ITime. Defaulting to continuous.
     Test 1675.1 ran without errors but failed check that x equals y:
     > x = as.integer(B[A, `:=`(bar, i.bar), on = "foo"]$bar)
     [1] 1 2 3 1 2 3
     > y = c(1:3, 1:2, NA)
     [1] 1 2 3 1 2 NA
     'is.NA' value mismatch: 1 in current 0 in target
    
    
     Running test id 1696 Test 1751 ran without errors but failed check that x equals y:
     > x = capture.output(fwrite(DT, verbose = FALSE))[-1]
     First 6 of 12 :[1] "4.6623917247682e-210" "4.74137339850716e-210" "4.74137339850783e-210"
     [4] "1.11255199825605e-308" "0" ""
     > y = tt
     First 6 of 12 :[1] "2016-09-28T15:30:00.000000070Z" "2016-09-29T23:59:00.000000001Z"
     [3] "2016-09-29T23:59:00.000000999Z" "1970-01-01T00:01:01.000001000Z"
     [5] "1970-01-01T00:00:00.000000000Z" "1969-12-31T23:59:59.999999999Z"
     12 string mismatches
    
     Error in eval(exprs[i], envir) :
     2 errors out of 5946 (lastID=1751, endian==little, sizeof(long double)==16, sizeof(pointer)==8) in inst/tests/tests.Rraw on Sun Aug 20 19:33:37 2017. Search tests.Rraw for test numbers: 1675.1, 1751.
     Calls: test.data.table -> sys.source -> eval -> eval
     Execution halted
Flavor: r-devel-linux-x86_64-debian-gcc

Version: 1.10.4
Check: tests
Result: ERROR
     Running ‘autoprint.R’
     Comparing ‘autoprint.Rout’ to ‘autoprint.Rout.save’ ... OK
     Running ‘knitr.R’
     Comparing ‘knitr.Rout’ to ‘knitr.Rout.save’ ... OK
     Running ‘main.R’ [290s/246s]
     Running ‘testthat.R’
    Running the tests in ‘tests/main.R’ failed.
    Complete output:
     > require(data.table)
     Loading required package: data.table
     > test.data.table() # runs the main test suite of 5,000+ tests in /inst/tests/tests.Rraw
     Running /data/gannet/ripley/R/packages/tests-clang/data.table.Rcheck/data.table/tests/tests.Rraw
     Loading required package: bit64
     Loading required package: bit
     Attaching package bit
     package:bit (c) 2008-2012 Jens Oehlschlaegel (GPL-2)
     creators: bit bitwhich
     coercion: as.logical as.integer as.bit as.bitwhich which
     operator: ! & | xor != ==
     querying: print length any all min max range sum summary
     bit access: length<- [ [<- [[ [[<-
     for more help type ?bit
    
     Attaching package: 'bit'
    
     The following object is masked from 'package:data.table':
    
     setattr
    
     The following object is masked from 'package:base':
    
     xor
    
     Attaching package bit64
     package:bit64 (c) 2011-2012 Jens Oehlschlaegel
     creators: integer64 seq :
     coercion: as.integer64 as.vector as.logical as.integer as.double as.character as.bin
     logical operator: ! & | xor != == < <= >= >
     arithmetic operator: + - * / %/% %% ^
     math: sign abs sqrt log log2 log10
     math: floor ceiling trunc round
     querying: is.integer64 is.vector [is.atomic} [length] format print str
     values: is.na is.nan is.finite is.infinite
     aggregation: any all min max range sum prod
     cumulation: diff cummin cummax cumsum cumprod
     access: length<- [ [<- [[ [[<-
     combine: c rep cbind rbind as.data.frame
     WARNING don't use as subscripts
     WARNING semantics differ from integer
     for more help type ?bit64
    
     Attaching package: 'bit64'
    
     The following object is masked from 'package:bit':
    
     still.identical
    
     The following objects are masked from 'package:base':
    
     %in%, :, is.double, match, order, rank
    
     Loading required package: knitr
     Loading required package: nanotime
     Loading required package: chron
     Loading required package: ggplot2
     Loading required package: plyr
     Loading required package: reshape
    
     Attaching package: 'reshape'
    
     The following objects are masked from 'package:plyr':
    
     rename, round_any
    
     The following object is masked from 'package:data.table':
    
     melt
    
     Loading required package: reshape2
    
     Attaching package: 'reshape2'
    
     The following objects are masked from 'package:reshape':
    
     colsplit, melt, recast
    
     The following objects are masked from 'package:data.table':
    
     dcast, melt
    
     Loading required package: testthat
     Loading required package: hexbin
     Loading required package: fastmatch
     Loading required package: nlme
     Loading required package: GenomicRanges
     Loading required package: stats4
     Loading required package: BiocGenerics
     Loading required package: parallel
    
     Attaching package: 'BiocGenerics'
    
     The following objects are masked from 'package:parallel':
    
     clusterApply, clusterApplyLB, clusterCall, clusterEvalQ,
     clusterExport, clusterMap, parApply, parCapply, parLapply,
     parLapplyLB, parRapply, parSapply, parSapplyLB
    
     The following objects are masked from 'package:bit64':
    
     match, order, rank
    
     The following objects are masked from 'package:stats':
    
     IQR, mad, sd, var, xtabs
    
     The following objects are masked from 'package:base':
    
     Filter, Find, Map, Position, Reduce, anyDuplicated, append,
     as.data.frame, cbind, colMeans, colSums, colnames, do.call,
     duplicated, eval, evalq, get, grep, grepl, intersect, is.unsorted,
     lapply, lengths, mapply, match, mget, order, paste, pmax, pmax.int,
     pmin, pmin.int, rank, rbind, rowMeans, rowSums, rownames, sapply,
     setdiff, sort, table, tapply, union, unique, unsplit, which,
     which.max, which.min
    
     Loading required package: S4Vectors
    
     Attaching package: 'S4Vectors'
    
     The following objects are masked from 'package:reshape':
    
     expand, rename
    
     The following object is masked from 'package:plyr':
    
     rename
    
     The following objects are masked from 'package:data.table':
    
     first, second
    
     The following object is masked from 'package:base':
    
     expand.grid
    
     Loading required package: IRanges
    
     Attaching package: 'IRanges'
    
     The following object is masked from 'package:nlme':
    
     collapse
    
     The following object is masked from 'package:plyr':
    
     desc
    
     The following object is masked from 'package:data.table':
    
     shift
    
     Loading required package: GenomeInfoDb
     Loading required package: xts
     Loading required package: zoo
    
     Attaching package: 'zoo'
    
     The following objects are masked from 'package:base':
    
     as.Date, as.Date.numeric
    
    
     Attaching package: 'xts'
    
     The following object is masked from 'package:S4Vectors':
    
     first
    
     The following objects are masked from 'package:data.table':
    
     first, last
    
     Loading required package: gdata
     gdata: read.xls support for 'XLS' (Excel 97-2004) files ENABLED.
    
     gdata: read.xls support for 'XLSX' (Excel 2007+) files ENABLED.
    
     Attaching package: 'gdata'
    
     The following objects are masked from 'package:xts':
    
     first, last
    
     The following object is masked from 'package:GenomicRanges':
    
     trim
    
     The following object is masked from 'package:IRanges':
    
     trim
    
     The following objects are masked from 'package:S4Vectors':
    
     first, first<-
    
     The following object is masked from 'package:BiocGenerics':
    
     combine
    
     The following object is masked from 'package:stats4':
    
     nobs
    
     The following objects are masked from 'package:data.table':
    
     first, last
    
     The following object is masked from 'package:stats':
    
     nobs
    
     The following object is masked from 'package:utils':
    
     object.size
    
     The following object is masked from 'package:base':
    
     startsWith
    
     Loading required package: caret
     Loading required package: lattice
     Loading required package: curl
     Loading required package: plm
     Loading required package: Formula
    
     Attaching package: 'plm'
    
     The following object is masked from 'package:data.table':
    
     between
    
     Loading required package: rmarkdown
    
     Attaching package: 'reshape2'
    
     The following objects are masked _by_ 'package:data.table':
    
     dcast, melt
    
    
     Attaching package: 'reshape'
    
     The following objects are masked _by_ 'package:S4Vectors':
    
     expand, rename
    
     The following objects are masked _by_ 'package:plyr':
    
     rename, round_any
    
     The following object is masked _by_ 'package:data.table':
    
     melt
    
     The following objects are masked _by_ 'package:reshape2':
    
     colsplit, melt, recast
    
     Don't know how to automatically pick scale for object of type ITime. Defaulting to continuous.
     Don't know how to automatically pick scale for object of type ITime. Defaulting to continuous.
     Test 1675.1 ran without errors but failed check that x equals y:
     > x = as.integer(B[A, `:=`(bar, i.bar), on = "foo"]$bar)
     [1] 1 2 3 1 2 3
     > y = c(1:3, 1:2, NA)
     [1] 1 2 3 1 2 NA
     'is.NA' value mismatch: 1 in current 0 in target
    
    
     Running test id 1696 Test 1751 ran without errors but failed check that x equals y:
     > x = capture.output(fwrite(DT, verbose = FALSE))[-1]
     First 6 of 12 :[1] "4.6623917247682e-210" "4.74137339850716e-210" "4.74137339850783e-210"
     [4] "1.11255199825605e-308" "0" ""
     > y = tt
     First 6 of 12 :[1] "2016-09-28T15:30:00.000000070Z" "2016-09-29T23:59:00.000000001Z"
     [3] "2016-09-29T23:59:00.000000999Z" "1970-01-01T00:01:01.000001000Z"
     [5] "1970-01-01T00:00:00.000000000Z" "1969-12-31T23:59:59.999999999Z"
     12 string mismatches
    
     Error in eval(exprs[i], envir) :
     2 errors out of 5946 (lastID=1751, endian==little, sizeof(long double)==16, sizeof(pointer)==8) in inst/tests/tests.Rraw on Tue Aug 22 01:12:45 2017. Search tests.Rraw for test numbers: 1675.1, 1751.
     Calls: test.data.table -> sys.source -> eval -> eval
     Execution halted
Flavor: r-devel-linux-x86_64-fedora-clang

Version: 1.10.4
Check: tests
Result: ERROR
     Running ‘autoprint.R’
     Comparing ‘autoprint.Rout’ to ‘autoprint.Rout.save’ ... OK
     Running ‘knitr.R’
     Comparing ‘knitr.Rout’ to ‘knitr.Rout.save’ ... OK
     Running ‘main.R’ [210s/243s]
     Running ‘testthat.R’
    Running the tests in ‘tests/main.R’ failed.
    Complete output:
     > require(data.table)
     Loading required package: data.table
     > test.data.table() # runs the main test suite of 5,000+ tests in /inst/tests/tests.Rraw
     Running /data/gannet/ripley/R/packages/tests-devel/data.table.Rcheck/data.table/tests/tests.Rraw
     Loading required package: bit64
     Loading required package: bit
     Attaching package bit
     package:bit (c) 2008-2012 Jens Oehlschlaegel (GPL-2)
     creators: bit bitwhich
     coercion: as.logical as.integer as.bit as.bitwhich which
     operator: ! & | xor != ==
     querying: print length any all min max range sum summary
     bit access: length<- [ [<- [[ [[<-
     for more help type ?bit
    
     Attaching package: 'bit'
    
     The following object is masked from 'package:data.table':
    
     setattr
    
     The following object is masked from 'package:base':
    
     xor
    
     Attaching package bit64
     package:bit64 (c) 2011-2012 Jens Oehlschlaegel
     creators: integer64 seq :
     coercion: as.integer64 as.vector as.logical as.integer as.double as.character as.bin
     logical operator: ! & | xor != == < <= >= >
     arithmetic operator: + - * / %/% %% ^
     math: sign abs sqrt log log2 log10
     math: floor ceiling trunc round
     querying: is.integer64 is.vector [is.atomic} [length] format print str
     values: is.na is.nan is.finite is.infinite
     aggregation: any all min max range sum prod
     cumulation: diff cummin cummax cumsum cumprod
     access: length<- [ [<- [[ [[<-
     combine: c rep cbind rbind as.data.frame
     WARNING don't use as subscripts
     WARNING semantics differ from integer
     for more help type ?bit64
    
     Attaching package: 'bit64'
    
     The following object is masked from 'package:bit':
    
     still.identical
    
     The following objects are masked from 'package:base':
    
     %in%, :, is.double, match, order, rank
    
     Loading required package: knitr
     Loading required package: nanotime
     Loading required package: chron
     Loading required package: ggplot2
     Loading required package: plyr
     Loading required package: reshape
    
     Attaching package: 'reshape'
    
     The following objects are masked from 'package:plyr':
    
     rename, round_any
    
     The following object is masked from 'package:data.table':
    
     melt
    
     Loading required package: reshape2
    
     Attaching package: 'reshape2'
    
     The following objects are masked from 'package:reshape':
    
     colsplit, melt, recast
    
     The following objects are masked from 'package:data.table':
    
     dcast, melt
    
     Loading required package: testthat
     Loading required package: hexbin
     Loading required package: fastmatch
     Loading required package: nlme
     Loading required package: GenomicRanges
     Loading required package: stats4
     Loading required package: BiocGenerics
     Loading required package: parallel
    
     Attaching package: 'BiocGenerics'
    
     The following objects are masked from 'package:parallel':
    
     clusterApply, clusterApplyLB, clusterCall, clusterEvalQ,
     clusterExport, clusterMap, parApply, parCapply, parLapply,
     parLapplyLB, parRapply, parSapply, parSapplyLB
    
     The following objects are masked from 'package:bit64':
    
     match, order, rank
    
     The following objects are masked from 'package:stats':
    
     IQR, mad, sd, var, xtabs
    
     The following objects are masked from 'package:base':
    
     Filter, Find, Map, Position, Reduce, anyDuplicated, append,
     as.data.frame, cbind, colMeans, colSums, colnames, do.call,
     duplicated, eval, evalq, get, grep, grepl, intersect, is.unsorted,
     lapply, lengths, mapply, match, mget, order, paste, pmax, pmax.int,
     pmin, pmin.int, rank, rbind, rowMeans, rowSums, rownames, sapply,
     setdiff, sort, table, tapply, union, unique, unsplit, which,
     which.max, which.min
    
     Loading required package: S4Vectors
    
     Attaching package: 'S4Vectors'
    
     The following objects are masked from 'package:reshape':
    
     expand, rename
    
     The following object is masked from 'package:plyr':
    
     rename
    
     The following objects are masked from 'package:data.table':
    
     first, second
    
     The following object is masked from 'package:base':
    
     expand.grid
    
     Loading required package: IRanges
    
     Attaching package: 'IRanges'
    
     The following object is masked from 'package:nlme':
    
     collapse
    
     The following object is masked from 'package:plyr':
    
     desc
    
     The following object is masked from 'package:data.table':
    
     shift
    
     Loading required package: GenomeInfoDb
     Loading required package: xts
     Loading required package: zoo
    
     Attaching package: 'zoo'
    
     The following objects are masked from 'package:base':
    
     as.Date, as.Date.numeric
    
    
     Attaching package: 'xts'
    
     The following object is masked from 'package:S4Vectors':
    
     first
    
     The following objects are masked from 'package:data.table':
    
     first, last
    
     Loading required package: gdata
     gdata: read.xls support for 'XLS' (Excel 97-2004) files ENABLED.
    
     gdata: read.xls support for 'XLSX' (Excel 2007+) files ENABLED.
    
     Attaching package: 'gdata'
    
     The following objects are masked from 'package:xts':
    
     first, last
    
     The following object is masked from 'package:GenomicRanges':
    
     trim
    
     The following object is masked from 'package:IRanges':
    
     trim
    
     The following objects are masked from 'package:S4Vectors':
    
     first, first<-
    
     The following object is masked from 'package:BiocGenerics':
    
     combine
    
     The following object is masked from 'package:stats4':
    
     nobs
    
     The following objects are masked from 'package:data.table':
    
     first, last
    
     The following object is masked from 'package:stats':
    
     nobs
    
     The following object is masked from 'package:utils':
    
     object.size
    
     The following object is masked from 'package:base':
    
     startsWith
    
     Loading required package: caret
     Loading required package: lattice
     Loading required package: curl
     Loading required package: plm
     Loading required package: Formula
    
     Attaching package: 'plm'
    
     The following object is masked from 'package:data.table':
    
     between
    
     Loading required package: rmarkdown
    
     Attaching package: 'reshape2'
    
     The following objects are masked _by_ 'package:data.table':
    
     dcast, melt
    
    
     Attaching package: 'reshape'
    
     The following objects are masked _by_ 'package:S4Vectors':
    
     expand, rename
    
     The following objects are masked _by_ 'package:plyr':
    
     rename, round_any
    
     The following object is masked _by_ 'package:data.table':
    
     melt
    
     The following objects are masked _by_ 'package:reshape2':
    
     colsplit, melt, recast
    
     Don't know how to automatically pick scale for object of type ITime. Defaulting to continuous.
     Don't know how to automatically pick scale for object of type ITime. Defaulting to continuous.
     Test 1675.1 ran without errors but failed check that x equals y:
     > x = as.integer(B[A, `:=`(bar, i.bar), on = "foo"]$bar)
     [1] 1 2 3 1 2 3
     > y = c(1:3, 1:2, NA)
     [1] 1 2 3 1 2 NA
     'is.NA' value mismatch: 1 in current 0 in target
    
    
     Running test id 1696 Test 1751 ran without errors but failed check that x equals y:
     > x = capture.output(fwrite(DT, verbose = FALSE))[-1]
     First 6 of 12 :[1] "4.6623917247682e-210" "4.74137339850716e-210" "4.74137339850783e-210"
     [4] "1.11255199825605e-308" "0" ""
     > y = tt
     First 6 of 12 :[1] "2016-09-28T15:30:00.000000070Z" "2016-09-29T23:59:00.000000001Z"
     [3] "2016-09-29T23:59:00.000000999Z" "1970-01-01T00:01:01.000001000Z"
     [5] "1970-01-01T00:00:00.000000000Z" "1969-12-31T23:59:59.999999999Z"
     12 string mismatches
    
     Error in eval(exprs[i], envir) :
     2 errors out of 5946 (lastID=1751, endian==little, sizeof(long double)==16, sizeof(pointer)==8) in inst/tests/tests.Rraw on Sat Aug 12 14:35:47 2017. Search tests.Rraw for test numbers: 1675.1, 1751.
     Calls: test.data.table -> sys.source -> eval -> eval
     Execution halted
Flavor: r-devel-linux-x86_64-fedora-gcc

Version: 1.10.4
Check: running tests for arch ‘i386’
Result: ERROR
     Running 'autoprint.R' [0s]
     Comparing 'autoprint.Rout' to 'autoprint.Rout.save' ... OK
     Running 'knitr.R' [1s]
     Comparing 'knitr.Rout' to 'knitr.Rout.save' ... OK
     Running 'main.R' [128s]
     Running 'testthat.R' [1s]
    Running the tests in 'tests/main.R' failed.
    Last 13 lines of output:
    
     Running test id 1696 Test 1751 ran without errors but failed check that x equals y:
     > x = capture.output(fwrite(DT, verbose = FALSE))[-1]
     First 6 of 12 :[1] "4.6623917247682e-210" "4.74137339850716e-210" "4.74137339850783e-210"
     [4] "1.11255199825605e-308" "0" ""
     > y = tt
     First 6 of 12 :[1] "2016-09-28T15:30:00.000000070Z" "2016-09-29T23:59:00.000000001Z"
     [3] "2016-09-29T23:59:00.000000999Z" "1970-01-01T00:01:01.000001000Z"
     [5] "1970-01-01T00:00:00.000000000Z" "1969-12-31T23:59:59.999999999Z"
     12 string mismatches
    
     Error in eval(exprs[i], envir) :
     2 errors out of 5744 (lastID=1751, endian==little, sizeof(long double)==12, sizeof(pointer)==4) in inst/tests/tests.Rraw on Tue Aug 22 08:35:37 2017. Search tests.Rraw for test numbers: 1675.1, 1751.
     Calls: test.data.table -> sys.source -> eval -> eval
     Execution halted
Flavor: r-devel-windows-ix86+x86_64

Version: 1.10.4
Check: running tests for arch ‘x64’
Result: ERROR
     Running 'autoprint.R' [1s]
     Comparing 'autoprint.Rout' to 'autoprint.Rout.save' ... OK
     Running 'knitr.R' [1s]
     Comparing 'knitr.Rout' to 'knitr.Rout.save' ... OK
     Running 'main.R' [163s]
     Running 'testthat.R' [2s]
    Running the tests in 'tests/main.R' failed.
    Last 13 lines of output:
    
     Running test id 1696 Test 1751 ran without errors but failed check that x equals y:
     > x = capture.output(fwrite(DT, verbose = FALSE))[-1]
     First 6 of 12 :[1] "4.6623917247682e-210" "4.74137339850716e-210" "4.74137339850783e-210"
     [4] "1.11255199825605e-308" "0" ""
     > y = tt
     First 6 of 12 :[1] "2016-09-28T15:30:00.000000070Z" "2016-09-29T23:59:00.000000001Z"
     [3] "2016-09-29T23:59:00.000000999Z" "1970-01-01T00:01:01.000001000Z"
     [5] "1970-01-01T00:00:00.000000000Z" "1969-12-31T23:59:59.999999999Z"
     12 string mismatches
    
     Error in eval(exprs[i], envir) :
     2 errors out of 5751 (lastID=1751, endian==little, sizeof(long double)==16, sizeof(pointer)==8) in inst/tests/tests.Rraw on Tue Aug 22 08:38:25 2017. Search tests.Rraw for test numbers: 1675.1, 1751.
     Calls: test.data.table -> sys.source -> eval -> eval
     Execution halted
Flavor: r-devel-windows-ix86+x86_64

Version: 1.10.4
Check: tests
Result: ERROR
     Running ‘autoprint.R’ [0s/0s]
     Comparing ‘autoprint.Rout’ to ‘autoprint.Rout.save’ ... OK
     Running ‘knitr.R’ [1s/1s]
     Comparing ‘knitr.Rout’ to ‘knitr.Rout.save’ ... OK
     Running ‘main.R’ [108s/106s]
    Running the tests in ‘tests/main.R’ failed.
    Complete output:
     > require(data.table)
     Loading required package: data.table
     > test.data.table() # runs the main test suite of 5,000+ tests in /inst/tests/tests.Rraw
     Running /home/hornik/tmp/R.check/r-patched-gcc/Work/build/Packages/data.table/tests/tests.Rraw
     Loading required package: bit64
     Loading required package: bit
     Attaching package bit
     package:bit (c) 2008-2012 Jens Oehlschlaegel (GPL-2)
     creators: bit bitwhich
     coercion: as.logical as.integer as.bit as.bitwhich which
     operator: ! & | xor != ==
     querying: print length any all min max range sum summary
     bit access: length<- [ [<- [[ [[<-
     for more help type ?bit
    
     Attaching package: 'bit'
    
     The following object is masked from 'package:data.table':
    
     setattr
    
     The following object is masked from 'package:base':
    
     xor
    
     Attaching package bit64
     package:bit64 (c) 2011-2012 Jens Oehlschlaegel
     creators: integer64 seq :
     coercion: as.integer64 as.vector as.logical as.integer as.double as.character as.bin
     logical operator: ! & | xor != == < <= >= >
     arithmetic operator: + - * / %/% %% ^
     math: sign abs sqrt log log2 log10
     math: floor ceiling trunc round
     querying: is.integer64 is.vector [is.atomic} [length] format print str
     values: is.na is.nan is.finite is.infinite
     aggregation: any all min max range sum prod
     cumulation: diff cummin cummax cumsum cumprod
     access: length<- [ [<- [[ [[<-
     combine: c rep cbind rbind as.data.frame
     WARNING don't use as subscripts
     WARNING semantics differ from integer
     for more help type ?bit64
    
     Attaching package: 'bit64'
    
     The following object is masked from 'package:bit':
    
     still.identical
    
     The following objects are masked from 'package:base':
    
     %in%, :, is.double, match, order, rank
    
     Loading required package: knitr
     Loading required package: nanotime
     Loading required package: chron
     Loading required package: ggplot2
     Loading required package: plyr
     Loading required package: reshape
    
     Attaching package: 'reshape'
    
     The following objects are masked from 'package:plyr':
    
     rename, round_any
    
     The following object is masked from 'package:data.table':
    
     melt
    
     Loading required package: reshape2
    
     Attaching package: 'reshape2'
    
     The following objects are masked from 'package:reshape':
    
     colsplit, melt, recast
    
     The following objects are masked from 'package:data.table':
    
     dcast, melt
    
     Loading required package: testthat
     Loading required package: hexbin
     Loading required package: fastmatch
     Loading required package: nlme
     Loading required package: GenomicRanges
     Loading required package: stats4
     Loading required package: BiocGenerics
     Loading required package: parallel
    
     Attaching package: 'BiocGenerics'
    
     The following objects are masked from 'package:parallel':
    
     clusterApply, clusterApplyLB, clusterCall, clusterEvalQ,
     clusterExport, clusterMap, parApply, parCapply, parLapply,
     parLapplyLB, parRapply, parSapply, parSapplyLB
    
     The following objects are masked from 'package:bit64':
    
     match, order, rank
    
     The following objects are masked from 'package:stats':
    
     IQR, mad, sd, var, xtabs
    
     The following objects are masked from 'package:base':
    
     Filter, Find, Map, Position, Reduce, anyDuplicated, append,
     as.data.frame, cbind, colMeans, colSums, colnames, do.call,
     duplicated, eval, evalq, get, grep, grepl, intersect, is.unsorted,
     lapply, lengths, mapply, match, mget, order, paste, pmax, pmax.int,
     pmin, pmin.int, rank, rbind, rowMeans, rowSums, rownames, sapply,
     setdiff, sort, table, tapply, union, unique, unsplit, which,
     which.max, which.min
    
     Loading required package: S4Vectors
    
     Attaching package: 'S4Vectors'
    
     The following objects are masked from 'package:reshape':
    
     expand, rename
    
     The following object is masked from 'package:plyr':
    
     rename
    
     The following objects are masked from 'package:data.table':
    
     first, second
    
     The following object is masked from 'package:base':
    
     expand.grid
    
     Loading required package: IRanges
    
     Attaching package: 'IRanges'
    
     The following object is masked from 'package:nlme':
    
     collapse
    
     The following object is masked from 'package:plyr':
    
     desc
    
     The following object is masked from 'package:data.table':
    
     shift
    
     Loading required package: GenomeInfoDb
     Loading required package: xts
     Loading required package: zoo
    
     Attaching package: 'zoo'
    
     The following objects are masked from 'package:base':
    
     as.Date, as.Date.numeric
    
    
     Attaching package: 'xts'
    
     The following object is masked from 'package:S4Vectors':
    
     first
    
     The following objects are masked from 'package:data.table':
    
     first, last
    
     Loading required package: gdata
     gdata: read.xls support for 'XLS' (Excel 97-2004) files ENABLED.
    
     gdata: read.xls support for 'XLSX' (Excel 2007+) files ENABLED.
    
     Attaching package: 'gdata'
    
     The following objects are masked from 'package:xts':
    
     first, last
    
     The following object is masked from 'package:GenomicRanges':
    
     trim
    
     The following object is masked from 'package:IRanges':
    
     trim
    
     The following objects are masked from 'package:S4Vectors':
    
     first, first<-
    
     The following object is masked from 'package:BiocGenerics':
    
     combine
    
     The following object is masked from 'package:stats4':
    
     nobs
    
     The following objects are masked from 'package:data.table':
    
     first, last
    
     The following object is masked from 'package:stats':
    
     nobs
    
     The following object is masked from 'package:utils':
    
     object.size
    
     The following object is masked from 'package:base':
    
     startsWith
    
     Loading required package: caret
     Loading required package: lattice
     Loading required package: curl
     Loading required package: plm
     Loading required package: Formula
    
     Attaching package: 'plm'
    
     The following object is masked from 'package:data.table':
    
     between
    
     Loading required package: rmarkdown
    
     Attaching package: 'reshape2'
    
     The following objects are masked _by_ 'package:data.table':
    
     dcast, melt
    
    
     Attaching package: 'reshape'
    
     The following objects are masked _by_ 'package:S4Vectors':
    
     expand, rename
    
     The following objects are masked _by_ 'package:plyr':
    
     rename, round_any
    
     The following object is masked _by_ 'package:data.table':
    
     melt
    
     The following objects are masked _by_ 'package:reshape2':
    
     colsplit, melt, recast
    
     Don't know how to automatically pick scale for object of type ITime. Defaulting to continuous.
     Don't know how to automatically pick scale for object of type ITime. Defaulting to continuous.
     Test 1477.5 Error in strsplit(ll, ",", fixed = TRUE) : non-character argument
    
    
     Running test id 1696 Test 1751 ran without errors but failed check that x equals y:
     > x = capture.output(fwrite(DT, verbose = FALSE))[-1]
     First 6 of 12 :[1] "4.6623917247682e-210" "4.74137339850716e-210" "4.74137339850783e-210"
     [4] "1.11255199825605e-308" "0" ""
     > y = tt
     First 6 of 12 :[1] "2016-09-28T15:30:00.000000070Z" "2016-09-29T23:59:00.000000001Z"
     [3] "2016-09-29T23:59:00.000000999Z" "1970-01-01T00:01:01.000001000Z"
     [5] "1970-01-01T00:00:00.000000000Z" "1969-12-31T23:59:59.999999999Z"
     12 string mismatches
    
     Error in eval(exprs[i], envir) :
     2 errors out of 5946 (lastID=1751, endian==little, sizeof(long double)==16, sizeof(pointer)==8) in inst/tests/tests.Rraw on Mon Aug 21 07:34:07 2017. Search tests.Rraw for test numbers: 1477.5, 1751.
     Calls: test.data.table -> sys.source -> eval -> eval
     Execution halted
Flavor: r-patched-linux-x86_64

Version: 1.10.4
Check: tests
Result: ERROR
     Running ‘autoprint.R’
     Comparing ‘autoprint.Rout’ to ‘autoprint.Rout.save’ ... OK
     Running ‘knitr.R’
     Comparing ‘knitr.Rout’ to ‘knitr.Rout.save’ ... OK
     Running ‘main.R’ [247s/314s]
     Running ‘testthat.R’
    Running the tests in ‘tests/main.R’ failed.
    Complete output:
     > require(data.table)
     Loading required package: data.table
     > test.data.table() # runs the main test suite of 5,000+ tests in /inst/tests/tests.Rraw
     Running /home/ripley/R/Lib32/data.table/tests/tests.Rraw
     Loading required package: bit64
     Loading required package: bit
     Attaching package bit
     package:bit (c) 2008-2012 Jens Oehlschlaegel (GPL-2)
     creators: bit bitwhich
     coercion: as.logical as.integer as.bit as.bitwhich which
     operator: ! & | xor != ==
     querying: print length any all min max range sum summary
     bit access: length<- [ [<- [[ [[<-
     for more help type ?bit
    
     Attaching package: 'bit'
    
     The following object is masked from 'package:data.table':
    
     setattr
    
     The following object is masked from 'package:base':
    
     xor
    
     Attaching package bit64
     package:bit64 (c) 2011-2012 Jens Oehlschlaegel
     creators: integer64 seq :
     coercion: as.integer64 as.vector as.logical as.integer as.double as.character as.bin
     logical operator: ! & | xor != == < <= >= >
     arithmetic operator: + - * / %/% %% ^
     math: sign abs sqrt log log2 log10
     math: floor ceiling trunc round
     querying: is.integer64 is.vector [is.atomic} [length] format print str
     values: is.na is.nan is.finite is.infinite
     aggregation: any all min max range sum prod
     cumulation: diff cummin cummax cumsum cumprod
     access: length<- [ [<- [[ [[<-
     combine: c rep cbind rbind as.data.frame
     WARNING don't use as subscripts
     WARNING semantics differ from integer
     for more help type ?bit64
    
     Attaching package: 'bit64'
    
     The following object is masked from 'package:bit':
    
     still.identical
    
     The following objects are masked from 'package:base':
    
     %in%, :, is.double, match, order, rank
    
     Loading required package: knitr
     Loading required package: nanotime
     Loading required package: chron
     Loading required package: ggplot2
     Loading required package: plyr
     Loading required package: reshape
    
     Attaching package: 'reshape'
    
     The following objects are masked from 'package:plyr':
    
     rename, round_any
    
     The following object is masked from 'package:data.table':
    
     melt
    
     Loading required package: reshape2
    
     Attaching package: 'reshape2'
    
     The following objects are masked from 'package:reshape':
    
     colsplit, melt, recast
    
     The following objects are masked from 'package:data.table':
    
     dcast, melt
    
     Loading required package: testthat
     Loading required package: hexbin
     Loading required package: fastmatch
     Loading required package: nlme
     Loading required package: GenomicRanges
     Loading required package: stats4
     Loading required package: BiocGenerics
     Loading required package: parallel
    
     Attaching package: 'BiocGenerics'
    
     The following objects are masked from 'package:parallel':
    
     clusterApply, clusterApplyLB, clusterCall, clusterEvalQ,
     clusterExport, clusterMap, parApply, parCapply, parLapply,
     parLapplyLB, parRapply, parSapply, parSapplyLB
    
     The following objects are masked from 'package:bit64':
    
     match, order, rank
    
     The following objects are masked from 'package:stats':
    
     IQR, mad, sd, var, xtabs
    
     The following objects are masked from 'package:base':
    
     Filter, Find, Map, Position, Reduce, anyDuplicated, append,
     as.data.frame, cbind, colMeans, colSums, colnames, do.call,
     duplicated, eval, evalq, get, grep, grepl, intersect, is.unsorted,
     lapply, lengths, mapply, match, mget, order, paste, pmax, pmax.int,
     pmin, pmin.int, rank, rbind, rowMeans, rowSums, rownames, sapply,
     setdiff, sort, table, tapply, union, unique, unsplit, which,
     which.max, which.min
    
     Loading required package: S4Vectors
    
     Attaching package: 'S4Vectors'
    
     The following objects are masked from 'package:reshape':
    
     expand, rename
    
     The following object is masked from 'package:plyr':
    
     rename
    
     The following objects are masked from 'package:data.table':
    
     first, second
    
     The following object is masked from 'package:base':
    
     expand.grid
    
     Loading required package: IRanges
    
     Attaching package: 'IRanges'
    
     The following object is masked from 'package:nlme':
    
     collapse
    
     The following object is masked from 'package:plyr':
    
     desc
    
     The following object is masked from 'package:data.table':
    
     shift
    
     Loading required package: GenomeInfoDb
     Loading required package: xts
     Loading required package: zoo
    
     Attaching package: 'zoo'
    
     The following objects are masked from 'package:base':
    
     as.Date, as.Date.numeric
    
    
     Attaching package: 'xts'
    
     The following object is masked from 'package:S4Vectors':
    
     first
    
     The following objects are masked from 'package:data.table':
    
     first, last
    
     Loading required package: gdata
     gdata: read.xls support for 'XLS' (Excel 97-2004) files ENABLED.
    
     gdata: Unable to load perl libaries needed by read.xls()
     gdata: to support 'XLSX' (Excel 2007+) files.
    
     gdata: Run the function 'installXLSXsupport()'
     gdata: to automatically download and install the perl
     gdata: libaries needed to support Excel XLS and XLSX formats.
    
     Attaching package: 'gdata'
    
     The following objects are masked from 'package:xts':
    
     first, last
    
     The following object is masked from 'package:GenomicRanges':
    
     trim
    
     The following object is masked from 'package:IRanges':
    
     trim
    
     The following objects are masked from 'package:S4Vectors':
    
     first, first<-
    
     The following object is masked from 'package:BiocGenerics':
    
     combine
    
     The following object is masked from 'package:stats4':
    
     nobs
    
     The following objects are masked from 'package:data.table':
    
     first, last
    
     The following object is masked from 'package:stats':
    
     nobs
    
     The following object is masked from 'package:utils':
    
     object.size
    
     The following object is masked from 'package:base':
    
     startsWith
    
     Loading required package: caret
     Loading required package: lattice
     Loading required package: curl
     Loading required package: plm
     Loading required package: Formula
    
     Attaching package: 'plm'
    
     The following object is masked from 'package:data.table':
    
     between
    
     Loading required package: rmarkdown
    
     Attaching package: 'reshape2'
    
     The following objects are masked _by_ 'package:data.table':
    
     dcast, melt
    
    
     Attaching package: 'reshape'
    
     The following objects are masked _by_ 'package:S4Vectors':
    
     expand, rename
    
     The following objects are masked _by_ 'package:plyr':
    
     rename, round_any
    
     The following object is masked _by_ 'package:data.table':
    
     melt
    
     The following objects are masked _by_ 'package:reshape2':
    
     colsplit, melt, recast
    
     Don't know how to automatically pick scale for object of type ITime. Defaulting to continuous.
     Don't know how to automatically pick scale for object of type ITime. Defaulting to continuous.
     Tests 1441-1444 not run. If required install the 'fr_FR.utf8' locale.
     Test 1477.5 Error in strsplit(ll, ",", fixed = TRUE) : non-character argument
    
    
     Running test id 1696 Test 1751 ran without errors but failed check that x equals y:
     > x = capture.output(fwrite(DT, verbose = FALSE))[-1]
     First 6 of 12 :[1] "4.6623917247682e-210" "4.74137339850716e-210" "4.74137339850783e-210"
     [4] "1.11255199825605e-308" "0" ""
     > y = tt
     First 6 of 12 :[1] "2016-09-28T15:30:00.000000070Z" "2016-09-29T23:59:00.000000001Z"
     [3] "2016-09-29T23:59:00.000000999Z" "1970-01-01T00:01:01.000001000Z"
     [5] "1970-01-01T00:00:00.000000000Z" "1969-12-31T23:59:59.999999999Z"
     12 string mismatches
    
     Error in eval(exprs[i], envir) :
     2 errors out of 5931 (lastID=1751, endian==little, sizeof(long double)==12, sizeof(pointer)==4) in inst/tests/tests.Rraw on Fri Aug 11 02:11:43 2017. Search tests.Rraw for test numbers: 1477.5, 1751.
     Calls: test.data.table -> sys.source -> eval -> eval
     Execution halted
Flavor: r-patched-solaris-x86

Version: 1.10.4
Check: tests
Result: ERROR
     Running ‘autoprint.R’ [0s/0s]
     Comparing ‘autoprint.Rout’ to ‘autoprint.Rout.save’ ... OK
     Running ‘knitr.R’ [1s/1s]
     Comparing ‘knitr.Rout’ to ‘knitr.Rout.save’ ... OK
     Running ‘main.R’ [105s/103s]
    Running the tests in ‘tests/main.R’ failed.
    Complete output:
     > require(data.table)
     Loading required package: data.table
     > test.data.table() # runs the main test suite of 5,000+ tests in /inst/tests/tests.Rraw
     Running /home/hornik/tmp/R.check/r-release-gcc/Work/build/Packages/data.table/tests/tests.Rraw
     Loading required package: bit64
     Loading required package: bit
     Attaching package bit
     package:bit (c) 2008-2012 Jens Oehlschlaegel (GPL-2)
     creators: bit bitwhich
     coercion: as.logical as.integer as.bit as.bitwhich which
     operator: ! & | xor != ==
     querying: print length any all min max range sum summary
     bit access: length<- [ [<- [[ [[<-
     for more help type ?bit
    
     Attaching package: 'bit'
    
     The following object is masked from 'package:data.table':
    
     setattr
    
     The following object is masked from 'package:base':
    
     xor
    
     Attaching package bit64
     package:bit64 (c) 2011-2012 Jens Oehlschlaegel
     creators: integer64 seq :
     coercion: as.integer64 as.vector as.logical as.integer as.double as.character as.bin
     logical operator: ! & | xor != == < <= >= >
     arithmetic operator: + - * / %/% %% ^
     math: sign abs sqrt log log2 log10
     math: floor ceiling trunc round
     querying: is.integer64 is.vector [is.atomic} [length] format print str
     values: is.na is.nan is.finite is.infinite
     aggregation: any all min max range sum prod
     cumulation: diff cummin cummax cumsum cumprod
     access: length<- [ [<- [[ [[<-
     combine: c rep cbind rbind as.data.frame
     WARNING don't use as subscripts
     WARNING semantics differ from integer
     for more help type ?bit64
    
     Attaching package: 'bit64'
    
     The following object is masked from 'package:bit':
    
     still.identical
    
     The following objects are masked from 'package:base':
    
     %in%, :, is.double, match, order, rank
    
     Loading required package: knitr
     Loading required package: nanotime
     Loading required package: chron
     Loading required package: ggplot2
     Loading required package: plyr
     Loading required package: reshape
    
     Attaching package: 'reshape'
    
     The following objects are masked from 'package:plyr':
    
     rename, round_any
    
     The following object is masked from 'package:data.table':
    
     melt
    
     Loading required package: reshape2
    
     Attaching package: 'reshape2'
    
     The following objects are masked from 'package:reshape':
    
     colsplit, melt, recast
    
     The following objects are masked from 'package:data.table':
    
     dcast, melt
    
     Loading required package: testthat
     Loading required package: hexbin
     Loading required package: fastmatch
     Loading required package: nlme
     Loading required package: GenomicRanges
     Loading required package: stats4
     Loading required package: BiocGenerics
     Loading required package: parallel
    
     Attaching package: 'BiocGenerics'
    
     The following objects are masked from 'package:parallel':
    
     clusterApply, clusterApplyLB, clusterCall, clusterEvalQ,
     clusterExport, clusterMap, parApply, parCapply, parLapply,
     parLapplyLB, parRapply, parSapply, parSapplyLB
    
     The following objects are masked from 'package:bit64':
    
     match, order, rank
    
     The following objects are masked from 'package:stats':
    
     IQR, mad, sd, var, xtabs
    
     The following objects are masked from 'package:base':
    
     Filter, Find, Map, Position, Reduce, anyDuplicated, append,
     as.data.frame, cbind, colMeans, colSums, colnames, do.call,
     duplicated, eval, evalq, get, grep, grepl, intersect, is.unsorted,
     lapply, lengths, mapply, match, mget, order, paste, pmax, pmax.int,
     pmin, pmin.int, rank, rbind, rowMeans, rowSums, rownames, sapply,
     setdiff, sort, table, tapply, union, unique, unsplit, which,
     which.max, which.min
    
     Loading required package: S4Vectors
    
     Attaching package: 'S4Vectors'
    
     The following objects are masked from 'package:reshape':
    
     expand, rename
    
     The following object is masked from 'package:plyr':
    
     rename
    
     The following objects are masked from 'package:data.table':
    
     first, second
    
     The following object is masked from 'package:base':
    
     expand.grid
    
     Loading required package: IRanges
    
     Attaching package: 'IRanges'
    
     The following object is masked from 'package:nlme':
    
     collapse
    
     The following object is masked from 'package:plyr':
    
     desc
    
     The following object is masked from 'package:data.table':
    
     shift
    
     Loading required package: GenomeInfoDb
     Loading required package: xts
     Loading required package: zoo
    
     Attaching package: 'zoo'
    
     The following objects are masked from 'package:base':
    
     as.Date, as.Date.numeric
    
    
     Attaching package: 'xts'
    
     The following object is masked from 'package:S4Vectors':
    
     first
    
     The following objects are masked from 'package:data.table':
    
     first, last
    
     Loading required package: gdata
     gdata: read.xls support for 'XLS' (Excel 97-2004) files ENABLED.
    
     gdata: read.xls support for 'XLSX' (Excel 2007+) files ENABLED.
    
     Attaching package: 'gdata'
    
     The following objects are masked from 'package:xts':
    
     first, last
    
     The following object is masked from 'package:GenomicRanges':
    
     trim
    
     The following object is masked from 'package:IRanges':
    
     trim
    
     The following objects are masked from 'package:S4Vectors':
    
     first, first<-
    
     The following object is masked from 'package:BiocGenerics':
    
     combine
    
     The following object is masked from 'package:stats4':
    
     nobs
    
     The following objects are masked from 'package:data.table':
    
     first, last
    
     The following object is masked from 'package:stats':
    
     nobs
    
     The following object is masked from 'package:utils':
    
     object.size
    
     The following object is masked from 'package:base':
    
     startsWith
    
     Loading required package: caret
     Loading required package: lattice
     Loading required package: curl
     Loading required package: plm
     Loading required package: Formula
    
     Attaching package: 'plm'
    
     The following object is masked from 'package:data.table':
    
     between
    
     Loading required package: rmarkdown
    
     Attaching package: 'reshape2'
    
     The following objects are masked _by_ 'package:data.table':
    
     dcast, melt
    
    
     Attaching package: 'reshape'
    
     The following objects are masked _by_ 'package:S4Vectors':
    
     expand, rename
    
     The following objects are masked _by_ 'package:plyr':
    
     rename, round_any
    
     The following object is masked _by_ 'package:data.table':
    
     melt
    
     The following objects are masked _by_ 'package:reshape2':
    
     colsplit, melt, recast
    
     Don't know how to automatically pick scale for object of type ITime. Defaulting to continuous.
     Don't know how to automatically pick scale for object of type ITime. Defaulting to continuous.
    
    
     Running test id 1696 Test 1751 ran without errors but failed check that x equals y:
     > x = capture.output(fwrite(DT, verbose = FALSE))[-1]
     First 6 of 12 :[1] "4.6623917247682e-210" "4.74137339850716e-210" "4.74137339850783e-210"
     [4] "1.11255199825605e-308" "0" ""
     > y = tt
     First 6 of 12 :[1] "2016-09-28T15:30:00.000000070Z" "2016-09-29T23:59:00.000000001Z"
     [3] "2016-09-29T23:59:00.000000999Z" "1970-01-01T00:01:01.000001000Z"
     [5] "1970-01-01T00:00:00.000000000Z" "1969-12-31T23:59:59.999999999Z"
     12 string mismatches
    
     Error in eval(exprs[i], envir) :
     1 error out of 5946 (lastID=1751, endian==little, sizeof(long double)==16, sizeof(pointer)==8) in inst/tests/tests.Rraw on Tue Aug 22 07:35:56 2017. Search tests.Rraw for test number 1751.
     Calls: test.data.table -> sys.source -> eval -> eval
     Execution halted
Flavor: r-release-linux-x86_64

Version: 1.10.4
Check: running tests for arch ‘i386’
Result: ERROR
     Running 'autoprint.R' [0s]
     Comparing 'autoprint.Rout' to 'autoprint.Rout.save' ... OK
     Running 'knitr.R' [1s]
     Comparing 'knitr.Rout' to 'knitr.Rout.save' ... OK
     Running 'main.R' [142s]
    Running the tests in 'tests/main.R' failed.
    Last 13 lines of output:
    
     Running test id 1696 Test 1751 ran without errors but failed check that x equals y:
     > x = capture.output(fwrite(DT, verbose = FALSE))[-1]
     First 6 of 12 :[1] "4.6623917247682e-210" "4.74137339850716e-210" "4.74137339850783e-210"
     [4] "1.11255199825605e-308" "0" ""
     > y = tt
     First 6 of 12 :[1] "2016-09-28T15:30:00.000000070Z" "2016-09-29T23:59:00.000000001Z"
     [3] "2016-09-29T23:59:00.000000999Z" "1970-01-01T00:01:01.000001000Z"
     [5] "1970-01-01T00:00:00.000000000Z" "1969-12-31T23:59:59.999999999Z"
     12 string mismatches
    
     Error in eval(exprs[i], envir) :
     1 error out of 5744 (lastID=1751, endian==little, sizeof(long double)==12, sizeof(pointer)==4) in inst/tests/tests.Rraw on Fri Aug 18 01:15:12 2017. Search tests.Rraw for test number 1751.
     Calls: test.data.table -> sys.source -> eval -> eval
     Execution halted
Flavor: r-release-windows-ix86+x86_64

Version: 1.10.4
Check: running tests for arch ‘x64’
Result: ERROR
     Running 'autoprint.R' [1s]
     Comparing 'autoprint.Rout' to 'autoprint.Rout.save' ... OK
     Running 'knitr.R' [1s]
     Comparing 'knitr.Rout' to 'knitr.Rout.save' ... OK
     Running 'main.R' [156s]
    Running the tests in 'tests/main.R' failed.
    Last 13 lines of output:
    
     Running test id 1696 Test 1751 ran without errors but failed check that x equals y:
     > x = capture.output(fwrite(DT, verbose = FALSE))[-1]
     First 6 of 12 :[1] "4.6623917247682e-210" "4.74137339850716e-210" "4.74137339850783e-210"
     [4] "1.11255199825605e-308" "0" ""
     > y = tt
     First 6 of 12 :[1] "2016-09-28T15:30:00.000000070Z" "2016-09-29T23:59:00.000000001Z"
     [3] "2016-09-29T23:59:00.000000999Z" "1970-01-01T00:01:01.000001000Z"
     [5] "1970-01-01T00:00:00.000000000Z" "1969-12-31T23:59:59.999999999Z"
     12 string mismatches
    
     Error in eval(exprs[i], envir) :
     1 error out of 5751 (lastID=1751, endian==little, sizeof(long double)==16, sizeof(pointer)==8) in inst/tests/tests.Rraw on Fri Aug 18 01:17:50 2017. Search tests.Rraw for test number 1751.
     Calls: test.data.table -> sys.source -> eval -> eval
     Execution halted
Flavor: r-release-windows-ix86+x86_64

Version: 1.10.4
Check: package dependencies
Result: NOTE
    Package suggested but not available for checking: ‘GenomicRanges’
Flavor: r-release-osx-x86_64

Version: 1.10.4
Check: tests
Result: ERROR
     Running ‘autoprint.R’ [1s/1s]
     Comparing ‘autoprint.Rout’ to ‘autoprint.Rout.save’ ... OK
     Running ‘knitr.R’ [1s/1s]
     Comparing ‘knitr.Rout’ to ‘knitr.Rout.save’ ... OK
     Running ‘main.R’ [3m/16m]
    Running the tests in ‘tests/main.R’ failed.
    Last 13 lines of output:
     Running test id 1696 Test 1751 ran without errors but failed check that x equals y:
     > x = capture.output(fwrite(DT, verbose = FALSE))[-1]
     First 6 of 12 :[1] "1970-01-18T01:44:36.600000000Z" "1970-01-18T01:46:33.540000000Z"
     [3] "1970-01-18T01:46:33.540000000Z" "1970-01-01T00:00:00.061000001Z"
     [5] "1970-01-01T00:00:00.000000000Z" "1969-12-31T23:59:59.999999999Z"
     > y = tt
     First 6 of 12 :[1] "2016-09-28T15:30:00.000000070Z" "2016-09-29T23:59:00.000000001Z"
     [3] "2016-09-29T23:59:00.000000999Z" "1970-01-01T00:01:01.000001000Z"
     [5] "1970-01-01T00:00:00.000000000Z" "1969-12-31T23:59:59.999999999Z"
     10 string mismatches
    
     Error in eval(exprs[i], envir) :
     1 error out of 5839 (lastID=1751, endian==little, sizeof(long double)==16, sizeof(pointer)==8) in inst/tests/tests.Rraw on Fri Apr 21 17:43:41 2017. Search tests.Rraw for test number 1751.
     Calls: test.data.table -> sys.source -> eval -> eval
     Execution halted
Flavor: r-release-osx-x86_64

Version: 1.10.4
Check: running tests for arch ‘i386’
Result: ERROR
     Running 'autoprint.R' [0s]
     Comparing 'autoprint.Rout' to 'autoprint.Rout.save' ... OK
     Running 'knitr.R' [1s]
     Comparing 'knitr.Rout' to 'knitr.Rout.save' ... OK
     Running 'main.R' [126s]
    Running the tests in 'tests/main.R' failed.
    Last 13 lines of output:
    
     Running test id 1696 Test 1751 ran without errors but failed check that x equals y:
     > x = capture.output(fwrite(DT, verbose = FALSE))[-1]
     First 6 of 12 :[1] "4.6623917247682e-210" "4.74137339850716e-210" "4.74137339850783e-210"
     [4] "1.11255199825605e-308" "0" ""
     > y = tt
     First 6 of 12 :[1] "2016-09-28T15:30:00.000000070Z" "2016-09-29T23:59:00.000000001Z"
     [3] "2016-09-29T23:59:00.000000999Z" "1970-01-01T00:01:01.000001000Z"
     [5] "1970-01-01T00:00:00.000000000Z" "1969-12-31T23:59:59.999999999Z"
     12 string mismatches
    
     Error in eval(expr, envir, enclos) :
     145 errors out of 5744 (lastID=1751, endian==little, sizeof(long double)==12, sizeof(pointer)==4) in inst/tests/tests.Rraw on Sun Aug 20 07:07:00 2017. Search tests.Rraw for test numbers: 1253.152, 1253.154, 1253.156, 1253.158, 1253.192, 1253.194, 1253.196, 1253.198, 1253.232, 1253.234, 1253.236, 1253.238, 1253.24, 1253.242, 1253.244, 1253.246, 1253.248, 1253.25, 1253.252, 1253.254, 1253.256, 1253.258, 1253.26, 1253.262, 1253.264, 1253.266, 1253.268, 1253.27, 1253.272, 1253.274, 1253.276, 1253.278, 1253.328, 1253.33, 1253.332, 1253.334, 1253.336, 1253.338, 1253.34, 1253.342, 1253.36, 1253.362, 1253.364, 1253.366, 1253.368, 1253.37, 1253.372, 1253.374, 1253.392, 1253.394, 1253.396, 1253.398, 1253.4, 1253.402, 1253.404, 1253.406, 1253.408, 1253.41, 1253.412, 1253.414, 1253.416, 1253.418, 1253.42, 1253.422, 1253.424, 1253.426, 1253.428, 1253.43, 1253.432, 1253.434, 1253.436, 1253.438, 1253.44, 1253.442, 1253.444, 1253.446, 1253.448, 1253.45, 1253.452, 1253.454, 1253.456, 1253.45
     Calls: test.data.table -> sys.source -> eval -> eval
     Execution halted
Flavor: r-oldrel-windows-ix86+x86_64

Version: 1.10.4
Check: running tests for arch ‘x64’
Result: ERROR
     Running 'autoprint.R' [0s]
     Comparing 'autoprint.Rout' to 'autoprint.Rout.save' ... OK
     Running 'knitr.R' [1s]
     Comparing 'knitr.Rout' to 'knitr.Rout.save' ... OK
     Running 'main.R' [131s]
    Running the tests in 'tests/main.R' failed.
    Last 13 lines of output:
    
     Running test id 1696 Test 1751 ran without errors but failed check that x equals y:
     > x = capture.output(fwrite(DT, verbose = FALSE))[-1]
     First 6 of 12 :[1] "4.6623917247682e-210" "4.74137339850716e-210" "4.74137339850783e-210"
     [4] "1.11255199825605e-308" "0" ""
     > y = tt
     First 6 of 12 :[1] "2016-09-28T15:30:00.000000070Z" "2016-09-29T23:59:00.000000001Z"
     [3] "2016-09-29T23:59:00.000000999Z" "1970-01-01T00:01:01.000001000Z"
     [5] "1970-01-01T00:00:00.000000000Z" "1969-12-31T23:59:59.999999999Z"
     12 string mismatches
    
     Error in eval(expr, envir, enclos) :
     67 errors out of 5751 (lastID=1751, endian==little, sizeof(long double)==16, sizeof(pointer)==8) in inst/tests/tests.Rraw on Sun Aug 20 07:09:12 2017. Search tests.Rraw for test numbers: 1253.176, 1253.18, 1253.296, 1253.3, 1253.304, 1253.308, 1253.312, 1253.316, 1253.32, 1253.324, 1253.36, 1253.364, 1253.368, 1253.372, 1253.376, 1253.38, 1253.384, 1253.388, 1253.424, 1253.428, 1253.432, 1253.436, 1253.44, 1253.444, 1253.448, 1253.452, 1253.456, 1253.46, 1253.464, 1253.468, 1253.472, 1253.476, 1253.48, 1253.484, 1253.488, 1253.492, 1253.496, 1253.5, 1253.504, 1253.508, 1253.512, 1253.516, 1253.52, 1253.524, 1253.528, 1253.532, 1253.536, 1253.54, 1253.544, 1253.548, 1253.552, 1253.556, 1253.56, 1253.564, 1253.568, 1253.572, 1253.576, 1253.58, 1253.584, 1253.588, 1253.592, 1253.596, 1253.6, 1253.604, 1253.608, 1253.612, 1751.
     Calls: test.data.table -> sys.source -> eval -> eval
     Execution halted
Flavor: r-oldrel-windows-ix86+x86_64