Last updated on 2023-12-10 09:52:36 CET.
Flavor | Version | Tinstall | Tcheck | Ttotal | Status | Flags |
---|---|---|---|---|---|---|
r-devel-linux-x86_64-debian-clang | 1.14.8 | 45.93 | 170.87 | 216.80 | WARN | --no-tests |
r-devel-linux-x86_64-debian-gcc | 1.14.10 | 32.74 | 209.92 | 242.66 | OK | |
r-devel-linux-x86_64-fedora-clang | 1.14.10 | 398.71 | OK | |||
r-devel-linux-x86_64-fedora-gcc | 1.14.10 | 400.24 | OK | |||
r-devel-windows-x86_64 | 1.14.10 | 59.00 | 1166.00 | 1225.00 | OK | |
r-patched-linux-x86_64 | 1.14.8 | 46.18 | 154.42 | 200.60 | OK | --no-tests |
r-release-linux-x86_64 | 1.14.8 | 44.28 | 150.85 | 195.13 | OK | --no-tests |
r-release-macos-arm64 | 1.14.10 | 151.00 | OK | |||
r-release-macos-x86_64 | 1.14.10 | 386.00 | OK | |||
r-release-windows-x86_64 | 1.14.10 | 65.00 | 1473.00 | 1538.00 | OK | |
r-oldrel-macos-arm64 | 1.14.10 | 151.00 | OK | |||
r-oldrel-macos-x86_64 | 1.14.8 | 172.00 | NOTE | |||
r-oldrel-windows-x86_64 | 1.14.8 | 63.00 | 631.00 | 694.00 | OK |
Version: 1.14.8
Flags: --no-tests
Check: whether package can be installed
Result: WARN
Found the following significant warnings:
assign.c:470:83: warning: format specifies type 'int' but the argument has type 'R_xlen_t' (aka 'long') [-Wformat]
assign.c:518:22: warning: format string is not a string literal (potentially insecure) [-Wformat-security]
assign.c:650:35: warning: more '%' conversions than data arguments [-Wformat-insufficient-args]
assign.c:794:96: warning: format specifies type 'int' but the argument has type 'unsigned long' [-Wformat]
forder.c:107:30: warning: format string is not a string literal (potentially insecure) [-Wformat-security]
forder.c:121:19: warning: format string is not a string literal (potentially insecure) [-Wformat-security]
forder.c:255:27: warning: format string is not a string literal (potentially insecure) [-Wformat-security]
forder.c:270:23: warning: format string is not a string literal (potentially insecure) [-Wformat-security]
forder.c:272:21: warning: format string is not a string literal (potentially insecure) [-Wformat-security]
forder.c:283:18: warning: format string is not a string literal (potentially insecure) [-Wformat-security]
forder.c:284:23: warning: format string is not a string literal (potentially insecure) [-Wformat-security]
forder.c:304:25: warning: format string is not a string literal (potentially insecure) [-Wformat-security]
forder.c:322:17: warning: format string is not a string literal (potentially insecure) [-Wformat-security]
forder.c:340:14: warning: format string is not a string literal (potentially insecure) [-Wformat-security]
forder.c:404:3: warning: format string is not a string literal (potentially insecure) [-Wformat-security]
forder.c:426:7: warning: format string is not a string literal (potentially insecure) [-Wformat-security]
forder.c:428:7: warning: format string is not a string literal (potentially insecure) [-Wformat-security]
forder.c:430:7: warning: format string is not a string literal (potentially insecure) [-Wformat-security]
forder.c:443:5: warning: format string is not a string literal (potentially insecure) [-Wformat-security]
forder.c:445:5: warning: format string is not a string literal (potentially insecure) [-Wformat-security]
forder.c:447:5: warning: format string is not a string literal (potentially insecure) [-Wformat-security]
forder.c:453:7: warning: format string is not a string literal (potentially insecure) [-Wformat-security]
forder.c:455:7: warning: format string is not a string literal (potentially insecure) [-Wformat-security]
forder.c:459:5: warning: format string is not a string literal (potentially insecure) [-Wformat-security]
forder.c:462:5: warning: format string is not a string literal (potentially insecure) [-Wformat-security]
forder.c:465:5: warning: format string is not a string literal (potentially insecure) [-Wformat-security]
forder.c:467:5: warning: format string is not a string literal (potentially insecure) [-Wformat-security]
forder.c:495:5: warning: format string is not a string literal (potentially insecure) [-Wformat-security]
forder.c:511:9: warning: format string is not a string literal (potentially insecure) [-Wformat-security]
forder.c:553:7: warning: format string is not a string literal (potentially insecure) [-Wformat-security]
forder.c:599:11: warning: format string is not a string literal (potentially insecure) [-Wformat-security]
forder.c:706:8: warning: format string is not a string literal (potentially insecure) [-Wformat-security]
forder.c:720:47: warning: format string is not a string literal (potentially insecure) [-Wformat-security]
forder.c:725:57: warning: format string is not a string literal (potentially insecure) [-Wformat-security]
forder.c:1045:36: warning: format string is not a string literal (potentially insecure) [-Wformat-security]
forder.c:1154:15: warning: format string is not a string literal (potentially insecure) [-Wformat-security]
forder.c:1261:38: warning: format string is not a string literal (potentially insecure) [-Wformat-security]
forder.c:1265:57: warning: format string is not a string literal (potentially insecure) [-Wformat-security]
forder.c:1270:29: warning: format string is not a string literal (potentially insecure) [-Wformat-security]
forder.c:1302:7: warning: format string is not a string literal (potentially insecure) [-Wformat-security]
forder.c:1315:29: warning: format string is not a string literal (potentially insecure) [-Wformat-security]
forder.c:1332:7: warning: format string is not a string literal (potentially insecure) [-Wformat-security]
forder.c:1366:9: warning: format string is not a string literal (potentially insecure) [-Wformat-security]
fread.c:1888:54: warning: format specifies type 'int' but the argument has type 'int64_t' (aka 'long') [-Wformat]
fsort.c:168:102: warning: format specifies type 'int' but the argument has type 'size_t' (aka 'unsigned long') [-Wformat]
fsort.c:245:49: warning: format specifies type 'int' but the argument has type 'size_t' (aka 'unsigned long') [-Wformat]
fsort.c:249:54: warning: format specifies type 'int' but the argument has type 'size_t' (aka 'unsigned long') [-Wformat]
fwrite.c:626:28: warning: format specifies type 'int' but the argument has type 'const void *' [-Wformat]
fwrite.c:711:68: warning: format specifies type 'int' but the argument has type 'size_t' (aka 'unsigned long') [-Wformat]
fwrite.c:731:15: warning: format string is not a string literal (potentially insecure) [-Wformat-security]
fwrite.c:746:64: warning: format specifies type 'int' but the argument has type 'size_t' (aka 'unsigned long') [-Wformat]
fwrite.c:814:10: warning: format specifies type 'int' but the argument has type 'size_t' (aka 'unsigned long') [-Wformat]
fwrite.c:825:10: warning: format specifies type 'int' but the argument has type 'size_t' (aka 'unsigned long') [-Wformat]
fwrite.c:915:21: warning: format string is not a string literal (potentially insecure) [-Wformat-security]
gsumm.c:90:38: warning: format specifies type 'int' but the argument has type 'size_t' (aka 'unsigned long') [-Wformat]
gsumm.c:90:48: warning: format specifies type 'int' but the argument has type 'size_t' (aka 'unsigned long') [-Wformat]
gsumm.c:90:56: warning: format specifies type 'int' but the argument has type 'size_t' (aka 'unsigned long') [-Wformat]
gsumm.c:90:67: warning: format specifies type 'int' but the argument has type 'size_t' (aka 'unsigned long') [-Wformat]
gsumm.c:609:90: warning: format specifies type 'int' but the argument has type 'unsigned long' [-Wformat]
gsumm.c:612:93: warning: format specifies type 'int' but the argument has type 'unsigned long' [-Wformat]
gsumm.c:638:92: warning: format specifies type 'int' but the argument has type 'unsigned long' [-Wformat]
gsumm.c:1411:72: warning: format specifies type 'int' but the argument has type 'unsigned long' [-Wformat]
ijoin.c:323:89: warning: data argument not used by format string [-Wformat-extra-args]
init.c:153:139: warning: format specifies type 'int' but the argument has type 'unsigned long' [-Wformat]
init.c:168:71: warning: format specifies type 'int' but the argument has type 'unsigned long' [-Wformat]
init.c:169:77: warning: format specifies type 'int' but the argument has type 'unsigned long' [-Wformat]
init.c:171:83: warning: format specifies type 'int' but the argument has type 'unsigned long' [-Wformat]
init.c:172:106: warning: format specifies type 'int' but the argument has type 'unsigned long' [-Wformat]
init.c:173:105: warning: format specifies type 'int' but the argument has type 'unsigned long' [-Wformat]
init.c:173:119: warning: format specifies type 'int' but the argument has type 'unsigned long' [-Wformat]
init.c:174:81: warning: format specifies type 'int' but the argument has type 'unsigned long' [-Wformat]
init.c:175:79: warning: format specifies type 'int' but the argument has type 'unsigned long' [-Wformat]
init.c:176:87: warning: format specifies type 'int' but the argument has type 'unsigned long' [-Wformat]
init.c:177:77: warning: format specifies type 'int' but the argument has type 'unsigned long' [-Wformat]
init.c:178:79: warning: format specifies type 'int' but the argument has type 'unsigned long' [-Wformat]
init.c:179:79: warning: format specifies type 'int' but the argument has type 'unsigned long' [-Wformat]
init.c:180:81: warning: format specifies type 'int' but the argument has type 'unsigned long' [-Wformat]
init.c:184:95: warning: format specifies type 'int' but the argument has type 'R_xlen_t' (aka 'long') [-Wformat]
rbindlist.c:212:37: warning: format string is not a string literal (potentially insecure) [-Wformat-security]
rbindlist.c:233:50: warning: format string is not a string literal (potentially insecure) [-Wformat-security]
rbindlist.c:234:48: warning: format string is not a string literal (potentially insecure) [-Wformat-security]
rbindlist.c:494:31: warning: format string is not a string literal (potentially insecure) [-Wformat-security]
reorder.c:17:115: warning: format specifies type 'int' but the argument has type 'size_t' (aka 'unsigned long') [-Wformat]
reorder.c:27:136: warning: format specifies type 'int' but the argument has type 'size_t' (aka 'unsigned long') [-Wformat]
snprintf.c:217:136: warning: format specifies type 'char *' but the argument has type 'int' [-Wformat]
subset.c:270:26: warning: format string is not a string literal (potentially insecure) [-Wformat-security]
See ‘/home/hornik/tmp/R.check/r-devel-clang/Work/PKGS/data.table.Rcheck/00install.out’ for details.
* used C compiler: ‘Debian clang version 17.0.5 (1)’
Flavor: r-devel-linux-x86_64-debian-clang
Version: 1.14.8
Check: installed package size
Result: NOTE
installed size is 5.2Mb
sub-directories of 1Mb or more:
libs 1.2Mb
tests 1.5Mb
Flavor: r-oldrel-macos-x86_64