CRAN Package Check Results for Package data.table

Last updated on 2017-04-29 23:50:16.

Flavor Version Tinstall Tcheck Ttotal Status Flags
r-devel-linux-x86_64-debian-clang 1.10.4 18.53 164.67 183.21 OK
r-devel-linux-x86_64-debian-gcc 1.10.4 19.88 165.35 185.23 OK
r-devel-linux-x86_64-fedora-clang 1.10.4 233.00 OK --no-stop-on-test-error
r-devel-linux-x86_64-fedora-gcc 1.10.4 180.44 OK --no-stop-on-test-error
r-devel-windows-ix86+x86_64 1.10.4 107.00 536.00 643.00 OK
r-patched-linux-x86_64 1.10.4 18.71 161.15 179.85 OK
r-patched-solaris-sparc 1.10.4 1858.70 OK
r-patched-solaris-x86 1.10.4 418.10 OK
r-release-linux-x86_64 1.10.4 18.53 155.25 173.78 OK
r-release-windows-ix86+x86_64 1.10.4 101.00 534.00 635.00 OK
r-release-osx-x86_64 1.10.4 ERROR
r-oldrel-windows-ix86+x86_64 1.10.4 72.00 469.00 541.00 ERROR
r-oldrel-osx-x86_64 1.10.4 OK

Check Details

Version: 1.10.4
Check: package dependencies
Result: NOTE
    Package suggested but not available for checking: ‘GenomicRanges’
Flavor: r-release-osx-x86_64

Version: 1.10.4
Check: tests
Result: ERROR
     Running ‘autoprint.R’ [1s/1s]
     Comparing ‘autoprint.Rout’ to ‘autoprint.Rout.save’ ... OK
     Running ‘knitr.R’ [1s/1s]
     Comparing ‘knitr.Rout’ to ‘knitr.Rout.save’ ... OK
     Running ‘main.R’ [3m/16m]
    Running the tests in ‘tests/main.R’ failed.
    Last 13 lines of output:
     Running test id 1696 Test 1751 ran without errors but failed check that x equals y:
     > x = capture.output(fwrite(DT, verbose = FALSE))[-1]
     First 6 of 12 :[1] "1970-01-18T01:44:36.600000000Z" "1970-01-18T01:46:33.540000000Z"
     [3] "1970-01-18T01:46:33.540000000Z" "1970-01-01T00:00:00.061000001Z"
     [5] "1970-01-01T00:00:00.000000000Z" "1969-12-31T23:59:59.999999999Z"
     > y = tt
     First 6 of 12 :[1] "2016-09-28T15:30:00.000000070Z" "2016-09-29T23:59:00.000000001Z"
     [3] "2016-09-29T23:59:00.000000999Z" "1970-01-01T00:01:01.000001000Z"
     [5] "1970-01-01T00:00:00.000000000Z" "1969-12-31T23:59:59.999999999Z"
     10 string mismatches
    
     Error in eval(exprs[i], envir) :
     1 error out of 5839 (lastID=1751, endian==little, sizeof(long double)==16, sizeof(pointer)==8) in inst/tests/tests.Rraw on Fri Apr 21 17:43:41 2017. Search tests.Rraw for test number 1751.
     Calls: test.data.table -> sys.source -> eval -> eval
     Execution halted
Flavor: r-release-osx-x86_64

Version: 1.10.4
Check: running tests for arch ‘i386’
Result: ERROR
     Running 'autoprint.R' [1s]
     Comparing 'autoprint.Rout' to 'autoprint.Rout.save' ... OK
     Running 'knitr.R' [1s]
     Comparing 'knitr.Rout' to 'knitr.Rout.save' ... OK
     Running 'main.R' [160s]
    Running the tests in 'tests/main.R' failed.
    Last 13 lines of output:
     Base R's order(,method='shell') != order(,method='radix')
     Test 1253.61 Error in base_order(c2, i1, d1, -xtfrm(c1), i2, na.last = NA) :
     Base R's order(,method='shell') != order(,method='radix')
     Test 1253.612 Error in base_order(c2, i1, d1, c1, -i2, na.last = NA) :
     Base R's order(,method='shell') != order(,method='radix')
     Test 1253.614 Error in base_order(c2, i1, d1, c1, i2, na.last = NA) :
     Base R's order(,method='shell') != order(,method='radix')
     forder decreasing argument test: seed = 1493241838 colorder = 5,1,3,4,2
    
    
     Running test id 1696
     Error in eval(expr, envir, enclos) :
     146 errors out of 5744 (lastID=1751, endian==little, sizeof(long double)==12, sizeof(pointer)==4) in inst/tests/tests.Rraw on Wed Apr 26 23:25:31 2017. Search tests.Rraw for test numbers: 1253.192, 1253.196, 1253.216, 1253.218, 1253.22, 1253.222, 1253.28, 1253.284, 1253.288, 1253.292, 1253.296, 1253.298, 1253.3, 1253.302, 1253.304, 1253.306, 1253.308, 1253.31, 1253.312, 1253.314, 1253.316, 1253.318, 1253.32, 1253.322, 1253.324, 1253.326, 1253.328, 1253.332, 1253.336, 1253.34, 1253.36, 1253.362, 1253.368, 1253.37, 1253.376, 1253.378, 1253.38, 1253.382, 1253.384, 1253.386, 1253.388, 1253.39, 1253.392, 1253.396, 1253.4, 1253.404, 1253.408, 1253.412, 1253.416, 1253.42, 1253.424, 1253.426, 1253.428, 1253.43, 1253.432, 1253.434, 1253.436, 1253.438, 1253.44, 1253.442, 1253.444, 1253.446, 1253.448, 1253.45, 1253.452, 1253.454, 1253.456, 1253.458, 1253.46, 1253.462, 1253.464, 1253.466, 1253.468, 1253.47, 1253.472, 1253.474, 1253.476, 1253.478, 1253.48, 1253.482, 1253.484, 1253.486, 12
     Calls: test.data.table -> sys.source -> eval -> eval
     Execution halted
Flavor: r-oldrel-windows-ix86+x86_64

Version: 1.10.4
Check: running tests for arch ‘x64’
Result: ERROR
     Running 'autoprint.R' [1s]
     Comparing 'autoprint.Rout' to 'autoprint.Rout.save' ... OK
     Running 'knitr.R' [1s]
     Comparing 'knitr.Rout' to 'knitr.Rout.save' ... OK
     Running 'main.R' [180s]
    Running the tests in 'tests/main.R' failed.
    Last 13 lines of output:
     Base R's order(,method='shell') != order(,method='radix')
     Test 1253.61 Error in base_order(c2, i2, c1, -d1, i1, na.last = NA) :
     Base R's order(,method='shell') != order(,method='radix')
     Test 1253.612 Error in base_order(c2, i2, c1, d1, -i1, na.last = NA) :
     Base R's order(,method='shell') != order(,method='radix')
     Test 1253.614 Error in base_order(c2, i2, c1, d1, i1, na.last = NA) :
     Base R's order(,method='shell') != order(,method='radix')
     forder decreasing argument test: seed = 1493242009 colorder = 5,2,4,3,1
    
    
     Running test id 1696
     Error in eval(expr, envir, enclos) :
     166 errors out of 5751 (lastID=1751, endian==little, sizeof(long double)==16, sizeof(pointer)==8) in inst/tests/tests.Rraw on Wed Apr 26 23:28:34 2017. Search tests.Rraw for test numbers: 1253.184, 1253.188, 1253.248, 1253.25, 1253.252, 1253.254, 1253.256, 1253.258, 1253.26, 1253.262, 1253.264, 1253.266, 1253.268, 1253.27, 1253.272, 1253.274, 1253.276, 1253.278, 1253.28, 1253.282, 1253.284, 1253.286, 1253.288, 1253.29, 1253.292, 1253.294, 1253.296, 1253.298, 1253.3, 1253.302, 1253.304, 1253.306, 1253.308, 1253.31, 1253.312, 1253.314, 1253.316, 1253.318, 1253.32, 1253.322, 1253.324, 1253.326, 1253.328, 1253.33, 1253.336, 1253.338, 1253.344, 1253.346, 1253.348, 1253.35, 1253.352, 1253.354, 1253.356, 1253.358, 1253.392, 1253.394, 1253.396, 1253.398, 1253.4, 1253.402, 1253.404, 1253.406, 1253.408, 1253.41, 1253.412, 1253.414, 1253.416, 1253.418, 1253.42, 1253.422, 1253.424, 1253.426, 1253.428, 1253.43, 1253.432, 1253.434, 1253.436, 1253.438, 1253.44, 1253.442, 1253.444, 1253.446,
     Calls: test.data.table -> sys.source -> eval -> eval
     Execution halted
Flavor: r-oldrel-windows-ix86+x86_64