CRAN Package Check Results for Package data.table

Last updated on 2021-10-16 02:49:25 CEST.

Flavor Version Tinstall Tcheck Ttotal Status Flags
r-devel-linux-x86_64-debian-clang 1.14.2 38.55 136.97 175.52 OK --no-tests
r-devel-linux-x86_64-debian-gcc 1.14.2 27.09 98.47 125.56 OK --no-tests
r-devel-linux-x86_64-fedora-clang 1.14.2 431.99 NOTE
r-devel-linux-x86_64-fedora-gcc 1.14.2 393.18 OK
r-devel-windows-x86_64 1.14.2 60.00 309.00 369.00 OK
r-devel-windows-x86_64-gcc10-UCRT 1.14.2 OK
r-patched-linux-x86_64 1.14.2 37.96 132.23 170.19 OK --no-tests
r-patched-solaris-x86 1.14.2 418.60 OK
r-release-linux-x86_64 1.14.2 36.17 128.61 164.78 OK --no-tests
r-release-macos-arm64 1.14.2 OK
r-release-macos-x86_64 1.14.2 OK
r-release-windows-ix86+x86_64 1.14.2 117.00 625.00 742.00 OK
r-oldrel-macos-x86_64 1.14.2 OK
r-oldrel-windows-ix86+x86_64 1.14.2 110.00 625.00 735.00 OK

Check Details

Version: 1.14.2
Check: installed package size
Result: NOTE
     installed size is 5.0Mb
     sub-directories of 1Mb or more:
     libs 1.7Mb
Flavor: r-devel-linux-x86_64-fedora-clang