CRAN Package Check Results for Package data360r

Last updated on 2020-10-29 11:49:57 CET.

Flavor Version Tinstall Tcheck Ttotal Status Flags
r-devel-linux-x86_64-debian-clang 1.0.8 2.47 25.66 28.13 OK
r-devel-linux-x86_64-debian-gcc 1.0.8 1.99 19.64 21.63 OK
r-devel-linux-x86_64-fedora-clang 1.0.8 42.57 NOTE
r-devel-linux-x86_64-fedora-gcc 1.0.8 32.06 NOTE
r-devel-windows-ix86+x86_64 1.0.8 6.00 40.00 46.00 OK
r-patched-linux-x86_64 1.0.8 2.22 23.92 26.14 OK
r-patched-solaris-x86 1.0.8 48.50 NOTE
r-release-linux-x86_64 1.0.8 2.48 23.70 26.18 OK
r-release-macos-x86_64 1.0.8 NOTE
r-release-windows-ix86+x86_64 1.0.8 5.00 40.00 45.00 OK
r-oldrel-macos-x86_64 1.0.8 NOTE
r-oldrel-windows-ix86+x86_64 1.0.8 4.00 47.00 51.00 OK

Check Details

Version: 1.0.8
Check: dependencies in R code
Result: NOTE
    Namespace in Imports field not imported from: ‘curl’
     All declared Imports should be used.
Flavors: r-devel-linux-x86_64-fedora-clang, r-devel-linux-x86_64-fedora-gcc, r-patched-solaris-x86, r-release-macos-x86_64, r-oldrel-macos-x86_64