CRAN Package Check Results for Package dataCompareR

Last updated on 2024-06-13 00:55:10 CEST.

Flavor Version Tinstall Tcheck Ttotal Status Flags
r-devel-linux-x86_64-debian-clang 0.1.4 7.05 144.58 151.63 NOTE
r-devel-linux-x86_64-debian-gcc 0.1.4 0.52 1.68 2.20 ERROR
r-devel-linux-x86_64-fedora-clang 0.1.4 181.29 NOTE
r-devel-linux-x86_64-fedora-gcc 0.1.4 181.79 NOTE
r-devel-windows-x86_64 0.1.4 8.00 123.00 131.00 NOTE
r-patched-linux-x86_64 0.1.4 9.12 136.79 145.91 NOTE
r-release-linux-x86_64 0.1.4 6.99 136.43 143.42 NOTE
r-release-macos-arm64 0.1.4 51.00 NOTE
r-release-macos-x86_64 0.1.4 85.00 NOTE
r-release-windows-x86_64 0.1.4 9.00 122.00 131.00 NOTE
r-oldrel-macos-arm64 0.1.4 59.00 OK
r-oldrel-macos-x86_64 0.1.4 99.00 OK
r-oldrel-windows-x86_64 0.1.4 10.00 149.00 159.00 OK

Check Details

Version: 0.1.4
Check: Rd files
Result: NOTE checkRd: (-1) processFlow.Rd:14: Lost braces 14 | \item{roundDigits}{Integer. If NA, numerics are not rounded before comparison. If /code{roundDigits} is specified, numerics are | ^ checkRd: (-1) processFlow.Rd:15: Lost braces 15 | rounded to /code{roundDigits} decimal places using \link[base]{round}.} | ^ Flavors: r-devel-linux-x86_64-debian-clang, r-devel-linux-x86_64-fedora-clang, r-devel-linux-x86_64-fedora-gcc, r-devel-windows-x86_64, r-patched-linux-x86_64, r-release-linux-x86_64, r-release-macos-arm64, r-release-macos-x86_64, r-release-windows-x86_64

Version: 0.1.4
Check: package dependencies
Result: ERROR Package required but not available: ‘dplyr’ Packages suggested but not available for checking: 'testthat', 'tibble' See section ‘The DESCRIPTION file’ in the ‘Writing R Extensions’ manual. Flavor: r-devel-linux-x86_64-debian-gcc