CRAN Package Check Results for Package dataMeta

Last updated on 2020-07-07 11:50:32 CEST.

Flavor Version Tinstall Tcheck Ttotal Status Flags
r-devel-linux-x86_64-debian-clang 0.1.1 1.98 24.10 26.08 NOTE
r-devel-linux-x86_64-debian-gcc 0.1.1 1.74 19.33 21.07 NOTE
r-devel-linux-x86_64-fedora-clang 0.1.1 39.76 NOTE
r-devel-linux-x86_64-fedora-gcc 0.1.1 31.37 NOTE
r-devel-windows-ix86+x86_64 0.1.1 6.00 37.00 43.00 OK
r-patched-linux-x86_64 0.1.1 2.09 23.89 25.98 NOTE
r-patched-solaris-x86 0.1.1 47.30 NOTE
r-release-linux-x86_64 0.1.1 2.05 23.92 25.97 NOTE
r-release-osx-x86_64 0.1.1 OK
r-release-windows-ix86+x86_64 0.1.1 7.00 36.00 43.00 OK
r-oldrel-osx-x86_64 0.1.1 OK
r-oldrel-windows-ix86+x86_64 0.1.1 30.00 39.00 69.00 OK

Check Details

Version: 0.1.1
Check: for non-standard things in the check directory
Result: NOTE
    Found the following files/directories:
     'my new data set.rds'
Flavors: r-devel-linux-x86_64-debian-clang, r-devel-linux-x86_64-debian-gcc, r-devel-linux-x86_64-fedora-clang, r-devel-linux-x86_64-fedora-gcc, r-patched-linux-x86_64, r-patched-solaris-x86, r-release-linux-x86_64