CRAN Package Check Results for Package datacleanr

Last updated on 2021-04-23 09:50:24 CEST.

Flavor Version Tinstall Tcheck Ttotal Status Flags
r-devel-linux-x86_64-debian-clang 1.0.1 4.89 41.06 45.95 NOTE
r-devel-linux-x86_64-debian-gcc 1.0.1 3.75 32.04 35.79 NOTE
r-devel-linux-x86_64-fedora-clang 1.0.1 63.86 NOTE
r-devel-linux-x86_64-fedora-gcc 1.0.1 55.13 NOTE
r-devel-windows-ix86+x86_64 1.0.1 11.00 59.00 70.00 NOTE
r-devel-windows-x86_64-gcc10-UCRT 1.0.1 NOTE
r-patched-linux-x86_64 1.0.1 10.91 39.77 50.68 NOTE
r-patched-solaris-x86 1.0.1 80.80 OK
r-release-linux-x86_64 1.0.1 4.98 39.29 44.27 OK
r-release-macos-x86_64 1.0.1 OK
r-release-windows-ix86+x86_64 1.0.1 9.00 46.00 55.00 OK
r-oldrel-macos-x86_64 1.0.1 NOTE
r-oldrel-windows-ix86+x86_64 1.0.1 8.00 55.00 63.00 OK

Check Details

Version: 1.0.1
Check: LazyData
Result: NOTE
     'LazyData' is specified without a 'data' directory
Flavors: r-devel-linux-x86_64-debian-clang, r-devel-linux-x86_64-debian-gcc, r-devel-linux-x86_64-fedora-clang, r-devel-linux-x86_64-fedora-gcc, r-devel-windows-ix86+x86_64, r-devel-windows-x86_64-gcc10-UCRT, r-patched-linux-x86_64

Version: 1.0.1
Check: dependencies in R code
Result: NOTE
    No protocol specified
    No protocol specified
Flavor: r-oldrel-macos-x86_64