CRAN Package Check Results for Package datadigest

Last updated on 2019-07-19 11:48:38 CEST.

Flavor Version Tinstall Tcheck Ttotal Status Flags
r-devel-linux-x86_64-debian-clang 1.0.2 8.94 78.42 87.36 NOTE
r-devel-linux-x86_64-debian-gcc 1.0.2 6.78 62.15 68.93 NOTE
r-devel-linux-x86_64-fedora-clang 1.0.2 102.83 NOTE
r-devel-linux-x86_64-fedora-gcc 1.0.2 100.71 NOTE
r-devel-windows-ix86+x86_64 1.0.2 28.00 134.00 162.00 NOTE
r-patched-linux-x86_64 1.0.2 8.85 77.25 86.10 OK
r-patched-solaris-x86 1.0.2 167.20 NOTE
r-release-linux-x86_64 1.0.2 8.24 76.42 84.66 OK
r-release-windows-ix86+x86_64 1.0.2 18.00 87.00 105.00 OK
r-release-osx-x86_64 1.0.2 NOTE
r-oldrel-windows-ix86+x86_64 1.0.2 14.00 119.00 133.00 OK
r-oldrel-osx-x86_64 1.0.2 NOTE

Check Details

Version: 1.0.2
Check: package vignettes
Result: NOTE
    Package vignette with placeholder title 'Vignette Title':
     'datadigest.Rmd'
Flavors: r-devel-linux-x86_64-debian-clang, r-devel-linux-x86_64-debian-gcc, r-devel-windows-ix86+x86_64

Version: 1.0.2
Check: dependencies in R code
Result: NOTE
    Namespace in Imports field not imported from: ‘miniUI’
     All declared Imports should be used.
Flavors: r-devel-linux-x86_64-fedora-clang, r-devel-linux-x86_64-fedora-gcc, r-patched-solaris-x86, r-release-osx-x86_64, r-oldrel-osx-x86_64