CRAN Package Check Results for Package datadigest

Last updated on 2019-04-22 07:46:37 CEST.

Flavor Version Tinstall Tcheck Ttotal Status Flags
r-devel-linux-x86_64-debian-clang 1.0.2 8.85 76.65 85.50 OK
r-devel-linux-x86_64-debian-gcc 1.0.2 7.78 60.02 67.80 OK
r-devel-linux-x86_64-fedora-clang 1.0.2 102.84 NOTE
r-devel-linux-x86_64-fedora-gcc 1.0.2 98.29 NOTE
r-devel-windows-ix86+x86_64 1.0.2 31.00 90.00 121.00 OK
r-patched-linux-x86_64 1.0.2 7.77 73.87 81.64 OK
r-patched-solaris-x86 1.0.2 163.00 NOTE
r-release-linux-x86_64 1.0.2 5.69 72.56 78.25 OK
r-release-windows-ix86+x86_64 1.0.2 12.00 96.00 108.00 OK
r-release-osx-x86_64 1.0.2 NOTE
r-oldrel-windows-ix86+x86_64 1.0.2 23.00 131.00 154.00 OK
r-oldrel-osx-x86_64 1.0.2 NOTE

Check Details

Version: 1.0.2
Check: dependencies in R code
Result: NOTE
    Namespace in Imports field not imported from: ‘miniUI’
     All declared Imports should be used.
Flavors: r-devel-linux-x86_64-fedora-clang, r-devel-linux-x86_64-fedora-gcc, r-patched-solaris-x86, r-release-osx-x86_64, r-oldrel-osx-x86_64