Last updated on 2023-02-02 12:59:10 CET.
Flavor | Version | Tinstall | Tcheck | Ttotal | Status | Flags |
---|---|---|---|---|---|---|
r-devel-linux-x86_64-debian-clang | 0.4.7 | 1.64 | 20.29 | 21.93 | OK | |
r-devel-linux-x86_64-debian-gcc | 0.4.7 | 1.31 | 16.05 | 17.36 | OK | |
r-devel-linux-x86_64-fedora-clang | 0.4.7 | 29.66 | NOTE | |||
r-devel-linux-x86_64-fedora-gcc | 0.4.7 | 28.44 | OK | |||
r-devel-windows-x86_64 | 0.4.7 | 125.00 | 50.00 | 175.00 | OK | |
r-patched-linux-x86_64 | 0.4.7 | 2.17 | 20.35 | 22.52 | OK | |
r-release-linux-x86_64 | 0.4.7 | 2.13 | 20.57 | 22.70 | OK | |
r-release-macos-arm64 | 0.4.7 | 14.00 | OK | |||
r-release-macos-x86_64 | 0.4.7 | 21.00 | OK | |||
r-release-windows-x86_64 | 0.4.7 | 8.00 | 42.00 | 50.00 | OK | |
r-oldrel-macos-arm64 | 0.4.7 | 17.00 | OK | |||
r-oldrel-macos-x86_64 | 0.4.7 | 28.00 | OK | |||
r-oldrel-windows-ix86+x86_64 | 0.4.7 | 6.00 | 24.00 | 30.00 | OK |
Version: 0.4.7
Check: Rd cross-references
Result: NOTE
Undeclared package ‘gdata’ in Rd xrefs
Flavor: r-devel-linux-x86_64-fedora-clang