Last updated on 2023-12-11 21:00:21 CET.
Flavor | Version | Tinstall | Tcheck | Ttotal | Status | Flags |
---|---|---|---|---|---|---|
r-devel-linux-x86_64-debian-clang | 1.0.0 | 4.45 | 49.61 | 54.06 | OK | |
r-devel-linux-x86_64-debian-gcc | 1.0.0 | 3.90 | 37.21 | 41.11 | OK | |
r-devel-linux-x86_64-fedora-clang | 1.0.0 | 66.29 | NOTE | |||
r-devel-linux-x86_64-fedora-gcc | 1.0.0 | 74.33 | NOTE | |||
r-devel-windows-x86_64 | 1.0.0 | 5.00 | 76.00 | 81.00 | OK | |
r-patched-linux-x86_64 | 1.0.0 | 5.10 | 48.03 | 53.13 | OK | |
r-release-linux-x86_64 | 1.0.0 | 4.04 | 47.34 | 51.38 | OK | |
r-release-macos-arm64 | 1.0.0 | 42.00 | OK | |||
r-release-macos-x86_64 | 1.0.0 | 56.00 | OK | |||
r-release-windows-x86_64 | 1.0.0 | 7.00 | 81.00 | 88.00 | OK | |
r-oldrel-macos-arm64 | 1.0.0 | 39.00 | OK | |||
r-oldrel-macos-x86_64 | 1.0.0 | 56.00 | OK | |||
r-oldrel-windows-x86_64 | 1.0.0 | 7.00 | 84.00 | 91.00 | OK |
Version: 1.0.0
Check: dependencies in R code
Result: NOTE
Namespace in Imports field not imported from: ‘purrr’
All declared Imports should be used.
Flavors: r-devel-linux-x86_64-fedora-clang, r-devel-linux-x86_64-fedora-gcc