CRAN Package Check Results for Package datagovsgR

Last updated on 2023-06-06 17:58:37 CEST.

Flavor Version Tinstall Tcheck Ttotal Status Flags
r-devel-linux-x86_64-debian-clang 1.0.0 5.03 49.03 54.06 OK
r-devel-linux-x86_64-debian-gcc 1.0.0 3.47 37.41 40.88 OK
r-devel-linux-x86_64-fedora-clang 1.0.0 67.03 NOTE
r-devel-linux-x86_64-fedora-gcc 1.0.0 74.41 NOTE
r-devel-windows-x86_64 1.0.0 7.00 76.00 83.00 OK
r-patched-linux-x86_64 1.0.0 4.48 45.35 49.83 OK
r-release-linux-x86_64 1.0.0 3.75 46.71 50.46 OK
r-release-macos-arm64 1.0.0 42.00 OK
r-release-macos-x86_64 1.0.0 56.00 OK
r-release-windows-x86_64 1.0.0 8.00 79.00 87.00 OK
r-oldrel-macos-arm64 1.0.0 39.00 OK
r-oldrel-macos-x86_64 1.0.0 56.00 OK
r-oldrel-windows-x86_64 1.0.0 6.00 79.00 85.00 OK

Check Details

Version: 1.0.0
Check: dependencies in R code
Result: NOTE
    Namespace in Imports field not imported from: ‘purrr’
     All declared Imports should be used.
Flavors: r-devel-linux-x86_64-fedora-clang, r-devel-linux-x86_64-fedora-gcc