CRAN Package Check Results for Package datamaps

Last updated on 2019-03-24 10:46:30 CET.

Flavor Version Tinstall Tcheck Ttotal Status Flags
r-devel-linux-x86_64-debian-clang 0.0.3 2.83 30.56 33.39 OK
r-devel-linux-x86_64-debian-gcc 0.0.3 2.20 24.27 26.47 OK
r-devel-linux-x86_64-fedora-clang 0.0.3 39.82 OK
r-devel-linux-x86_64-fedora-gcc 0.0.3 37.41 OK
r-devel-windows-ix86+x86_64 0.0.3 17.00 65.00 82.00 OK
r-patched-linux-x86_64 0.0.3 2.13 28.39 30.52 OK
r-patched-solaris-x86 0.0.3 52.30 WARN
r-release-linux-x86_64 0.0.3 0.36 2.42 2.78 ERROR
r-release-windows-ix86+x86_64 0.0.3 5.00 48.00 53.00 OK
r-release-osx-x86_64 0.0.3 WARN
r-oldrel-windows-ix86+x86_64 0.0.3 6.00 57.00 63.00 OK
r-oldrel-osx-x86_64 0.0.3 WARN

Check Details

Version: 0.0.3
Check: re-building of vignette outputs
Result: WARN
    Error in re-building vignettes:
     ...
    Warning in engine$weave(file, quiet = quiet, encoding = enc) :
     Pandoc (>= 1.12.3) and/or pandoc-citeproc not available. Falling back to R Markdown v1.
    Quitting from lines 26-34 (get_started.Rmd)
    Error: processing vignette 'get_started.Rmd' failed with diagnostics:
    there is no package called 'webshot'
    Execution halted
Flavor: r-patched-solaris-x86

Version: 0.0.3
Check: whether package can be installed
Result: ERROR
    Installation failed.
Flavor: r-release-linux-x86_64

Version: 0.0.3
Check: re-building of vignette outputs
Result: WARN
    Error in re-building vignettes:
     ...
    Warning in engine$weave(file, quiet = quiet, encoding = enc) :
     Pandoc (>= 1.12.3) and/or pandoc-citeproc not available. Falling back to R Markdown v1.
    Quitting from lines 26-34 (get_started.Rmd)
    Error: processing vignette 'get_started.Rmd' failed with diagnostics:
    cannot open the connection
    Execution halted
Flavors: r-release-osx-x86_64, r-oldrel-osx-x86_64