CRAN Package Check Results for Package datamaps

Last updated on 2020-05-26 08:49:16 CEST.

Flavor Version Tinstall Tcheck Ttotal Status Flags
r-devel-linux-x86_64-debian-clang 0.0.3 3.26 33.44 36.70 OK
r-devel-linux-x86_64-debian-gcc 0.0.3 2.86 26.21 29.07 OK
r-devel-linux-x86_64-fedora-clang 0.0.3 52.08 OK
r-devel-linux-x86_64-fedora-gcc 0.0.3 43.24 OK
r-devel-windows-ix86+x86_64 0.0.3 13.00 73.00 86.00 OK
r-patched-linux-x86_64 0.0.3 3.42 33.09 36.51 OK
r-patched-solaris-x86 0.0.3 64.50 WARN
r-release-linux-x86_64 0.0.3 3.15 33.28 36.43 OK
r-release-osx-x86_64 0.0.3 OK
r-release-windows-ix86+x86_64 0.0.3 9.00 75.00 84.00 OK
r-oldrel-osx-x86_64 0.0.3 WARN
r-oldrel-windows-ix86+x86_64 0.0.3 9.00 69.00 78.00 OK

Check Details

Version: 0.0.3
Check: re-building of vignette outputs
Result: WARN
    Error(s) in re-building vignettes:
     ...
    --- re-building ‘get_started.Rmd’ using rmarkdown
    Warning in engine$weave(file, quiet = quiet, encoding = enc) :
     Pandoc (>= 1.12.3) and/or pandoc-citeproc not available. Falling back to R Markdown v1.
    Quitting from lines 26-34 (get_started.Rmd)
    Error: processing vignette 'get_started.Rmd' failed with diagnostics:
    there is no package called 'webshot'
    --- failed re-building ‘get_started.Rmd’
    
    SUMMARY: processing the following file failed:
     ‘get_started.Rmd’
    
    Error: Vignette re-building failed.
    Execution halted
Flavor: r-patched-solaris-x86

Version: 0.0.3
Check: re-building of vignette outputs
Result: WARN
    Error(s) in re-building vignettes:
     ...
    --- re-building ‘get_started.Rmd’ using rmarkdown
    Warning in engine$weave(file, quiet = quiet, encoding = enc) :
     Pandoc (>= 1.12.3) and/or pandoc-citeproc not available. Falling back to R Markdown v1.
    Quitting from lines 26-34 (get_started.Rmd)
    Error: processing vignette 'get_started.Rmd' failed with diagnostics:
    cannot open the connection
    --- failed re-building ‘get_started.Rmd’
    
    SUMMARY: processing the following file failed:
     ‘get_started.Rmd’
    
    Error: Vignette re-building failed.
    Execution halted
Flavor: r-oldrel-osx-x86_64