CRAN Package Check Results for Package datamaps

Last updated on 2019-10-19 04:46:25 CEST.

Flavor Version Tinstall Tcheck Ttotal Status Flags
r-devel-linux-x86_64-debian-clang 0.0.3 3.30 30.62 33.92 OK
r-devel-linux-x86_64-debian-gcc 0.0.3 2.55 24.35 26.90 OK
r-devel-linux-x86_64-fedora-clang 0.0.3 41.61 OK
r-devel-linux-x86_64-fedora-gcc 0.0.3 41.78 OK
r-devel-windows-ix86+x86_64 0.0.3 13.00 48.00 61.00 OK
r-patched-linux-x86_64 0.0.3 2.97 29.79 32.76 OK
r-patched-solaris-x86 0.0.3 60.30 WARN
r-release-linux-x86_64 0.0.3 2.78 29.98 32.76 OK
r-release-windows-ix86+x86_64 0.0.3 7.00 53.00 60.00 OK
r-release-osx-x86_64 0.0.3 WARN
r-oldrel-windows-ix86+x86_64 0.0.3 6.00 49.00 55.00 OK
r-oldrel-osx-x86_64 0.0.3 WARN

Check Details

Version: 0.0.3
Check: re-building of vignette outputs
Result: WARN
    Error(s) in re-building vignettes:
     ...
    --- re-building ‘get_started.Rmd’ using rmarkdown
    Warning in engine$weave(file, quiet = quiet, encoding = enc) :
     Pandoc (>= 1.12.3) and/or pandoc-citeproc not available. Falling back to R Markdown v1.
    Quitting from lines 26-34 (get_started.Rmd)
    Error: processing vignette 'get_started.Rmd' failed with diagnostics:
    there is no package called 'webshot'
    --- failed re-building ‘get_started.Rmd’
    
    SUMMARY: processing the following file failed:
     ‘get_started.Rmd’
    
    Error: Vignette re-building failed.
    Execution halted
Flavor: r-patched-solaris-x86

Version: 0.0.3
Check: re-building of vignette outputs
Result: WARN
    Error(s) in re-building vignettes:
     ...
    --- re-building ‘get_started.Rmd’ using rmarkdown
    Warning in engine$weave(file, quiet = quiet, encoding = enc) :
     Pandoc (>= 1.12.3) and/or pandoc-citeproc not available. Falling back to R Markdown v1.
    Quitting from lines 26-34 (get_started.Rmd)
    Error: processing vignette 'get_started.Rmd' failed with diagnostics:
    cannot open the connection
    --- failed re-building ‘get_started.Rmd’
    
    SUMMARY: processing the following file failed:
     ‘get_started.Rmd’
    
    Error: Vignette re-building failed.
    Execution halted
Flavor: r-release-osx-x86_64

Version: 0.0.3
Check: re-building of vignette outputs
Result: WARN
    Error in re-building vignettes:
     ...
    Warning in engine$weave(file, quiet = quiet, encoding = enc) :
     Pandoc (>= 1.12.3) and/or pandoc-citeproc not available. Falling back to R Markdown v1.
    Quitting from lines 26-34 (get_started.Rmd)
    Error: processing vignette 'get_started.Rmd' failed with diagnostics:
    cannot open the connection
    Execution halted
Flavor: r-oldrel-osx-x86_64