Last updated on 2023-03-28 09:53:42 CEST.
Flavor | Version | Tinstall | Tcheck | Ttotal | Status | Flags |
---|---|---|---|---|---|---|
r-devel-linux-x86_64-debian-clang | 1.4.0 | 11.64 | 93.54 | 105.18 | OK | |
r-devel-linux-x86_64-debian-gcc | 1.4.0 | 7.42 | 68.60 | 76.02 | OK | |
r-devel-linux-x86_64-fedora-clang | 1.4.0 | 126.59 | OK | |||
r-devel-linux-x86_64-fedora-gcc | 1.4.0 | 321.95 | OK | |||
r-devel-windows-x86_64 | 1.4.0 | 43.00 | 121.00 | 164.00 | OK | |
r-patched-linux-x86_64 | 1.4.0 | 10.42 | 84.03 | 94.45 | OK | |
r-release-linux-x86_64 | 1.4.0 | 6.95 | 88.78 | 95.73 | OK | |
r-release-macos-arm64 | 1.4.0 | 110.00 | OK | |||
r-release-macos-x86_64 | 1.4.0 | 224.00 | OK | |||
r-release-windows-x86_64 | 1.4.0 | 59.00 | 139.00 | 198.00 | OK | |
r-oldrel-macos-arm64 | 1.4.0 | 108.00 | OK | |||
r-oldrel-macos-x86_64 | 1.4.0 | 234.00 | OK | |||
r-oldrel-windows-ix86+x86_64 | 1.4.0 | 24.00 | 124.00 | 148.00 | NOTE |
Version: 1.4.0
Check: R code for possible problems
Result: NOTE
Initiating curl with CURL_SSL_BACKEND: openssl
Flavor: r-oldrel-windows-ix86+x86_64