Last updated on 2023-06-01 23:56:14 CEST.
Flavor | Version | Tinstall | Tcheck | Ttotal | Status | Flags |
---|---|---|---|---|---|---|
r-devel-linux-x86_64-debian-clang | 1.0.2 | 7.29 | 43.67 | 50.96 | OK | |
r-devel-linux-x86_64-debian-gcc | 1.0.2 | 7.18 | 34.79 | 41.97 | OK | |
r-devel-linux-x86_64-fedora-clang | 1.0.2 | 66.56 | NOTE | |||
r-devel-linux-x86_64-fedora-gcc | 1.0.2 | 64.49 | NOTE | |||
r-devel-windows-x86_64 | 1.0.2 | 12.00 | 75.00 | 87.00 | OK | |
r-patched-linux-x86_64 | 1.0.2 | OK | ||||
r-release-linux-x86_64 | 1.0.2 | 7.62 | 42.41 | 50.03 | OK | |
r-release-macos-arm64 | 1.0.2 | 25.00 | OK | |||
r-release-macos-x86_64 | 1.0.2 | 36.00 | OK | |||
r-release-windows-x86_64 | 1.0.2 | 12.00 | 82.00 | 94.00 | OK | |
r-oldrel-macos-arm64 | 1.0.2 | 26.00 | NOTE | |||
r-oldrel-macos-x86_64 | 1.0.2 | 35.00 | NOTE | |||
r-oldrel-windows-x86_64 | 1.0.2 | 13.00 | 72.00 | 85.00 | OK |
Version: 1.0.2
Check: data for non-ASCII characters
Result: NOTE
Note: found 36560 marked Latin-1 strings
Flavors: r-devel-linux-x86_64-fedora-clang, r-devel-linux-x86_64-fedora-gcc, r-oldrel-macos-arm64, r-oldrel-macos-x86_64