Last updated on 2021-02-27 16:47:38 CET.
Flavor | Version | Tinstall | Tcheck | Ttotal | Status | Flags |
---|---|---|---|---|---|---|
r-devel-linux-x86_64-debian-clang | 0.1.0 | 5.38 | 67.72 | 73.10 | OK | |
r-devel-linux-x86_64-debian-gcc | 0.1.0 | 4.07 | 52.35 | 56.42 | OK | |
r-devel-linux-x86_64-fedora-clang | 0.1.0 | 95.26 | NOTE | |||
r-devel-linux-x86_64-fedora-gcc | 0.1.0 | 84.85 | NOTE | |||
r-devel-windows-ix86+x86_64 | 0.1.0 | 8.00 | 66.00 | 74.00 | OK | |
r-patched-linux-x86_64 | 0.1.0 | 3.83 | 66.91 | 70.74 | OK | |
r-patched-solaris-x86 | 0.1.0 | 119.30 | NOTE | |||
r-release-linux-x86_64 | 0.1.0 | 4.48 | 66.54 | 71.02 | OK | |
r-release-macos-x86_64 | 0.1.0 | NOTE | ||||
r-release-windows-ix86+x86_64 | 0.1.0 | 12.00 | 84.00 | 96.00 | OK | |
r-oldrel-macos-x86_64 | 0.1.0 | NOTE | ||||
r-oldrel-windows-ix86+x86_64 | 0.1.0 | 6.00 | 91.00 | 97.00 | OK |
Version: 0.1.0
Check: dependencies in R code
Result: NOTE
Namespace in Imports field not imported from: ‘tidyr’
All declared Imports should be used.
Flavors: r-devel-linux-x86_64-fedora-clang, r-devel-linux-x86_64-fedora-gcc, r-patched-solaris-x86, r-release-macos-x86_64, r-oldrel-macos-x86_64