CRAN Package Check Results for Package dataquieR

Last updated on 2021-05-17 20:48:19 CEST.

Flavor Version Tinstall Tcheck Ttotal Status Flags
r-devel-linux-x86_64-debian-clang 1.0.5 21.14 260.86 282.00 NOTE
r-devel-linux-x86_64-debian-gcc 1.0.5 15.61 185.85 201.46 NOTE
r-devel-linux-x86_64-fedora-clang 1.0.5 347.50 NOTE
r-devel-linux-x86_64-fedora-gcc 1.0.5 330.61 NOTE
r-devel-windows-ix86+x86_64 1.0.5 39.00 339.00 378.00 NOTE
r-devel-windows-x86_64-gcc10-UCRT 1.0.5 NOTE
r-patched-linux-x86_64 1.0.5 27.42 247.70 275.12 NOTE
r-patched-solaris-x86 1.0.5 452.80 NOTE
r-release-linux-x86_64 1.0.5 21.34 244.10 265.44 OK
r-release-macos-x86_64 1.0.5 OK
r-release-windows-ix86+x86_64 1.0.5 28.00 237.00 265.00 OK
r-oldrel-macos-x86_64 1.0.5 OK
r-oldrel-windows-ix86+x86_64 1.0.5 33.00 362.00 395.00 OK

Check Details

Version: 1.0.5
Check: LazyData
Result: NOTE
     'LazyData' is specified without a 'data' directory
Flavors: r-devel-linux-x86_64-debian-clang, r-devel-linux-x86_64-debian-gcc, r-devel-linux-x86_64-fedora-clang, r-devel-linux-x86_64-fedora-gcc, r-devel-windows-ix86+x86_64, r-devel-windows-x86_64-gcc10-UCRT, r-patched-linux-x86_64, r-patched-solaris-x86