CRAN Package Check Results for Package datarium

Last updated on 2020-04-05 21:46:46 CEST.

Flavor Version Tinstall Tcheck Ttotal Status Flags
r-devel-linux-x86_64-debian-clang 0.1.0 1.91 18.80 20.71 OK
r-devel-linux-x86_64-debian-gcc 0.1.0 0.26 1.86 2.12 ERROR
r-devel-linux-x86_64-fedora-clang 0.1.0 26.10 OK
r-devel-linux-x86_64-fedora-gcc 0.1.0 25.53 OK
r-devel-windows-ix86+x86_64 0.1.0 6.00 32.00 38.00 OK
r-devel-windows-ix86+x86_64-gcc8 0.1.0 5.00 33.00 38.00 OK
r-patched-linux-x86_64 0.1.0 1.95 18.59 20.54 OK
r-patched-solaris-x86 0.1.0 42.30 OK
r-release-linux-x86_64 0.1.0 1.44 17.42 18.86 OK
r-release-windows-ix86+x86_64 0.1.0 4.00 43.00 47.00 OK
r-release-osx-x86_64 0.1.0 OK
r-oldrel-windows-ix86+x86_64 0.1.0 5.00 31.00 36.00 OK
r-oldrel-osx-x86_64 0.1.0 OK

Check Details

Version: 0.1.0
Check: whether package can be installed
Result: ERROR
    Installation failed.
Flavor: r-devel-linux-x86_64-debian-gcc