Last updated on 2023-02-01 13:53:14 CET.
Flavor | Version | Tinstall | Tcheck | Ttotal | Status | Flags |
---|---|---|---|---|---|---|
r-devel-linux-x86_64-debian-clang | 2.18.2 | 14.06 | 147.43 | 161.49 | NOTE | |
r-devel-linux-x86_64-debian-gcc | 2.18.2 | 10.01 | 112.22 | 122.23 | NOTE | |
r-devel-linux-x86_64-fedora-clang | 2.18.2 | 199.12 | NOTE | |||
r-devel-linux-x86_64-fedora-gcc | 2.18.2 | 226.78 | NOTE | |||
r-devel-windows-x86_64 | 2.18.2 | 187.00 | 282.00 | 469.00 | OK | |
r-patched-linux-x86_64 | 2.18.2 | 14.17 | 128.41 | 142.58 | NOTE | |
r-release-linux-x86_64 | 2.18.2 | 12.20 | 121.24 | 133.44 | NOTE | |
r-release-macos-arm64 | 2.18.2 | 105.00 | OK | |||
r-release-macos-x86_64 | 2.18.2 | 143.00 | OK | |||
r-release-windows-x86_64 | 2.18.2 | 235.00 | 225.00 | 460.00 | OK | |
r-oldrel-macos-arm64 | 2.18.2 | 133.00 | OK | |||
r-oldrel-macos-x86_64 | 2.18.2 | 144.00 | OK | |||
r-oldrel-windows-ix86+x86_64 | 2.18.2 | 22.00 | 174.00 | 196.00 | OK |
Version: 2.18.2
Check: package dependencies
Result: NOTE
Package suggested but not available for checking: ‘stubthat’
Flavors: r-devel-linux-x86_64-debian-clang, r-devel-linux-x86_64-debian-gcc, r-devel-linux-x86_64-fedora-clang, r-devel-linux-x86_64-fedora-gcc, r-patched-linux-x86_64, r-release-linux-x86_64