Last updated on 2025-01-20 01:48:19 CET.
Flavor | Version | Tinstall | Tcheck | Ttotal | Status | Flags |
---|---|---|---|---|---|---|
r-devel-linux-x86_64-debian-clang | 0.8.11 | 65.56 | 32.58 | 98.14 | NOTE | |
r-devel-linux-x86_64-debian-gcc | 0.8.11 | 52.40 | 25.16 | 77.56 | NOTE | |
r-devel-linux-x86_64-fedora-clang | 0.8.11 | 167.78 | NOTE | |||
r-devel-linux-x86_64-fedora-gcc | 0.8.11 | 190.52 | NOTE | |||
r-devel-windows-x86_64 | 0.8.11 | 62.00 | 73.00 | 135.00 | NOTE | |
r-patched-linux-x86_64 | 0.8.11 | 64.22 | 30.11 | 94.33 | NOTE | |
r-release-linux-x86_64 | 0.8.11 | 65.21 | 29.90 | 95.11 | NOTE | |
r-release-macos-arm64 | 0.8.11 | 68.00 | NOTE | |||
r-release-macos-x86_64 | 0.8.11 | 104.00 | NOTE | |||
r-release-windows-x86_64 | 0.8.11 | 68.00 | 68.00 | 136.00 | NOTE | |
r-oldrel-macos-arm64 | 0.8.11 | 78.00 | NOTE | |||
r-oldrel-macos-x86_64 | 0.8.11 | 130.00 | NOTE | |||
r-oldrel-windows-x86_64 | 0.8.11 | 75.00 | 81.00 | 156.00 | NOTE |
Version: 0.8.11
Check: C++ specification
Result: NOTE
Specified C++11: please drop specification unless essential
Flavors: r-devel-linux-x86_64-debian-clang, r-devel-linux-x86_64-debian-gcc, r-devel-linux-x86_64-fedora-clang, r-devel-linux-x86_64-fedora-gcc, r-devel-windows-x86_64, r-patched-linux-x86_64, r-release-linux-x86_64, r-release-macos-arm64, r-release-macos-x86_64, r-release-windows-x86_64, r-oldrel-macos-arm64, r-oldrel-macos-x86_64, r-oldrel-windows-x86_64
Version: 0.8.11
Check: for GNU extensions in Makefiles
Result: NOTE
GNU make is a SystemRequirements.
Flavors: r-patched-linux-x86_64, r-release-linux-x86_64, r-release-macos-arm64, r-release-macos-x86_64, r-release-windows-x86_64, r-oldrel-macos-arm64, r-oldrel-macos-x86_64, r-oldrel-windows-x86_64
Version: 0.8.11
Check: installed package size
Result: NOTE
installed size is 5.0Mb
sub-directories of 1Mb or more:
libs 4.6Mb
Flavors: r-release-macos-x86_64, r-oldrel-macos-arm64, r-oldrel-macos-x86_64