CRAN Package Check Results for Package dataseries

Last updated on 2019-03-23 15:47:44 CET.

Flavor Version Tinstall Tcheck Ttotal Status Flags
r-devel-linux-x86_64-debian-clang 0.2.0 1.40 17.58 18.98 OK
r-devel-linux-x86_64-debian-gcc 0.2.0 1.28 13.94 15.22 OK
r-devel-linux-x86_64-fedora-clang 0.2.0 22.47 OK
r-devel-linux-x86_64-fedora-gcc 0.2.0 21.21 OK
r-devel-windows-ix86+x86_64 0.2.0 6.00 38.00 44.00 OK
r-patched-linux-x86_64 0.2.0 0.76 15.97 16.73 OK
r-patched-solaris-x86 0.2.0 32.70 OK
r-release-linux-x86_64 0.2.0 0.30 1.82 2.12 ERROR
r-release-windows-ix86+x86_64 0.2.0 2.00 28.00 30.00 OK
r-release-osx-x86_64 0.2.0 OK
r-oldrel-windows-ix86+x86_64 0.2.0 6.00 34.00 40.00 OK
r-oldrel-osx-x86_64 0.2.0 OK

Check Details

Version: 0.2.0
Check: whether package can be installed
Result: ERROR
    Installation failed.
Flavor: r-release-linux-x86_64