CRAN Package Check Results for Package dataseries

Last updated on 2021-05-07 23:47:44 CEST.

Flavor Version Tinstall Tcheck Ttotal Status Flags
r-devel-linux-x86_64-debian-clang 0.2.0 1.92 20.47 22.39 OK
r-devel-linux-x86_64-debian-gcc 0.2.0 1.44 16.38 17.82 OK
r-devel-linux-x86_64-fedora-clang 0.2.0 37.75 OK
r-devel-linux-x86_64-fedora-gcc 0.2.0 27.04 OK
r-devel-windows-ix86+x86_64 0.2.0 5.00 11.00 16.00 ERROR
r-devel-windows-x86_64-gcc10-UCRT 0.2.0 OK
r-patched-linux-x86_64 0.2.0 1.79 20.63 22.42 OK
r-patched-solaris-x86 0.2.0 42.10 OK
r-release-linux-x86_64 0.2.0 1.87 19.99 21.86 OK
r-release-macos-x86_64 0.2.0 OK
r-release-windows-ix86+x86_64 0.2.0 3.00 29.00 32.00 OK
r-oldrel-macos-x86_64 0.2.0 OK
r-oldrel-windows-ix86+x86_64 0.2.0 3.00 24.00 27.00 OK

Check Details

Version: 0.2.0
Check: whether package can be installed
Result: ERROR
    Installation failed.
    See * DONE
Flavor: r-devel-windows-ix86+x86_64