CRAN Package Check Results for Package dataseries

Last updated on 2021-09-19 23:50:00 CEST.

Flavor Version Tinstall Tcheck Ttotal Status Flags
r-devel-linux-x86_64-debian-clang 0.2.0 1.93 20.75 22.68 OK
r-devel-linux-x86_64-debian-gcc 0.2.0 1.40 16.75 18.15 OK
r-devel-linux-x86_64-fedora-clang 0.2.0 37.18 OK
r-devel-linux-x86_64-fedora-gcc 0.2.0 26.51 OK
r-devel-windows-x86_64 0.2.0 5.00 28.00 33.00 OK
r-devel-windows-x86_64-gcc10-UCRT 0.2.0 ERROR
r-patched-linux-x86_64 0.2.0 1.89 20.38 22.27 OK
r-patched-solaris-x86 0.2.0 41.80 OK
r-release-linux-x86_64 0.2.0 1.95 20.58 22.53 OK
r-release-macos-arm64 0.2.0 OK
r-release-macos-x86_64 0.2.0 OK
r-release-windows-ix86+x86_64 0.2.0 4.00 27.00 31.00 OK
r-oldrel-macos-x86_64 0.2.0 OK
r-oldrel-windows-ix86+x86_64 0.2.0 5.00 30.00 35.00 OK

Check Details

Version: 0.2.0
Check: whether package can be installed
Result: WARN
    Found the following significant warnings:
     WARNING: installation-time patches will not be applied, could not get the patches index
Flavor: r-devel-windows-x86_64-gcc10-UCRT

Version: 0.2.0
Check: PDF version of manual
Result: WARN
    LaTeX errors when creating PDF version.
    This typically indicates Rd problems.
Flavor: r-devel-windows-x86_64-gcc10-UCRT

Version: 0.2.0
Check: PDF version of manual without hyperrefs or index
Result: ERROR
    Re-running with no redirection of stdout/stderr.
Flavor: r-devel-windows-x86_64-gcc10-UCRT