CRAN Package Check Results for Package datasus

Last updated on 2019-08-19 11:49:00 CEST.

Flavor Version Tinstall Tcheck Ttotal Status Flags
r-devel-linux-x86_64-debian-clang 0.4.1.1 11.76 55.58 67.34 OK
r-devel-linux-x86_64-debian-gcc 0.4.1.1 10.91 43.32 54.23 OK
r-devel-linux-x86_64-fedora-clang 0.4.1.1 83.35 NOTE
r-devel-linux-x86_64-fedora-gcc 0.4.1.1 80.31 NOTE
r-devel-windows-ix86+x86_64 0.4.1.1 25.00 102.00 127.00 OK
r-patched-linux-x86_64 0.4.1.1 12.95 55.50 68.45 OK
r-patched-solaris-x86 0.4.1.1 107.60 NOTE
r-release-linux-x86_64 0.4.1.1 12.44 56.14 68.58 OK
r-release-windows-ix86+x86_64 0.4.1.1 18.00 70.00 88.00 OK
r-release-osx-x86_64 0.4.1.1 NOTE
r-oldrel-windows-ix86+x86_64 0.4.1.1 19.00 89.00 108.00 OK
r-oldrel-osx-x86_64 0.4.1.1 NOTE

Check Details

Version: 0.4.1.1
Check: dependencies in R code
Result: NOTE
    Namespace in Imports field not imported from: ‘RCurl’
     All declared Imports should be used.
Flavors: r-devel-linux-x86_64-fedora-clang, r-devel-linux-x86_64-fedora-gcc, r-patched-solaris-x86, r-release-osx-x86_64, r-oldrel-osx-x86_64