CRAN Package Check Results for Package datasus

Last updated on 2019-04-26 16:36:19 CEST.

Flavor Version Tinstall Tcheck Ttotal Status Flags
r-devel-linux-x86_64-debian-clang 0.4.1 12.04 55.51 67.55 OK
r-devel-linux-x86_64-debian-gcc 0.4.1 10.65 42.78 53.43 OK
r-devel-linux-x86_64-fedora-clang 0.4.1 81.21 NOTE
r-devel-linux-x86_64-fedora-gcc 0.4.1 80.66 NOTE
r-patched-linux-x86_64 0.4.1 13.03 55.62 68.65 OK
r-patched-solaris-x86 0.4.1 101.60 NOTE
r-release-linux-x86_64 0.4.1 10.30 53.48 63.78 OK
r-release-windows-ix86+x86_64 0.4.1 24.00 92.00 116.00 OK
r-release-osx-x86_64 0.4.1 NOTE
r-oldrel-windows-ix86+x86_64 0.4.1 21.00 71.00 92.00 OK
r-oldrel-osx-x86_64 0.4.1 NOTE

Check Details

Version: 0.4.1
Check: dependencies in R code
Result: NOTE
    Namespace in Imports field not imported from: ‘RCurl’
     All declared Imports should be used.
Flavors: r-devel-linux-x86_64-fedora-clang, r-devel-linux-x86_64-fedora-gcc, r-patched-solaris-x86, r-release-osx-x86_64, r-oldrel-osx-x86_64