CRAN Package Check Results for Package datetime

Last updated on 2021-04-12 01:47:07 CEST.

Flavor Version Tinstall Tcheck Ttotal Status Flags
r-devel-linux-x86_64-debian-clang 0.1.4 2.31 26.33 28.64 NOTE
r-devel-linux-x86_64-debian-gcc 0.1.4 1.66 19.68 21.34 NOTE
r-devel-linux-x86_64-fedora-clang 0.1.4 42.58 NOTE
r-devel-linux-x86_64-fedora-gcc 0.1.4 30.71 NOTE
r-devel-windows-ix86+x86_64 0.1.4 6.00 40.00 46.00 NOTE
r-devel-windows-x86_64-gcc10-UCRT 0.1.4 NOTE
r-patched-linux-x86_64 0.1.4 2.18 24.33 26.51 OK
r-patched-solaris-x86 0.1.4 49.90 OK
r-release-linux-x86_64 0.1.4 2.04 24.84 26.88 OK
r-release-macos-x86_64 0.1.4 OK
r-release-windows-ix86+x86_64 0.1.4 5.00 39.00 44.00 OK
r-oldrel-macos-x86_64 0.1.4 OK
r-oldrel-windows-ix86+x86_64 0.1.4 4.00 30.00 34.00 OK

Check Details

Version: 0.1.4
Check: LazyData
Result: NOTE
     'LazyData' is specified without a 'data' directory
Flavors: r-devel-linux-x86_64-debian-clang, r-devel-linux-x86_64-debian-gcc, r-devel-linux-x86_64-fedora-clang, r-devel-linux-x86_64-fedora-gcc, r-devel-windows-ix86+x86_64, r-devel-windows-x86_64-gcc10-UCRT