CRAN Package Check Results for Package datetimeutils

Last updated on 2020-07-15 10:50:24 CEST.

Flavor Version Tinstall Tcheck Ttotal Status Flags
r-devel-linux-x86_64-debian-clang 0.4-0 2.63 26.32 28.95 OK
r-devel-linux-x86_64-debian-gcc 0.4-0 1.92 20.89 22.81 OK
r-devel-linux-x86_64-fedora-clang 0.4-0 44.79 NOTE
r-devel-linux-x86_64-fedora-gcc 0.4-0 35.90 OK
r-devel-windows-ix86+x86_64 0.4-0 10.00 63.00 73.00 OK
r-patched-linux-x86_64 0.4-0 2.44 26.22 28.66 OK
r-patched-solaris-x86 0.4-0 52.00 OK
r-release-linux-x86_64 0.4-0 2.45 26.10 28.55 OK
r-release-macos-x86_64 0.4-0 FAIL
r-release-windows-ix86+x86_64 0.4-0 6.00 41.00 47.00 OK
r-oldrel-macos-x86_64 0.4-0 OK
r-oldrel-windows-ix86+x86_64 0.4-0 5.00 38.00 43.00 OK

Check Details

Version: 0.4-0
Check: Rd cross-references
Result: NOTE
    Undeclared package ‘anytime’ in Rd xrefs
Flavor: r-devel-linux-x86_64-fedora-clang

Version: 0.4-0
Check: DESCRIPTION meta-information
Result: FAIL
Flavor: r-release-macos-x86_64