Last updated on 2021-01-25 01:46:48 CET.
Flavor | Version | Tinstall | Tcheck | Ttotal | Status | Flags |
---|---|---|---|---|---|---|
r-devel-linux-x86_64-debian-clang | 0.4-0 | 2.56 | 30.48 | 33.04 | OK | |
r-devel-linux-x86_64-debian-gcc | 0.4-0 | 2.08 | 24.53 | 26.61 | OK | |
r-devel-linux-x86_64-fedora-clang | 0.4-0 | 50.77 | NOTE | |||
r-devel-linux-x86_64-fedora-gcc | 0.4-0 | 40.55 | OK | |||
r-devel-windows-ix86+x86_64 | 0.4-0 | 6.00 | 47.00 | 53.00 | OK | |
r-patched-linux-x86_64 | 0.4-0 | 2.17 | 30.13 | 32.30 | OK | |
r-patched-solaris-x86 | 0.4-0 | 57.30 | OK | |||
r-release-linux-x86_64 | 0.4-0 | 2.65 | 30.14 | 32.79 | OK | |
r-release-macos-x86_64 | 0.4-0 | OK | ||||
r-release-windows-ix86+x86_64 | 0.4-0 | 6.00 | 39.00 | 45.00 | OK | |
r-oldrel-macos-x86_64 | 0.4-0 | OK | ||||
r-oldrel-windows-ix86+x86_64 | 0.4-0 | 5.00 | 38.00 | 43.00 | OK |
Version: 0.4-0
Check: Rd cross-references
Result: NOTE
Undeclared package ‘anytime’ in Rd xrefs
Flavor: r-devel-linux-x86_64-fedora-clang