CRAN Package Check Results for Package dbEmpLikeNorm

Last updated on 2021-10-18 21:54:55 CEST.

Flavor Version Tinstall Tcheck Ttotal Status Flags
r-devel-linux-x86_64-debian-clang 1.0.0 3.77 44.31 48.08 NOTE
r-devel-linux-x86_64-debian-gcc 1.0.0 2.73 32.79 35.52 NOTE
r-devel-linux-x86_64-fedora-clang 1.0.0 68.18 NOTE
r-devel-linux-x86_64-fedora-gcc 1.0.0 55.28 NOTE
r-devel-windows-x86_64 1.0.0 5.00 63.00 68.00 NOTE
r-devel-windows-x86_64-gcc10-UCRT 1.0.0 NOTE
r-patched-linux-x86_64 1.0.0 3.87 42.44 46.31 NOTE
r-patched-solaris-x86 1.0.0 78.00 NOTE
r-release-linux-x86_64 1.0.0 3.24 42.58 45.82 NOTE
r-release-macos-arm64 1.0.0 NOTE
r-release-macos-x86_64 1.0.0 NOTE
r-release-windows-ix86+x86_64 1.0.0 6.00 43.00 49.00 NOTE
r-oldrel-macos-x86_64 1.0.0 NOTE
r-oldrel-windows-ix86+x86_64 1.0.0 4.00 42.00 46.00 NOTE

Check Details

Version: 1.0.0
Check: DESCRIPTION meta-information
Result: NOTE
    Malformed Description field: should contain one or more complete sentences.
Flavors: r-devel-linux-x86_64-debian-clang, r-devel-linux-x86_64-debian-gcc, r-devel-linux-x86_64-fedora-clang, r-devel-linux-x86_64-fedora-gcc, r-devel-windows-x86_64, r-devel-windows-x86_64-gcc10-UCRT, r-patched-linux-x86_64, r-patched-solaris-x86, r-release-linux-x86_64, r-release-macos-arm64, r-release-macos-x86_64, r-release-windows-ix86+x86_64, r-oldrel-macos-x86_64, r-oldrel-windows-ix86+x86_64

Version: 1.0.0
Check: R code for possible problems
Result: NOTE
    computePval: no visible global function definition for 'lm'
    computeQhat: no visible global function definition for 'pnorm'
    dbELnorm: no visible global function definition for 'rnorm'
    getCutoffTableThree: no visible global function definition for 'lm'
    getCutoffTableTwo: no visible global function definition for 'lm'
    getCutoffValue: no visible global function definition for 'lm'
    helperGetTstat: no visible global function definition for 'rnorm'
    returnCutoffValue: no visible global function definition for 'rnorm'
    returnCutoffValue: no visible global function definition for 'quantile'
    varianceEstimator: no visible global function definition for 'density'
    varianceEstimator: no visible global function definition for 'ecdf'
    Undefined global functions or variables:
     density ecdf lm pnorm quantile rnorm
    Consider adding
     importFrom("stats", "density", "ecdf", "lm", "pnorm", "quantile",
     "rnorm")
    to your NAMESPACE file.
Flavors: r-devel-linux-x86_64-debian-clang, r-devel-linux-x86_64-debian-gcc, r-devel-linux-x86_64-fedora-clang, r-devel-linux-x86_64-fedora-gcc, r-devel-windows-x86_64, r-devel-windows-x86_64-gcc10-UCRT, r-patched-linux-x86_64, r-patched-solaris-x86, r-release-linux-x86_64, r-release-macos-arm64, r-release-macos-x86_64, r-release-windows-ix86+x86_64, r-oldrel-macos-x86_64, r-oldrel-windows-ix86+x86_64