CRAN Package Check Results for Package dbcsp

Last updated on 2021-09-20 06:48:41 CEST.

Flavor Version Tinstall Tcheck Ttotal Status Flags
r-devel-linux-x86_64-debian-clang 0.0.1.0 16.77 135.36 152.13 OK
r-devel-linux-x86_64-debian-gcc 0.0.1.0 12.77 100.24 113.01 OK
r-devel-linux-x86_64-fedora-clang 0.0.1.0 187.25 OK
r-devel-linux-x86_64-fedora-gcc 0.0.1.0 176.36 OK
r-devel-windows-x86_64 0.0.1.0 16.00 111.00 127.00 OK
r-devel-windows-x86_64-gcc10-UCRT 0.0.1.0 ERROR
r-patched-linux-x86_64 0.0.1.0 15.75 125.55 141.30 OK
r-patched-solaris-x86 0.0.1.0 251.40 OK
r-release-linux-x86_64 0.0.1.0 16.29 126.55 142.84 OK
r-release-macos-arm64 0.0.1.0 OK
r-release-macos-x86_64 0.0.1.0 OK
r-release-windows-ix86+x86_64 0.0.1.0 32.00 112.00 144.00 OK
r-oldrel-macos-x86_64 0.0.1.0 OK
r-oldrel-windows-ix86+x86_64 0.0.1.0 34.00 124.00 158.00 OK

Check Details

Version: 0.0.1.0
Check: whether package can be installed
Result: WARN
    Found the following significant warnings:
     WARNING: installation-time patches will not be applied, could not get the patches index
Flavor: r-devel-windows-x86_64-gcc10-UCRT

Version: 0.0.1.0
Check: PDF version of manual
Result: WARN
    LaTeX errors when creating PDF version.
    This typically indicates Rd problems.
Flavor: r-devel-windows-x86_64-gcc10-UCRT

Version: 0.0.1.0
Check: PDF version of manual without hyperrefs or index
Result: ERROR
    Re-running with no redirection of stdout/stderr.
Flavor: r-devel-windows-x86_64-gcc10-UCRT