CRAN Package Check Results for Package dblr

Last updated on 2024-06-21 23:55:05 CEST.

Flavor Version Tinstall Tcheck Ttotal Status Flags
r-devel-linux-x86_64-debian-clang 0.1.0 7.52 69.20 76.72 NOTE
r-devel-linux-x86_64-debian-gcc 0.1.0 6.53 52.64 59.17 NOTE
r-devel-linux-x86_64-fedora-clang 0.1.0 95.59 NOTE
r-devel-linux-x86_64-fedora-gcc 0.1.0 102.59 NOTE
r-devel-windows-x86_64 0.1.0 7.00 64.00 71.00 NOTE
r-patched-linux-x86_64 0.1.0 7.93 72.36 80.29 NOTE
r-release-linux-x86_64 0.1.0 7.97 71.48 79.45 NOTE
r-release-macos-arm64 0.1.0 29.00 NOTE
r-release-macos-x86_64 0.1.0 42.00 NOTE
r-release-windows-x86_64 0.1.0 7.00 66.00 73.00 NOTE
r-oldrel-macos-arm64 0.1.0 31.00 NOTE
r-oldrel-macos-x86_64 0.1.0 50.00 NOTE
r-oldrel-windows-x86_64 0.1.0 8.00 75.00 83.00 NOTE

Check Details

Version: 0.1.0
Check: LazyData
Result: NOTE 'LazyData' is specified without a 'data' directory Flavors: r-devel-linux-x86_64-debian-clang, r-devel-linux-x86_64-debian-gcc, r-devel-linux-x86_64-fedora-clang, r-devel-linux-x86_64-fedora-gcc, r-devel-windows-x86_64, r-patched-linux-x86_64, r-release-linux-x86_64, r-release-macos-arm64, r-release-macos-x86_64, r-release-windows-x86_64, r-oldrel-macos-arm64, r-oldrel-macos-x86_64, r-oldrel-windows-x86_64