CRAN Package Check Results for Package dbnR

Last updated on 2024-02-23 09:53:18 CET.

Flavor Version Tinstall Tcheck Ttotal Status Flags
r-devel-linux-x86_64-debian-clang 0.7.8 NOTE
r-devel-linux-x86_64-debian-gcc 0.7.8 47.30 53.18 100.48 NOTE
r-devel-linux-x86_64-fedora-clang 0.7.8 171.34 NOTE
r-devel-linux-x86_64-fedora-gcc 0.7.8 173.27 NOTE
r-devel-windows-x86_64 0.7.8 47.00 110.00 157.00 NOTE
r-patched-linux-x86_64 0.7.8 62.48 67.90 130.38 NOTE
r-release-linux-x86_64 0.7.8 54.81 68.38 123.19 NOTE
r-release-macos-arm64 0.7.8 46.00 NOTE
r-release-macos-x86_64 0.7.8 84.00 NOTE
r-release-windows-x86_64 0.7.8 48.00 124.00 172.00 NOTE
r-oldrel-macos-arm64 0.7.8 45.00 OK
r-oldrel-windows-x86_64 0.7.8 61.00 96.00 157.00 OK

Check Details

Version: 0.7.8
Check: C++ specification
Result: NOTE Specified C++11: please drop specification unless essential Flavors: r-devel-linux-x86_64-debian-clang, r-devel-linux-x86_64-debian-gcc, r-devel-linux-x86_64-fedora-clang, r-devel-linux-x86_64-fedora-gcc, r-devel-windows-x86_64, r-patched-linux-x86_64, r-release-linux-x86_64, r-release-macos-arm64, r-release-macos-x86_64, r-release-windows-x86_64

Version: 0.7.8
Check: Rd files
Result: NOTE checkRd: (-1) Velocity.Rd:9: Lost braces; missing escapes or markup? 9 | \item{probs}{the weight of each value {-1,0,1}. They define the probability that each of them will be picked} | ^ checkRd: (-1) cte_times_vel_cpp.Rd:14: Lost braces; missing escapes or markup? 14 | \item{abs_op}{the final number of {1,-1} operations} | ^ checkRd: (-1) natVelocity.Rd:15: Lost braces; missing escapes or markup? 15 | \item{probs}{the weight of each value {-1,0,1}. They define the probability that each of them will be picked} | ^ checkRd: (-1) nat_cte_times_vel_cpp.Rd:16: Lost braces; missing escapes or markup? 16 | \item{abs_op}{the final number of {1,-1} operations} | ^ checkRd: (-1) nat_vel_plus_vel_cpp.Rd:18: Lost braces; missing escapes or markup? 18 | \item{abs_op1}{the number of {1,-1} operations in the first velocity} | ^ checkRd: (-1) nat_vel_plus_vel_cpp.Rd:20: Lost braces; missing escapes or markup? 20 | \item{abs_op2}{the number of {1,-1} operations in the second velocity} | ^ checkRd: (-1) randomize_vl_cpp.Rd:12: Lost braces; missing escapes or markup? 12 | \item{probs}{the probabilities of each value in the set {-1,0,1}} | ^ checkRd: (-1) vel_plus_vel_cpp.Rd:14: Lost braces; missing escapes or markup? 14 | \item{abs_op}{the final number of {1,-1} operations} | ^ Flavors: r-devel-linux-x86_64-debian-clang, r-devel-linux-x86_64-debian-gcc