CRAN Package Check Results for Package dbnlearn

Last updated on 2020-09-28 04:47:30 CEST.

Flavor Version Tinstall Tcheck Ttotal Status Flags
r-devel-linux-x86_64-debian-clang 0.1.0 2.32 33.27 35.59 OK
r-devel-linux-x86_64-debian-gcc 0.1.0 2.03 25.76 27.79 OK
r-devel-linux-x86_64-fedora-clang 0.1.0 52.36 NOTE
r-devel-linux-x86_64-fedora-gcc 0.1.0 45.22 NOTE
r-devel-windows-ix86+x86_64 0.1.0 8.00 51.00 59.00 OK
r-patched-linux-x86_64 0.1.0 2.60 32.73 35.33 OK
r-patched-solaris-x86 0.1.0 66.00 NOTE
r-release-linux-x86_64 0.1.0 2.33 32.89 35.22 OK
r-release-macos-x86_64 0.1.0 NOTE
r-release-windows-ix86+x86_64 0.1.0 7.00 51.00 58.00 OK
r-oldrel-macos-x86_64 0.1.0 NOTE
r-oldrel-windows-ix86+x86_64 0.1.0 5.00 52.00 57.00 OK

Check Details

Version: 0.1.0
Check: dependencies in R code
Result: NOTE
    Namespace in Imports field not imported from: ‘ggplot2’
     All declared Imports should be used.
Flavors: r-devel-linux-x86_64-fedora-clang, r-devel-linux-x86_64-fedora-gcc, r-patched-solaris-x86, r-release-macos-x86_64, r-oldrel-macos-x86_64