CRAN Package Check Results for Package dbparser

Last updated on 2022-05-28 21:50:38 CEST.

Flavor Version Tinstall Tcheck Ttotal Status Flags
r-devel-linux-x86_64-debian-clang 1.2.0 25.70 127.84 153.54 NOTE
r-devel-linux-x86_64-debian-gcc 1.2.0 19.89 93.92 113.81 NOTE
r-devel-linux-x86_64-fedora-clang 1.2.0 179.96 NOTE
r-devel-linux-x86_64-fedora-gcc 1.2.0 177.78 NOTE
r-devel-windows-x86_64 1.2.0 91.00 151.00 242.00 NOTE
r-patched-linux-x86_64 1.2.0 23.46 119.75 143.21 NOTE
r-release-linux-x86_64 1.2.0 20.14 117.38 137.52 NOTE
r-release-macos-arm64 1.2.0 52.00 NOTE
r-release-macos-x86_64 1.2.0 89.00 NOTE
r-release-windows-x86_64 1.2.0 149.00 155.00 304.00 NOTE
r-oldrel-macos-arm64 1.2.0 56.00 NOTE
r-oldrel-macos-x86_64 1.2.0 102.00 NOTE
r-oldrel-windows-ix86+x86_64 1.2.0 43.00 136.00 179.00 NOTE

Check Details

Version: 1.2.0
Check: LazyData
Result: NOTE
     'LazyData' is specified without a 'data' directory
Flavors: r-devel-linux-x86_64-debian-clang, r-devel-linux-x86_64-debian-gcc, r-devel-linux-x86_64-fedora-clang, r-devel-linux-x86_64-fedora-gcc, r-devel-windows-x86_64, r-patched-linux-x86_64, r-release-linux-x86_64, r-release-macos-arm64, r-release-macos-x86_64, r-release-windows-x86_64, r-oldrel-macos-arm64, r-oldrel-macos-x86_64, r-oldrel-windows-ix86+x86_64