CRAN Package Check Results for Package dbparser

Last updated on 2022-09-29 12:55:24 CEST.

Flavor Version Tinstall Tcheck Ttotal Status Flags
r-devel-linux-x86_64-debian-clang 1.2.0 23.05 122.26 145.31 NOTE
r-devel-linux-x86_64-debian-gcc 1.2.0 17.05 90.18 107.23 NOTE
r-devel-linux-x86_64-fedora-clang 1.2.0 196.43 NOTE
r-devel-linux-x86_64-fedora-gcc 1.2.0 191.72 NOTE
r-devel-windows-x86_64 1.2.0 61.00 159.00 220.00 NOTE
r-patched-linux-x86_64 1.2.0 25.20 113.17 138.37 NOTE
r-release-linux-x86_64 1.2.0 22.31 112.05 134.36 NOTE
r-release-macos-arm64 1.2.0 52.00 NOTE
r-release-macos-x86_64 1.2.0 89.00 NOTE
r-release-windows-x86_64 1.2.0 58.00 151.00 209.00 NOTE
r-oldrel-macos-arm64 1.2.0 56.00 NOTE
r-oldrel-macos-x86_64 1.2.0 102.00 NOTE
r-oldrel-windows-ix86+x86_64 1.2.0 42.00 142.00 184.00 NOTE

Check Details

Version: 1.2.0
Check: LazyData
Result: NOTE
     'LazyData' is specified without a 'data' directory
Flavors: r-devel-linux-x86_64-debian-clang, r-devel-linux-x86_64-debian-gcc, r-devel-linux-x86_64-fedora-clang, r-devel-linux-x86_64-fedora-gcc, r-devel-windows-x86_64, r-patched-linux-x86_64, r-release-linux-x86_64, r-release-macos-arm64, r-release-macos-x86_64, r-release-windows-x86_64, r-oldrel-macos-arm64, r-oldrel-macos-x86_64, r-oldrel-windows-ix86+x86_64