CRAN Package Check Results for Package dbscan

Last updated on 2021-05-17 18:48:56 CEST.

Flavor Version Tinstall Tcheck Ttotal Status Flags
r-devel-linux-x86_64-debian-clang 1.1-8 157.28 98.24 255.52 OK
r-devel-linux-x86_64-debian-gcc 1.1-8 102.20 74.74 176.94 OK
r-devel-linux-x86_64-fedora-clang 1.1-8 367.93 NOTE
r-devel-linux-x86_64-fedora-gcc 1.1-8 322.80 OK
r-devel-windows-ix86+x86_64 1.1-8 361.00 201.00 562.00 NOTE
r-devel-windows-x86_64-gcc10-UCRT 1.1-8 OK
r-patched-linux-x86_64 1.1-8 120.55 93.93 214.48 OK
r-patched-solaris-x86 1.1-8 324.90 OK
r-release-linux-x86_64 1.1-8 126.04 92.41 218.45 OK
r-release-macos-x86_64 1.1-8 NOTE
r-release-windows-ix86+x86_64 1.1-8 289.00 141.00 430.00 NOTE
r-oldrel-macos-x86_64 1.1-8 NOTE
r-oldrel-windows-ix86+x86_64 1.1-8 281.00 211.00 492.00 NOTE

Check Details

Version: 1.1-8
Check: installed package size
Result: NOTE
     installed size is 9.8Mb
     sub-directories of 1Mb or more:
     doc 2.6Mb
     libs 6.8Mb
Flavors: r-devel-linux-x86_64-fedora-clang, r-devel-windows-ix86+x86_64, r-release-macos-x86_64, r-release-windows-ix86+x86_64, r-oldrel-macos-x86_64, r-oldrel-windows-ix86+x86_64