CRAN Package Check Results for Package dbscan

Last updated on 2021-09-20 16:50:24 CEST.

Flavor Version Tinstall Tcheck Ttotal Status Flags
r-devel-linux-x86_64-debian-clang 1.1-8 157.87 106.67 264.54 OK
r-devel-linux-x86_64-debian-gcc 1.1-8 99.93 80.60 180.53 OK
r-devel-linux-x86_64-fedora-clang 1.1-8 384.62 NOTE
r-devel-linux-x86_64-fedora-gcc 1.1-8 330.55 OK
r-devel-windows-x86_64 1.1-8 160.00 128.00 288.00 OK
r-devel-windows-x86_64-gcc10-UCRT 1.1-8 ERROR
r-patched-linux-x86_64 1.1-8 123.48 94.97 218.45 OK
r-patched-solaris-x86 1.1-8 324.70 OK
r-release-linux-x86_64 1.1-8 127.69 95.66 223.35 OK
r-release-macos-arm64 1.1-8 NOTE
r-release-macos-x86_64 1.1-8 NOTE
r-release-windows-ix86+x86_64 1.1-8 356.00 155.00 511.00 NOTE
r-oldrel-macos-x86_64 1.1-8 NOTE
r-oldrel-windows-ix86+x86_64 1.1-8 360.00 239.00 599.00 NOTE

Check Details

Version: 1.1-8
Check: installed package size
Result: NOTE
     installed size is 9.8Mb
     sub-directories of 1Mb or more:
     doc 2.6Mb
     libs 6.8Mb
Flavors: r-devel-linux-x86_64-fedora-clang, r-release-macos-arm64, r-release-macos-x86_64, r-release-windows-ix86+x86_64, r-oldrel-macos-x86_64, r-oldrel-windows-ix86+x86_64

Version: 1.1-8
Check: whether package can be installed
Result: ERROR
    Installation failed.
Flavor: r-devel-windows-x86_64-gcc10-UCRT