CRAN Package Check Results for Package dbscan

Last updated on 2021-03-01 17:54:57 CET.

Flavor Version Tinstall Tcheck Ttotal Status Flags
r-devel-linux-x86_64-debian-clang 1.1-6 OK
r-devel-linux-x86_64-debian-gcc 1.1-6 93.35 72.88 166.23 OK
r-devel-linux-x86_64-fedora-clang 1.1-6 361.70 NOTE
r-devel-linux-x86_64-fedora-gcc 1.1-6 310.39 OK
r-devel-windows-ix86+x86_64 1.1-5 253.00 165.00 418.00 OK
r-patched-linux-x86_64 1.1-6 118.30 92.08 210.38 OK
r-patched-solaris-x86 1.1-6 306.60 OK
r-release-linux-x86_64 1.1-6 138.45 91.66 230.11 OK
r-release-macos-x86_64 1.1-6 NOTE
r-release-windows-ix86+x86_64 1.1-5 293.00 198.00 491.00 OK
r-oldrel-macos-x86_64 1.1-6 NOTE
r-oldrel-windows-ix86+x86_64 1.1-5 233.00 191.00 424.00 OK

Check Details

Version: 1.1-6
Check: installed package size
Result: NOTE
     installed size is 11.3Mb
     sub-directories of 1Mb or more:
     doc 2.9Mb
     libs 8.0Mb
Flavors: r-devel-linux-x86_64-fedora-clang, r-release-macos-x86_64, r-oldrel-macos-x86_64