CRAN Package Check Results for Package dbscan

Last updated on 2022-01-21 15:19:07 CET.

Flavor Version Tinstall Tcheck Ttotal Status Flags
r-devel-linux-x86_64-debian-clang 1.1-10 157.08 103.27 260.35 OK
r-devel-linux-x86_64-debian-gcc 1.1-10 106.92 78.66 185.58 OK
r-devel-linux-x86_64-fedora-clang 1.1-10 417.84 NOTE
r-devel-linux-x86_64-fedora-gcc 1.1-10 333.17 OK
r-devel-windows-x86_64-new-UL 1.1-10 153.00 183.00 336.00 OK
r-devel-windows-x86_64-new-TK 1.1-10 OK
r-patched-linux-x86_64 1.1-10 132.06 100.79 232.85 OK
r-release-linux-x86_64 1.1-10 127.93 102.28 230.21 OK
r-release-macos-arm64 1.1-10 NOTE
r-release-macos-x86_64 1.1-10 NOTE
r-release-windows-ix86+x86_64 1.1-10 366.00 189.00 555.00 NOTE
r-oldrel-macos-x86_64 1.1-8 NOTE
r-oldrel-windows-ix86+x86_64 1.1-10 367.00 188.00 555.00 NOTE

Check Details

Version: 1.1-10
Check: installed package size
Result: NOTE
     installed size is 10.1Mb
     sub-directories of 1Mb or more:
     doc 2.6Mb
     libs 7.1Mb
Flavors: r-devel-linux-x86_64-fedora-clang, r-release-macos-arm64, r-release-macos-x86_64, r-release-windows-ix86+x86_64, r-oldrel-windows-ix86+x86_64

Version: 1.1-8
Check: installed package size
Result: NOTE
     installed size is 9.3Mb
     sub-directories of 1Mb or more:
     doc 2.6Mb
     libs 6.3Mb
Flavor: r-oldrel-macos-x86_64