CRAN Package Check Results for Package dbscan

Last updated on 2022-12-06 04:51:45 CET.

Flavor Version Tinstall Tcheck Ttotal Status Flags
r-devel-linux-x86_64-debian-clang 1.1-11 162.84 104.11 266.95 OK
r-devel-linux-x86_64-debian-gcc 1.1-11 111.23 78.24 189.47 OK
r-devel-linux-x86_64-fedora-clang 1.1-11 420.66 OK
r-devel-linux-x86_64-fedora-gcc 1.1-11 369.08 OK
r-devel-windows-x86_64 1.1-11 148.00 194.00 342.00 OK
r-patched-linux-x86_64 1.1-11 136.03 100.38 236.41 OK
r-release-linux-x86_64 1.1-11 134.07 96.90 230.97 OK
r-release-macos-arm64 1.1-11 102.00 NOTE
r-release-macos-x86_64 1.1-11 145.00 NOTE
r-release-windows-x86_64 1.1-11 149.00 185.00 334.00 OK
r-oldrel-macos-arm64 1.1-11 95.00 NOTE
r-oldrel-macos-x86_64 1.1-11 153.00 NOTE
r-oldrel-windows-ix86+x86_64 1.1-11 384.00 200.00 584.00 NOTE

Check Details

Version: 1.1-11
Check: installed package size
Result: NOTE
     installed size is 9.7Mb
     sub-directories of 1Mb or more:
     doc 2.6Mb
     libs 6.5Mb
Flavors: r-release-macos-arm64, r-release-macos-x86_64, r-oldrel-macos-arm64, r-oldrel-macos-x86_64, r-oldrel-windows-ix86+x86_64