CRAN Package Check Results for Package dbx

Last updated on 2021-10-17 20:48:59 CEST.

Flavor Version Tinstall Tcheck Ttotal Status Flags
r-devel-linux-x86_64-debian-clang 0.2.8 2.63 28.63 31.26 NOTE
r-devel-linux-x86_64-debian-gcc 0.2.8 2.04 22.28 24.32 NOTE
r-devel-linux-x86_64-fedora-clang 0.2.8 48.31 NOTE
r-devel-linux-x86_64-fedora-gcc 0.2.8 37.35 NOTE
r-devel-windows-x86_64 0.2.8 5.00 49.00 54.00 NOTE
r-devel-windows-x86_64-gcc10-UCRT 0.2.8 NOTE
r-patched-linux-x86_64 0.2.8 2.67 28.07 30.74 NOTE
r-patched-solaris-x86 0.2.8 56.50 NOTE
r-release-linux-x86_64 0.2.8 2.86 27.91 30.77 NOTE
r-release-macos-arm64 0.2.8 NOTE
r-release-macos-x86_64 0.2.8 NOTE
r-release-windows-ix86+x86_64 0.2.8 5.00 46.00 51.00 NOTE
r-oldrel-macos-x86_64 0.2.8 OK
r-oldrel-windows-ix86+x86_64 0.2.8 6.00 47.00 53.00 OK

Check Details

Version: 0.2.8
Check: LazyData
Result: NOTE
     'LazyData' is specified without a 'data' directory
Flavors: r-devel-linux-x86_64-debian-clang, r-devel-linux-x86_64-debian-gcc, r-devel-linux-x86_64-fedora-clang, r-devel-linux-x86_64-fedora-gcc, r-devel-windows-x86_64, r-devel-windows-x86_64-gcc10-UCRT, r-patched-linux-x86_64, r-patched-solaris-x86, r-release-linux-x86_64, r-release-macos-arm64, r-release-macos-x86_64, r-release-windows-ix86+x86_64