CRAN Package Check Results for Package dc3net

Last updated on 2022-10-05 19:53:06 CEST.

Flavor Version Tinstall Tcheck Ttotal Status Flags
r-devel-linux-x86_64-debian-clang 1.2.0 3.92 46.76 50.68 OK
r-devel-linux-x86_64-debian-gcc 1.2.0 3.15 36.07 39.22 OK
r-devel-linux-x86_64-fedora-clang 1.2.0 73.77 OK
r-devel-linux-x86_64-fedora-gcc 1.2.0 70.71 OK
r-devel-windows-x86_64 1.2.0 10.00 73.00 83.00 OK
r-patched-linux-x86_64 1.2.0 4.02 45.68 49.70 OK
r-release-linux-x86_64 1.2.0 3.50 44.76 48.26 OK
r-release-macos-arm64 1.2.0 5.00 ERROR
r-release-macos-x86_64 1.2.0 30.00 OK
r-release-windows-x86_64 1.2.0 18.00 72.00 90.00 OK
r-oldrel-macos-arm64 1.2.0 9.00 ERROR
r-oldrel-macos-x86_64 1.2.0 43.00 OK
r-oldrel-windows-ix86+x86_64 1.2.0 8.00 69.00 77.00 OK

Check Details

Version: 1.2.0
Check: package dependencies
Result: ERROR
    Package required but not available: ‘RedeR’
    
    See section ‘The DESCRIPTION file’ in the ‘Writing R Extensions’
    manual.
Flavors: r-release-macos-arm64, r-oldrel-macos-arm64