CRAN Package Check Results for Package dc3net

Last updated on 2021-05-14 11:50:40 CEST.

Flavor Version Tinstall Tcheck Ttotal Status Flags
r-devel-linux-x86_64-debian-clang 1.2.0 3.25 42.50 45.75 OK
r-devel-linux-x86_64-debian-gcc 1.2.0 2.23 32.79 35.02 OK
r-devel-linux-x86_64-fedora-clang 1.2.0 67.36 OK
r-devel-linux-x86_64-fedora-gcc 1.2.0 54.45 OK
r-devel-windows-ix86+x86_64 1.2.0 7.00 45.00 52.00 OK
r-devel-windows-x86_64-gcc10-UCRT 1.2.0 OK
r-patched-linux-x86_64 1.2.0 3.41 41.48 44.89 OK
r-patched-solaris-x86 1.2.0 89.20 OK
r-release-linux-x86_64 1.2.0 3.00 40.64 43.64 OK
r-release-macos-x86_64 1.2.0 OK
r-release-windows-ix86+x86_64 1.2.0 5.00 60.00 65.00 OK
r-oldrel-macos-x86_64 1.2.0 OK
r-oldrel-windows-ix86+x86_64 1.2.0 5.00 13.00 18.00 ERROR

Check Details

Version: 1.2.0
Check: whether package can be installed
Result: ERROR
    Installation failed.
Flavor: r-oldrel-windows-ix86+x86_64