CRAN Package Check Results for Package dcGOR

Last updated on 2022-12-02 06:51:11 CET.

Flavor Version Tinstall Tcheck Ttotal Status Flags
r-devel-linux-x86_64-debian-clang 1.0.6 28.32 204.40 232.72 OK
r-devel-linux-x86_64-debian-gcc 1.0.6 19.89 150.50 170.39 OK
r-devel-linux-x86_64-fedora-clang 1.0.6 290.05 NOTE
r-devel-linux-x86_64-fedora-gcc 1.0.6 282.28 OK
r-devel-windows-x86_64 1.0.6 75.00 260.00 335.00 NOTE
r-patched-linux-x86_64 1.0.6 25.01 185.77 210.78 OK
r-release-linux-x86_64 1.0.6 20.44 183.73 204.17 OK
r-release-macos-arm64 1.0.6 55.00 NOTE
r-release-macos-x86_64 1.0.6 102.00 NOTE
r-release-windows-x86_64 1.0.6 63.00 249.00 312.00 NOTE
r-oldrel-macos-arm64 1.0.6 9.00 ERROR
r-oldrel-macos-x86_64 1.0.6 110.00 NOTE
r-oldrel-windows-ix86+x86_64 1.0.6 51.00 224.00 275.00 NOTE

Check Details

Version: 1.0.6
Check: installed package size
Result: NOTE
     installed size is 5.4Mb
     sub-directories of 1Mb or more:
     data 4.1Mb
Flavors: r-devel-linux-x86_64-fedora-clang, r-devel-windows-x86_64, r-release-macos-arm64, r-release-macos-x86_64, r-release-windows-x86_64, r-oldrel-macos-x86_64, r-oldrel-windows-ix86+x86_64

Version: 1.0.6
Check: package dependencies
Result: NOTE
    Package suggested but not available for checking: 'doMC'
Flavors: r-devel-windows-x86_64, r-release-windows-x86_64, r-oldrel-windows-ix86+x86_64

Version: 1.0.6
Check: package dependencies
Result: ERROR
    Package required but not available: ‘dnet’
    
    See section ‘The DESCRIPTION file’ in the ‘Writing R Extensions’
    manual.
Flavor: r-oldrel-macos-arm64