CRAN Package Check Results for Package dcGOR

Last updated on 2020-02-29 07:50:09 CET.

Flavor Version Tinstall Tcheck Ttotal Status Flags
r-devel-linux-x86_64-debian-clang 1.0.6 20.63 136.44 157.07 OK
r-devel-linux-x86_64-debian-gcc 1.0.6 16.22 108.00 124.22 OK
r-devel-linux-x86_64-fedora-clang 1.0.6 188.31 NOTE
r-devel-linux-x86_64-fedora-gcc 1.0.6 194.45 OK
r-devel-windows-ix86+x86_64 1.0.6 42.00 210.00 252.00 NOTE
r-devel-windows-ix86+x86_64-gcc8 1.0.6 36.00 157.00 193.00 NOTE
r-patched-linux-x86_64 1.0.6 15.58 119.95 135.53 OK
r-patched-solaris-x86 1.0.6 251.40 NOTE
r-release-linux-x86_64 1.0.6 16.34 120.14 136.48 OK
r-release-windows-ix86+x86_64 1.0.6 30.00 209.00 239.00 NOTE
r-release-osx-x86_64 1.0.6 NOTE
r-oldrel-windows-ix86+x86_64 1.0.6 21.00 120.00 141.00 NOTE
r-oldrel-osx-x86_64 1.0.6 NOTE

Check Details

Version: 1.0.6
Check: installed package size
Result: NOTE
     installed size is 5.4Mb
     sub-directories of 1Mb or more:
     data 4.1Mb
Flavors: r-devel-linux-x86_64-fedora-clang, r-devel-windows-ix86+x86_64, r-devel-windows-ix86+x86_64-gcc8, r-patched-solaris-x86, r-release-windows-ix86+x86_64, r-release-osx-x86_64, r-oldrel-windows-ix86+x86_64, r-oldrel-osx-x86_64

Version: 1.0.6
Check: package dependencies
Result: NOTE
    Package suggested but not available for checking: 'doMC'
Flavors: r-devel-windows-ix86+x86_64, r-devel-windows-ix86+x86_64-gcc8, r-release-windows-ix86+x86_64, r-oldrel-windows-ix86+x86_64