CRAN Package Check Results for Package dclone

Last updated on 2023-01-28 08:00:31 CET.

Flavor Version Tinstall Tcheck Ttotal Status Flags
r-devel-linux-x86_64-debian-clang 2.3-0 16.89 154.17 171.06 OK
r-devel-linux-x86_64-debian-gcc 2.3-0 13.63 113.02 126.65 OK
r-devel-linux-x86_64-fedora-clang 2.3-0 210.17 OK
r-devel-linux-x86_64-fedora-gcc 2.3-0 203.28 OK
r-devel-windows-x86_64 2.3-0 43.00 180.00 223.00 NOTE
r-patched-linux-x86_64 2.3-0 20.68 144.62 165.30 OK
r-release-linux-x86_64 2.3-0 11.91 145.27 157.18 OK
r-release-macos-arm64 2.3-0 70.00 NOTE
r-release-macos-x86_64 2.3-0 89.00 NOTE
r-release-windows-x86_64 2.3-0 47.00 195.00 242.00 NOTE
r-oldrel-macos-arm64 2.3-0 52.00 NOTE
r-oldrel-macos-x86_64 2.3-0 113.00 NOTE
r-oldrel-windows-ix86+x86_64 2.3-0 39.00 170.00 209.00 OK

Check Details

Version: 2.3-0
Check: package dependencies
Result: NOTE
    Package suggested but not available for checking: 'BRugs'
Flavors: r-devel-windows-x86_64, r-release-macos-arm64, r-release-macos-x86_64, r-release-windows-x86_64, r-oldrel-macos-arm64, r-oldrel-macos-x86_64