CRAN Package Check Results for Package dclone

Last updated on 2019-08-17 19:48:25 CEST.

Flavor Version Tinstall Tcheck Ttotal Status Flags
r-devel-linux-x86_64-debian-clang 2.3-0 12.96 91.70 104.66 OK
r-devel-linux-x86_64-debian-gcc 2.3-0 11.20 73.44 84.64 OK
r-devel-linux-x86_64-fedora-clang 2.3-0 126.09 OK
r-devel-linux-x86_64-fedora-gcc 2.3-0 121.01 OK
r-devel-windows-ix86+x86_64 2.3-0 32.00 153.00 185.00 OK
r-patched-linux-x86_64 2.3-0 13.10 89.80 102.90 OK
r-patched-solaris-x86 2.3-0 198.20 NOTE
r-release-linux-x86_64 2.3-0 12.35 89.32 101.67 OK
r-release-windows-ix86+x86_64 2.3-0 34.00 153.00 187.00 OK
r-release-osx-x86_64 2.3-0 NOTE
r-oldrel-windows-ix86+x86_64 2.3-0 21.00 156.00 177.00 OK
r-oldrel-osx-x86_64 2.3-0 NOTE

Check Details

Version: 2.3-0
Check: package dependencies
Result: NOTE
    Package suggested but not available for checking: ‘BRugs’
Flavors: r-patched-solaris-x86, r-release-osx-x86_64, r-oldrel-osx-x86_64