CRAN Package Check Results for Package dclone

Last updated on 2020-05-29 06:48:24 CEST.

Flavor Version Tinstall Tcheck Ttotal Status Flags
r-devel-linux-x86_64-debian-clang 2.3-0 15.56 109.51 125.07 OK
r-devel-linux-x86_64-debian-gcc 2.3-0 12.46 82.07 94.53 OK
r-devel-linux-x86_64-fedora-clang 2.3-0 157.59 OK
r-devel-linux-x86_64-fedora-gcc 2.3-0 147.85 OK
r-devel-windows-ix86+x86_64 2.3-0 36.00 129.00 165.00 OK
r-patched-linux-x86_64 2.3-0 15.17 105.85 121.02 OK
r-patched-solaris-x86 2.3-0 223.60 NOTE
r-release-linux-x86_64 2.3-0 15.68 106.40 122.08 OK
r-release-osx-x86_64 2.3-0 NOTE
r-release-windows-ix86+x86_64 2.3-0 25.00 177.00 202.00 OK
r-oldrel-osx-x86_64 2.3-0 NOTE
r-oldrel-windows-ix86+x86_64 2.3-0 26.00 121.00 147.00 OK

Check Details

Version: 2.3-0
Check: package dependencies
Result: NOTE
    Package suggested but not available for checking: ‘BRugs’
Flavors: r-patched-solaris-x86, r-release-osx-x86_64, r-oldrel-osx-x86_64