CRAN Package Check Results for Package dclone

Last updated on 2021-05-18 13:49:28 CEST.

Flavor Version Tinstall Tcheck Ttotal Status Flags
r-devel-linux-x86_64-debian-clang 2.3-0 19.12 136.93 156.05 OK
r-devel-linux-x86_64-debian-gcc 2.3-0 13.37 102.63 116.00 OK
r-devel-linux-x86_64-fedora-clang 2.3-0 193.36 OK
r-devel-linux-x86_64-fedora-gcc 2.3-0 178.95 OK
r-devel-windows-ix86+x86_64 2.3-0 44.00 131.00 175.00 OK
r-devel-windows-x86_64-gcc10-UCRT 2.3-0 NOTE
r-patched-linux-x86_64 2.3-0 19.17 132.21 151.38 OK
r-patched-solaris-x86 2.3-0 254.70 NOTE
r-release-linux-x86_64 2.3-0 12.71 124.00 136.71 OK
r-release-macos-x86_64 2.3-0 NOTE
r-release-windows-ix86+x86_64 2.3-0 27.00 132.00 159.00 OK
r-oldrel-macos-x86_64 2.3-0 NOTE
r-oldrel-windows-ix86+x86_64 2.3-0 23.00 195.00 218.00 OK

Check Details

Version: 2.3-0
Check: package dependencies
Result: NOTE
    Package suggested but not available for checking: 'BRugs'
Flavors: r-devel-windows-x86_64-gcc10-UCRT, r-patched-solaris-x86, r-release-macos-x86_64, r-oldrel-macos-x86_64