CRAN Package Check Results for Package dclone

Last updated on 2020-10-19 23:49:14 CEST.

Flavor Version Tinstall Tcheck Ttotal Status Flags
r-devel-linux-x86_64-debian-clang 2.3-0 18.55 131.69 150.24 OK
r-devel-linux-x86_64-debian-gcc 2.3-0 13.70 99.27 112.97 OK
r-devel-linux-x86_64-fedora-clang 2.3-0 183.56 OK
r-devel-linux-x86_64-fedora-gcc 2.3-0 173.89 OK
r-devel-windows-ix86+x86_64 2.3-0 28.00 134.00 162.00 OK
r-patched-linux-x86_64 2.3-0 16.02 121.48 137.50 OK
r-patched-solaris-x86 2.3-0 246.40 NOTE
r-release-linux-x86_64 2.3-0 15.88 121.10 136.98 OK
r-release-macos-x86_64 2.3-0 NOTE
r-release-windows-ix86+x86_64 2.3-0 36.00 131.00 167.00 OK
r-oldrel-macos-x86_64 2.3-0 NOTE
r-oldrel-windows-ix86+x86_64 2.3-0 23.00 165.00 188.00 OK

Check Details

Version: 2.3-0
Check: package dependencies
Result: NOTE
    Package suggested but not available for checking: ‘BRugs’
Flavors: r-patched-solaris-x86, r-release-macos-x86_64, r-oldrel-macos-x86_64