CRAN Package Check Results for Package dclone

Last updated on 2019-02-22 03:48:14 CET.

Flavor Version Tinstall Tcheck Ttotal Status Flags
r-devel-linux-x86_64-debian-clang 2.2-0 8.14 68.71 76.85 OK
r-devel-linux-x86_64-debian-gcc 2.2-0 6.02 56.85 62.87 OK
r-devel-linux-x86_64-fedora-clang 2.2-0 93.48 OK
r-devel-linux-x86_64-fedora-gcc 2.2-0 86.17 OK
r-devel-windows-ix86+x86_64 2.2-0 18.00 117.00 135.00 OK
r-patched-linux-x86_64 2.2-0 6.50 65.18 71.68 OK
r-patched-solaris-x86 2.2-0 134.00 NOTE
r-release-linux-x86_64 2.2-0 OK
r-release-windows-ix86+x86_64 2.2-0 11.00 102.00 113.00 OK
r-release-osx-x86_64 2.2-0 NOTE
r-oldrel-windows-ix86+x86_64 2.2-0 9.00 109.00 118.00 OK
r-oldrel-osx-x86_64 2.2-0 NOTE

Check Details

Version: 2.2-0
Check: package dependencies
Result: NOTE
    Package suggested but not available for checking: ‘BRugs’
Flavors: r-patched-solaris-x86, r-release-osx-x86_64, r-oldrel-osx-x86_64