CRAN Package Check Results for Package dcminfo

Last updated on 2020-05-25 10:48:54 CEST.

Flavor Version Tinstall Tcheck Ttotal Status Flags
r-devel-linux-x86_64-debian-clang 0.1.7 2.55 28.92 31.47 OK
r-devel-linux-x86_64-debian-gcc 0.1.7 2.16 22.30 24.46 OK
r-devel-linux-x86_64-fedora-clang 0.1.7 37.78 NOTE
r-devel-linux-x86_64-fedora-gcc 0.1.7 36.31 NOTE
r-devel-windows-ix86+x86_64 0.1.7 8.00 53.00 61.00 OK
r-patched-linux-x86_64 0.1.7 2.76 28.05 30.81 OK
r-patched-solaris-x86 0.1.7 59.50 NOTE
r-release-linux-x86_64 0.1.7 2.60 28.67 31.27 OK
r-release-osx-x86_64 0.1.7 NOTE
r-release-windows-ix86+x86_64 0.1.7 7.00 55.00 62.00 OK
r-oldrel-osx-x86_64 0.1.7 NOTE
r-oldrel-windows-ix86+x86_64 0.1.7 4.00 48.00 52.00 OK

Check Details

Version: 0.1.7
Check: dependencies in R code
Result: NOTE
    Namespace in Imports field not imported from: ‘CDM’
     All declared Imports should be used.
Flavors: r-devel-linux-x86_64-fedora-clang, r-devel-linux-x86_64-fedora-gcc, r-patched-solaris-x86, r-release-osx-x86_64, r-oldrel-osx-x86_64