CRAN Package Check Results for Package dcmle

Last updated on 2021-05-17 20:48:19 CEST.

Flavor Version Tinstall Tcheck Ttotal Status Flags
r-devel-linux-x86_64-debian-clang 0.3-1 20.60 156.54 177.14 NOTE
r-devel-linux-x86_64-debian-gcc 0.3-1 17.41 112.66 130.07 NOTE
r-devel-linux-x86_64-fedora-clang 0.3-1 216.89 NOTE
r-devel-linux-x86_64-fedora-gcc 0.3-1 203.89 NOTE
r-devel-windows-ix86+x86_64 0.3-1 49.00 147.00 196.00 NOTE
r-devel-windows-x86_64-gcc10-UCRT 0.3-1 NOTE
r-patched-linux-x86_64 0.3-1 27.22 144.47 171.69 NOTE
r-patched-solaris-x86 0.3-1 292.60 NOTE
r-release-linux-x86_64 0.3-1 19.63 143.01 162.64 OK
r-release-macos-x86_64 0.3-1 OK
r-release-windows-ix86+x86_64 0.3-1 36.00 154.00 190.00 OK
r-oldrel-macos-x86_64 0.3-1 OK
r-oldrel-windows-ix86+x86_64 0.3-1 28.00 198.00 226.00 OK

Check Details

Version: 0.3-1
Check: LazyData
Result: NOTE
     'LazyData' is specified without a 'data' directory
Flavors: r-devel-linux-x86_64-debian-clang, r-devel-linux-x86_64-debian-gcc, r-devel-linux-x86_64-fedora-clang, r-devel-linux-x86_64-fedora-gcc, r-devel-windows-ix86+x86_64, r-devel-windows-x86_64-gcc10-UCRT, r-patched-linux-x86_64, r-patched-solaris-x86