Last updated on 2023-01-28 07:14:52 CET.
Flavor | Version | Tinstall | Tcheck | Ttotal | Status | Flags |
---|---|---|---|---|---|---|
r-devel-linux-x86_64-debian-clang | 0.3-1 | 24.33 | 169.24 | 193.57 | NOTE | |
r-devel-linux-x86_64-debian-gcc | 0.3-1 | 17.60 | 124.04 | 141.64 | NOTE | |
r-devel-linux-x86_64-fedora-clang | 0.3-1 | 239.18 | NOTE | |||
r-devel-linux-x86_64-fedora-gcc | 0.3-1 | 231.09 | NOTE | |||
r-devel-windows-x86_64 | 0.3-1 | 53.00 | 189.00 | 242.00 | NOTE | |
r-patched-linux-x86_64 | 0.3-1 | 20.61 | 162.34 | 182.95 | NOTE | |
r-release-linux-x86_64 | 0.3-1 | 16.24 | 165.35 | 181.59 | NOTE | |
r-release-macos-arm64 | 0.3-1 | 82.00 | NOTE | |||
r-release-macos-x86_64 | 0.3-1 | 87.00 | NOTE | |||
r-release-windows-x86_64 | 0.3-1 | 71.00 | 202.00 | 273.00 | NOTE | |
r-oldrel-macos-arm64 | 0.3-1 | 59.00 | NOTE | |||
r-oldrel-macos-x86_64 | 0.3-1 | 110.00 | NOTE | |||
r-oldrel-windows-ix86+x86_64 | 0.3-1 | 53.00 | 188.00 | 241.00 | NOTE |
Version: 0.3-1
Check: LazyData
Result: NOTE
'LazyData' is specified without a 'data' directory
Flavors: r-devel-linux-x86_64-debian-clang, r-devel-linux-x86_64-debian-gcc, r-devel-linux-x86_64-fedora-clang, r-devel-linux-x86_64-fedora-gcc, r-devel-windows-x86_64, r-patched-linux-x86_64, r-release-linux-x86_64, r-release-macos-arm64, r-release-macos-x86_64, r-release-windows-x86_64, r-oldrel-macos-arm64, r-oldrel-macos-x86_64, r-oldrel-windows-ix86+x86_64