CRAN Package Check Results for Package dcmodifydb

Last updated on 2022-01-28 05:48:54 CET.

Flavor Version Tinstall Tcheck Ttotal Status Flags
r-devel-linux-x86_64-debian-clang 0.2.0 7.44 82.26 89.70 OK
r-devel-linux-x86_64-debian-gcc 0.2.0 6.41 63.73 70.14 OK
r-devel-linux-x86_64-fedora-clang 0.2.0 103.04 NOTE
r-devel-linux-x86_64-fedora-gcc 0.2.0 93.77 NOTE
r-devel-windows-x86_64-new-UL 0.2.0 35.00 103.00 138.00 OK
r-devel-windows-x86_64-new-TK 0.2.0 NOTE
r-patched-linux-x86_64 0.2.0 9.46 73.45 82.91 OK
r-release-linux-x86_64 0.2.0 7.03 73.60 80.63 OK
r-release-macos-arm64 0.2.0 NOTE
r-release-macos-x86_64 0.2.0 NOTE
r-release-windows-ix86+x86_64 0.2.0 17.00 89.00 106.00 OK
r-oldrel-macos-x86_64 0.2.0 NOTE
r-oldrel-windows-ix86+x86_64 0.2.0 17.00 90.00 107.00 OK

Check Details

Version: 0.2.0
Check: dependencies in R code
Result: NOTE
    Namespace in Imports field not imported from: ‘methods’
     All declared Imports should be used.
Flavors: r-devel-linux-x86_64-fedora-clang, r-devel-linux-x86_64-fedora-gcc, r-devel-windows-x86_64-new-TK, r-release-macos-arm64, r-release-macos-x86_64, r-oldrel-macos-x86_64