CRAN Package Check Results for Package dcortools

Last updated on 2021-10-22 17:50:55 CEST.

Flavor Version Tinstall Tcheck Ttotal Status Flags
r-devel-linux-x86_64-debian-clang 0.1.2 62.72 57.95 120.67 OK
r-devel-linux-x86_64-debian-gcc 0.1.2 47.72 44.13 91.85 OK
r-devel-linux-x86_64-fedora-clang 0.1.2 184.35 OK
r-devel-linux-x86_64-fedora-gcc 0.1.2 161.30 OK
r-devel-windows-x86_64 0.1.2 88.00 92.00 180.00 OK
r-devel-windows-x86_64-gcc10-UCRT 0.1.2 OK
r-patched-linux-x86_64 0.1.2 57.35 55.43 112.78 OK
r-patched-solaris-x86 0.1.2 173.60 WARN
r-release-linux-x86_64 0.1.2 56.34 54.73 111.07 OK
r-release-macos-arm64 0.1.2 WARN
r-release-macos-x86_64 0.1.2 WARN
r-release-windows-ix86+x86_64 0.1.2 120.00 110.00 230.00 OK
r-oldrel-macos-x86_64 0.1.2 WARN
r-oldrel-windows-ix86+x86_64 0.1.2 168.00 114.00 282.00 OK

Check Details

Version: 0.1.2
Check: compiled code
Result: WARN
    File ‘dcortools/libs/dcortools.so’:
     Found ‘__assert_c99’, possibly from ‘assert’ (C)
     Objects: ‘RcppExports.o’, ‘matrix_vector_operations.o’
    
    Compiled code should not call entry points which might terminate R nor
    write to stdout/stderr instead of to the console, nor use Fortran I/O
    nor system RNGs.
    
    See ‘Writing portable packages’ in the ‘Writing R Extensions’ manual.
Flavor: r-patched-solaris-x86

Version: 0.1.2
Check: compiled code
Result: WARN
    File ‘dcortools/libs/dcortools.so’:
     Found ‘___assert_rtn’, possibly from ‘assert’ (C)
     Objects: ‘RcppExports.o’, ‘matrix_vector_operations.o’
    
    Compiled code should not call entry points which might terminate R nor
    write to stdout/stderr instead of to the console, nor use Fortran I/O
    nor system RNGs.
    
    See ‘Writing portable packages’ in the ‘Writing R Extensions’ manual.
Flavors: r-release-macos-arm64, r-release-macos-x86_64, r-oldrel-macos-x86_64