Last updated on 2023-03-21 08:55:32 CET.
Flavor | Version | Tinstall | Tcheck | Ttotal | Status | Flags |
---|---|---|---|---|---|---|
r-devel-linux-x86_64-debian-clang | 0.1.6 | NOTE | ||||
r-devel-linux-x86_64-debian-gcc | 0.1.6 | 54.89 | 43.30 | 98.19 | NOTE | |
r-devel-linux-x86_64-fedora-clang | 0.1.6 | 181.06 | NOTE | |||
r-devel-linux-x86_64-fedora-gcc | 0.1.6 | 159.75 | NOTE | |||
r-devel-windows-x86_64 | 0.1.6 | 80.00 | 100.00 | 180.00 | NOTE | |
r-patched-linux-x86_64 | 0.1.6 | 60.57 | 58.56 | 119.13 | OK | |
r-release-linux-x86_64 | 0.1.6 | 48.54 | 57.26 | 105.80 | OK | |
r-release-macos-arm64 | 0.1.6 | 44.00 | OK | |||
r-release-macos-x86_64 | 0.1.6 | 63.00 | OK | |||
r-release-windows-x86_64 | 0.1.6 | 76.00 | 108.00 | 184.00 | OK | |
r-oldrel-macos-arm64 | 0.1.6 | 46.00 | OK | |||
r-oldrel-macos-x86_64 | 0.1.6 | 63.00 | OK | |||
r-oldrel-windows-ix86+x86_64 | 0.1.6 | 169.00 | 109.00 | 278.00 | OK |
Version: 0.1.6
Check: C++ specification
Result: NOTE
Specified C++11: please drop specification unless essential
Flavors: r-devel-linux-x86_64-debian-clang, r-devel-linux-x86_64-debian-gcc, r-devel-linux-x86_64-fedora-clang, r-devel-linux-x86_64-fedora-gcc, r-devel-windows-x86_64