Last updated on 2023-09-29 19:58:31 CEST.
Flavor | Version | Tinstall | Tcheck | Ttotal | Status | Flags |
---|---|---|---|---|---|---|
r-devel-linux-x86_64-debian-clang | 0.1.6 | 68.47 | 58.60 | 127.07 | NOTE | |
r-devel-linux-x86_64-debian-gcc | 0.1.6 | 48.92 | 43.42 | 92.34 | NOTE | |
r-devel-linux-x86_64-fedora-clang | 0.1.6 | 179.48 | NOTE | |||
r-devel-linux-x86_64-fedora-gcc | 0.1.6 | 179.39 | NOTE | |||
r-devel-windows-x86_64 | 0.1.6 | 57.00 | 83.00 | 140.00 | NOTE | |
r-patched-linux-x86_64 | 0.1.6 | 47.67 | 56.32 | 103.99 | NOTE | |
r-release-linux-x86_64 | 0.1.6 | 49.78 | 56.01 | 105.79 | NOTE | |
r-release-macos-arm64 | 0.1.6 | 43.00 | NOTE | |||
r-release-macos-x86_64 | 0.1.6 | 75.00 | NOTE | |||
r-release-windows-x86_64 | 0.1.6 | 73.00 | 94.00 | 167.00 | NOTE | |
r-oldrel-macos-arm64 | 0.1.6 | 44.00 | OK | |||
r-oldrel-macos-x86_64 | 0.1.6 | 63.00 | OK | |||
r-oldrel-windows-x86_64 | 0.1.6 | 68.00 | 89.00 | 157.00 | OK |
Version: 0.1.6
Check: C++ specification
Result: NOTE
Specified C++11: please drop specification unless essential
Flavors: r-devel-linux-x86_64-debian-clang, r-devel-linux-x86_64-debian-gcc, r-devel-linux-x86_64-fedora-clang, r-devel-linux-x86_64-fedora-gcc, r-devel-windows-x86_64, r-patched-linux-x86_64, r-release-linux-x86_64, r-release-macos-arm64, r-release-macos-x86_64, r-release-windows-x86_64