CRAN Package Check Results for Package dcv

Last updated on 2020-09-30 21:49:15 CEST.

Flavor Version Tinstall Tcheck Ttotal Status Flags
r-devel-linux-x86_64-debian-clang 0.1.1 2.07 22.36 24.43 NOTE
r-devel-linux-x86_64-debian-gcc 0.1.1 1.81 17.89 19.70 NOTE
r-devel-linux-x86_64-fedora-clang 0.1.1 39.12 NOTE
r-devel-linux-x86_64-fedora-gcc 0.1.1 29.65 NOTE
r-devel-windows-ix86+x86_64 0.1.1 5.00 39.00 44.00 NOTE
r-patched-linux-x86_64 0.1.1 2.35 21.57 23.92 NOTE
r-patched-solaris-x86 0.1.1 46.30 NOTE
r-release-linux-x86_64 0.1.1 2.31 21.52 23.83 NOTE
r-release-macos-x86_64 0.1.1 NOTE
r-release-windows-ix86+x86_64 0.1.1 27.00 37.00 64.00 NOTE
r-oldrel-macos-x86_64 0.1.1 NOTE
r-oldrel-windows-ix86+x86_64 0.1.1 4.00 39.00 43.00 NOTE

Check Details

Version: 0.1.1
Check: R code for possible problems
Result: NOTE
    test.LM: no visible global function definition for 'lm'
    Undefined global functions or variables:
     lm
    Consider adding
     importFrom("stats", "lm")
    to your NAMESPACE file.
Flavors: r-devel-linux-x86_64-debian-clang, r-devel-linux-x86_64-debian-gcc, r-devel-linux-x86_64-fedora-clang, r-devel-linux-x86_64-fedora-gcc, r-devel-windows-ix86+x86_64, r-patched-linux-x86_64, r-patched-solaris-x86, r-release-linux-x86_64, r-release-macos-x86_64, r-release-windows-ix86+x86_64, r-oldrel-macos-x86_64, r-oldrel-windows-ix86+x86_64