CRAN Package Check Results for Package dcv

Last updated on 2019-05-24 02:53:38 CEST.

Flavor Version Tinstall Tcheck Ttotal Status Flags
r-devel-linux-x86_64-debian-clang 0.1.1 1.82 20.01 21.83 NOTE
r-devel-linux-x86_64-debian-gcc 0.1.1 1.55 16.40 17.95 NOTE
r-devel-linux-x86_64-fedora-clang 0.1.1 26.66 NOTE
r-devel-linux-x86_64-fedora-gcc 0.1.1 25.19 NOTE
r-devel-windows-ix86+x86_64 0.1.1 6.00 44.00 50.00 NOTE
r-patched-linux-x86_64 0.1.1 2.07 19.99 22.06 NOTE
r-patched-solaris-x86 0.1.1 45.50 NOTE
r-release-linux-x86_64 0.1.1 1.96 20.28 22.24 NOTE
r-release-windows-ix86+x86_64 0.1.1 9.00 32.00 41.00 NOTE
r-release-osx-x86_64 0.1.1 NOTE
r-oldrel-windows-ix86+x86_64 0.1.1 3.00 29.00 32.00 NOTE
r-oldrel-osx-x86_64 0.1.1 NOTE

Check Details

Version: 0.1.1
Check: R code for possible problems
Result: NOTE
    test.LM: no visible global function definition for 'lm'
    Undefined global functions or variables:
     lm
    Consider adding
     importFrom("stats", "lm")
    to your NAMESPACE file.
Flavors: r-devel-linux-x86_64-debian-clang, r-devel-linux-x86_64-debian-gcc, r-devel-linux-x86_64-fedora-clang, r-devel-linux-x86_64-fedora-gcc, r-devel-windows-ix86+x86_64, r-patched-linux-x86_64, r-patched-solaris-x86, r-release-linux-x86_64, r-release-windows-ix86+x86_64, r-release-osx-x86_64, r-oldrel-windows-ix86+x86_64, r-oldrel-osx-x86_64