CRAN Package Check Results for Package dcv

Last updated on 2019-08-22 00:51:10 CEST.

Flavor Version Tinstall Tcheck Ttotal Status Flags
r-devel-linux-x86_64-debian-clang 0.1.1 1.97 19.97 21.94 NOTE
r-devel-linux-x86_64-debian-gcc 0.1.1 1.77 16.52 18.29 NOTE
r-devel-linux-x86_64-fedora-clang 0.1.1 28.96 NOTE
r-devel-linux-x86_64-fedora-gcc 0.1.1 26.43 NOTE
r-devel-windows-ix86+x86_64 0.1.1 9.00 57.00 66.00 NOTE
r-patched-linux-x86_64 0.1.1 1.75 20.03 21.78 NOTE
r-patched-solaris-x86 0.1.1 43.60 NOTE
r-release-linux-x86_64 0.1.1 1.92 20.15 22.07 NOTE
r-release-windows-ix86+x86_64 0.1.1 6.00 52.00 58.00 NOTE
r-release-osx-x86_64 0.1.1 NOTE
r-oldrel-windows-ix86+x86_64 0.1.1 4.00 43.00 47.00 NOTE
r-oldrel-osx-x86_64 0.1.1 NOTE

Check Details

Version: 0.1.1
Check: R code for possible problems
Result: NOTE
    test.LM: no visible global function definition for 'lm'
    Undefined global functions or variables:
     lm
    Consider adding
     importFrom("stats", "lm")
    to your NAMESPACE file.
Flavors: r-devel-linux-x86_64-debian-clang, r-devel-linux-x86_64-debian-gcc, r-devel-linux-x86_64-fedora-clang, r-devel-linux-x86_64-fedora-gcc, r-devel-windows-ix86+x86_64, r-patched-linux-x86_64, r-patched-solaris-x86, r-release-linux-x86_64, r-release-windows-ix86+x86_64, r-release-osx-x86_64, r-oldrel-windows-ix86+x86_64, r-oldrel-osx-x86_64