Last updated on 2023-12-07 23:57:50 CET.
Flavor | Version | Tinstall | Tcheck | Ttotal | Status | Flags |
---|---|---|---|---|---|---|
r-devel-linux-x86_64-debian-clang | 0.1.0 | 4.46 | 107.42 | 111.88 | OK | |
r-devel-linux-x86_64-debian-gcc | 0.1.0 | 3.13 | 94.78 | 97.91 | OK | |
r-devel-linux-x86_64-fedora-clang | 0.1.0 | 140.88 | OK | |||
r-devel-linux-x86_64-fedora-gcc | 0.1.0 | 148.09 | OK | |||
r-devel-windows-x86_64 | 0.1.0 | 4.00 | 108.00 | 112.00 | OK | |
r-patched-linux-x86_64 | 0.1.0 | 4.16 | 104.42 | 108.58 | OK | |
r-release-linux-x86_64 | 0.1.0 | 2.59 | 102.03 | 104.62 | OK | |
r-release-macos-arm64 | 0.1.0 | 48.00 | OK | |||
r-release-macos-x86_64 | 0.1.0 | 116.00 | OK | |||
r-release-windows-x86_64 | 0.1.0 | 6.00 | 123.00 | 129.00 | OK | |
r-oldrel-macos-arm64 | 0.1.0 | 46.00 | OK | |||
r-oldrel-macos-x86_64 | 0.1.0 | 66.00 | ERROR | |||
r-oldrel-windows-x86_64 | 0.1.0 | 6.00 | 123.00 | 129.00 | OK |
Version: 0.1.0
Check: PDF version of manual
Result: WARN
LaTeX errors when creating PDF version.
This typically indicates Rd problems.
LaTeX errors found:
! Undefined control sequence.
<recently read> \operatorname
l.514 \eqn{\operatorname{supp} D = \{0,1\}}{}
, \eqn{E[U\vert D, X] = 0}{}, and
! Undefined control sequence.
<recently read> \operatorname
l.914 ...p} D = \operatorname{supp} Z = \{0,1\}}{}
,
! Undefined control sequence.
<argument> \operatorname {supp} D = \operatorname
{supp} Z = \{0,1\}
l.914 ...p} D = \operatorname{supp} Z = \{0,1\}}{}
,
Flavor: r-oldrel-macos-x86_64
Version: 0.1.0
Check: PDF version of manual without index
Result: ERROR
Flavor: r-oldrel-macos-x86_64