Last updated on 2022-07-06 06:52:48 CEST.
Flavor | Version | Tinstall | Tcheck | Ttotal | Status | Flags |
---|---|---|---|---|---|---|
r-devel-linux-x86_64-debian-clang | 1.15 | 7.43 | 175.04 | 182.47 | NOTE | |
r-devel-linux-x86_64-debian-gcc | 1.15 | 5.56 | 130.07 | 135.63 | NOTE | |
r-devel-linux-x86_64-fedora-clang | 1.15 | 217.12 | NOTE | |||
r-devel-linux-x86_64-fedora-gcc | 1.15 | 221.04 | NOTE | |||
r-devel-windows-x86_64 | 1.15 | 169.00 | 315.00 | 484.00 | NOTE | |
r-patched-linux-x86_64 | 1.15 | 9.81 | 168.42 | 178.23 | NOTE | |
r-release-linux-x86_64 | 1.15 | 6.40 | 166.45 | 172.85 | NOTE | |
r-release-macos-arm64 | 1.15 | 58.00 | NOTE | |||
r-release-macos-x86_64 | 1.15 | 124.00 | NOTE | |||
r-release-windows-x86_64 | 1.15 | 113.00 | 317.00 | 430.00 | NOTE | |
r-oldrel-macos-arm64 | 1.15 | 104.00 | NOTE | |||
r-oldrel-macos-x86_64 | 1.15 | 120.00 | NOTE | |||
r-oldrel-windows-ix86+x86_64 | 1.15 | 16.00 | 235.00 | 251.00 | NOTE |
Version: 1.15
Check: LazyData
Result: NOTE
'LazyData' is specified without a 'data' directory
Flavors: r-devel-linux-x86_64-debian-clang, r-devel-linux-x86_64-debian-gcc, r-devel-linux-x86_64-fedora-clang, r-devel-linux-x86_64-fedora-gcc, r-devel-windows-x86_64, r-patched-linux-x86_64, r-release-linux-x86_64, r-release-macos-arm64, r-release-macos-x86_64, r-release-windows-x86_64, r-oldrel-macos-arm64, r-oldrel-macos-x86_64, r-oldrel-windows-ix86+x86_64