CRAN Package Check Results for Package ddsPLS

Last updated on 2024-07-17 18:53:22 CEST.

Flavor Version Tinstall Tcheck Ttotal Status Flags
r-devel-linux-x86_64-debian-clang 1.2.1 58.56 90.47 149.03 OK
r-devel-linux-x86_64-debian-gcc 1.2.1 44.56 67.87 112.43 OK
r-devel-linux-x86_64-fedora-clang 1.2.1 189.47 OK
r-devel-linux-x86_64-fedora-gcc 1.2.1 226.48 OK
r-devel-windows-x86_64 1.2.1 44.00 106.00 150.00 OK
r-patched-linux-x86_64 1.2.1 58.77 92.54 151.31 OK
r-release-linux-x86_64 1.2.1 62.18 91.80 153.98 OK
r-release-macos-arm64 1.2.1 60.00 NOTE
r-release-macos-x86_64 1.2.1 91.00 NOTE
r-release-windows-x86_64 1.2.1 45.00 106.00 151.00 OK
r-oldrel-macos-arm64 1.2.1 65.00 NOTE
r-oldrel-macos-x86_64 1.2.1 121.00 NOTE
r-oldrel-windows-x86_64 1.2.1 56.00 132.00 188.00 OK

Check Details

Version: 1.2.1
Check: installed package size
Result: NOTE installed size is 15.2Mb sub-directories of 1Mb or more: libs 14.5Mb Flavors: r-release-macos-arm64, r-release-macos-x86_64, r-oldrel-macos-arm64, r-oldrel-macos-x86_64